{"id":785502,"date":"2026-04-05T03:19:44","date_gmt":"2026-04-05T00:19:44","guid":{"rendered":"https:\/\/roveyayinevi.com.tr\/index.php\/urun\/gece-yarisi-ayini\/"},"modified":"2026-04-15T03:27:48","modified_gmt":"2026-04-15T00:27:48","slug":"gece-yarisi-ayini","status":"publish","type":"product","link":"https:\/\/roveyayinevi.com.tr\/index.php\/urun\/gece-yarisi-ayini\/","title":{"rendered":"Gece Yar\u0131s\u0131 Ayini"},"content":{"rendered":"<p>Bizlere Tanr\u0131\u2019n\u0131n k\u00f6t\u00fcleri cezaland\u0131raca\u011f\u0131, g\u00fcnahk\u00e2r insanlar\u0131n yapt\u0131klar\u0131n\u0131n bedelini \u00f6deyecekleri s\u00f6ylenirdi. Bu y\u00fczden, bir kez daha ar\u0131nabilmek i\u00e7in ruhlar\u0131m\u0131z\u0131 dua ve ac\u0131yla cezaland\u0131rmam\u0131z\u0131 s\u00f6ylerlerdi.Eh, i\u015fte buradayd\u0131m. K\u00f6t\u00fc ve g\u00fcnahk\u00e2r bir adamd\u0131m. Kirli olmak ne kadar iyi hissettirse de&#8230; umutsuzca ar\u0131nmak istiyordum. Fakat bundan sonra olacaklar\u0131 ben bile beklemiyordum.Cezam\u0131n bu kadar \u00e7abuk gelece\u011fini ise hi\u00e7 tahmin etmezdim.<\/p>\n","protected":false},"excerpt":{"rendered":"<p>Bizlere Tanr\u0131\u2019n\u0131n k\u00f6t\u00fcleri cezaland\u0131raca\u011f\u0131, g\u00fcnahk\u00e2r insanlar\u0131n yapt\u0131klar\u0131n\u0131n bedelini \u00f6deyecekleri s\u00f6ylenirdi. Bu y\u00fczden, bir kez daha ar\u0131nabilmek i\u00e7in ruhlar\u0131m\u0131z\u0131 dua ve ac\u0131yla cezaland\u0131rmam\u0131z\u0131 s\u00f6ylerlerdi.Eh, i\u015fte buradayd\u0131m. K\u00f6t\u00fc<span class=\"excerpt-hellip\"> [\u2026]<\/span><\/p>\n","protected":false},"featured_media":0,"template":"","meta":{"_monsterinsights_skip_tracking":false,"_monsterinsights_sitenote_active":false,"_monsterinsights_sitenote_note":"","_monsterinsights_sitenote_category":0},"product_brand":[],"product_cat":[12291,12711],"product_tag":[],"class_list":{"0":"post-785502","1":"product","2":"type-product","3":"status-publish","5":"product_cat-edebiyat","6":"product_cat-roman-oyku","7":"pa_cilt-ciltsiz","8":"pa_tur-kitap","9":"pa_yayinevi-pukka-yayinlari","10":"pa_yazar-sierra-simone","12":"first","13":"instock","14":"sale","15":"shipping-taxable","16":"purchasable","17":"product-type-simple"},"_links":{"self":[{"href":"https:\/\/roveyayinevi.com.tr\/index.php\/wp-json\/wp\/v2\/product\/785502","targetHints":{"allow":["GET"]}}],"collection":[{"href":"https:\/\/roveyayinevi.com.tr\/index.php\/wp-json\/wp\/v2\/product"}],"about":[{"href":"https:\/\/roveyayinevi.com.tr\/index.php\/wp-json\/wp\/v2\/types\/product"}],"wp:attachment":[{"href":"https:\/\/roveyayinevi.com.tr\/index.php\/wp-json\/wp\/v2\/media?parent=785502"}],"wp:term":[{"taxonomy":"product_brand","embeddable":true,"href":"https:\/\/roveyayinevi.com.tr\/index.php\/wp-json\/wp\/v2\/product_brand?post=785502"},{"taxonomy":"product_cat","embeddable":true,"href":"https:\/\/roveyayinevi.com.tr\/index.php\/wp-json\/wp\/v2\/product_cat?post=785502"},{"taxonomy":"product_tag","embeddable":true,"href":"https:\/\/roveyayinevi.com.tr\/index.php\/wp-json\/wp\/v2\/product_tag?post=785502"}],"curies":[{"name":"wp","href":"https:\/\/api.w.org\/{rel}","templated":true}]}}