{"id":785488,"date":"2026-04-05T03:02:43","date_gmt":"2026-04-05T00:02:43","guid":{"rendered":"https:\/\/roveyayinevi.com.tr\/index.php\/urun\/esma-i-husna-serhi\/"},"modified":"2026-04-16T02:58:22","modified_gmt":"2026-04-15T23:58:22","slug":"esma-i-husna-serhi","status":"publish","type":"product","link":"https:\/\/roveyayinevi.com.tr\/index.php\/urun\/esma-i-husna-serhi\/","title":{"rendered":"Esma-i H\u00fcsna \u015eerhi"},"content":{"rendered":"<p>Birisi, \u201cBen Allah\u2019\u0131 biliyorum.\u201d dese do\u011fru s\u00f6ylemi\u015f olur. Birisi de \u201cBen Allah\u2019\u0131 bilmiyorum.\u201d dese o da do\u011fru s\u00f6ylemi\u015f olur&#8230; Ak\u0131ll\u0131 bir kimseye d\u00fczg\u00fcn bir yaz\u0131 g\u00f6sterip \u201cBunu yazan\u0131 tan\u0131yor musun?\u201d desen o da \u201cHay\u0131r!\u201d cevab\u0131n\u0131 verse do\u011fru s\u00f6ylemi\u015f olur. E\u011fer \u201cEvet! Onu yazan diri, k\u00e2dir, i\u015fiten, g\u00f6ren, sa\u011fl\u0131kl\u0131 eli bulunan, yazmay\u0131 bilen bir insand\u0131r. Onun b\u00fct\u00fcn bu \u00f6zelliklerini bildi\u011fime g\u00f6re onu nas\u0131l tan\u0131mam!\u201d demi\u015f olsayd\u0131 yine do\u011fru s\u00f6ylemi\u015f olurdu.   \u201cTanr\u0131\u2019y\u0131 bilebilir miyiz?\u201d, \u201cTanr\u0131\u2019y\u0131 nas\u0131l bilebiliriz?, \u201cTanr\u0131\u2019y\u0131 bilmeli miyiz?\u201d Gazz\u00e2l\u00ee Esm\u00e2-i H\u00fcsn\u00e2 \u015eerhi\u2019nde bu evrensel sorulara kelam\u00ee, tasavvuf\u00ee bir perspektifle cevap veriyor. Allah\u2019a dair bilgiyi; mutlak anlamda bilinmesi m\u00fcmk\u00fcn olmayan z\u00e2t\u0131n bilgisi, kulun kendileriyle vas\u0131flanarak bilebilece\u011fi s\u0131fatlar\u0131n-isimlerin bilgisi ve isimlerin tezah\u00fcr\u00fc olarak ortaya \u00e7\u0131kan fiillerin bilgisi olarak \u00fc\u00e7 farkl\u0131 kademede inceliyor. Allah\u2019\u0131n doksan dokuz isminin anlamlar\u0131n\u0131 a\u00e7\u0131klay\u0131p insan\u0131n bu isimlerden nasibinin ne oldu\u011fu, isimleri anlamak i\u00e7in nas\u0131l bir pratik gerekti\u011fine dair bilgiler veriyor. Platon\u2019dan beri felsefenin g\u00fcndeminde olan isim-m\u00fcsemm\u00e2 meselesini varl\u0131klar\u0131n isimlerinden Allah\u2019\u0131n isimlerine do\u011fru bir seyirle tart\u0131\u015f\u0131yor. Esm\u00e2-i H\u00fcsn\u00e2 \u015eerhi dil, bilgi ve ahlaka dair meseleleri teoloji \u00e7er\u00e7evesinde d\u00fc\u015f\u00fcnmek ve Allah\u2019\u0131n isimlerinin anlamlar\u0131n\u0131 Gazz\u00e2l\u00ee\u2019den \u00f6\u011frenmek isteyenler i\u00e7in \u00f6nemli bir eser. <\/p>\n","protected":false},"excerpt":{"rendered":"<p>Birisi, \u201cBen Allah\u2019\u0131 biliyorum.\u201d dese do\u011fru s\u00f6ylemi\u015f olur. Birisi de \u201cBen Allah\u2019\u0131 bilmiyorum.\u201d dese o da do\u011fru s\u00f6ylemi\u015f olur&#8230; Ak\u0131ll\u0131 bir kimseye d\u00fczg\u00fcn bir yaz\u0131 g\u00f6sterip<span class=\"excerpt-hellip\"> [\u2026]<\/span><\/p>\n","protected":false},"featured_media":0,"template":"","meta":{"_monsterinsights_skip_tracking":false,"_monsterinsights_sitenote_active":false,"_monsterinsights_sitenote_note":"","_monsterinsights_sitenote_category":0},"product_brand":[],"product_cat":[12718,12719],"product_tag":[],"class_list":{"0":"post-785488","1":"product","2":"type-product","3":"status-publish","5":"product_cat-din","6":"product_cat-islam","7":"pa_cilt-ciltsiz","8":"pa_tur-kitap","9":"pa_yayinevi-vakifbank-kultur-yayinlari","10":"pa_yazar-gazzali","12":"first","13":"instock","14":"sale","15":"shipping-taxable","16":"purchasable","17":"product-type-simple"},"_links":{"self":[{"href":"https:\/\/roveyayinevi.com.tr\/index.php\/wp-json\/wp\/v2\/product\/785488","targetHints":{"allow":["GET"]}}],"collection":[{"href":"https:\/\/roveyayinevi.com.tr\/index.php\/wp-json\/wp\/v2\/product"}],"about":[{"href":"https:\/\/roveyayinevi.com.tr\/index.php\/wp-json\/wp\/v2\/types\/product"}],"wp:attachment":[{"href":"https:\/\/roveyayinevi.com.tr\/index.php\/wp-json\/wp\/v2\/media?parent=785488"}],"wp:term":[{"taxonomy":"product_brand","embeddable":true,"href":"https:\/\/roveyayinevi.com.tr\/index.php\/wp-json\/wp\/v2\/product_brand?post=785488"},{"taxonomy":"product_cat","embeddable":true,"href":"https:\/\/roveyayinevi.com.tr\/index.php\/wp-json\/wp\/v2\/product_cat?post=785488"},{"taxonomy":"product_tag","embeddable":true,"href":"https:\/\/roveyayinevi.com.tr\/index.php\/wp-json\/wp\/v2\/product_tag?post=785488"}],"curies":[{"name":"wp","href":"https:\/\/api.w.org\/{rel}","templated":true}]}}