{"id":785480,"date":"2026-04-05T01:59:57","date_gmt":"2026-04-04T22:59:57","guid":{"rendered":"https:\/\/roveyayinevi.com.tr\/index.php\/urun\/modern-iran-tarihi-guncellenmis\/"},"modified":"2026-04-16T01:59:42","modified_gmt":"2026-04-15T22:59:42","slug":"modern-iran-tarihi-guncellenmis","status":"publish","type":"product","link":"https:\/\/roveyayinevi.com.tr\/index.php\/urun\/modern-iran-tarihi-guncellenmis\/","title":{"rendered":"Modern \u0130ran Tarihi (G\u00fcncellenmi\u015f)"},"content":{"rendered":"<p>Ervand Abrahamian, Tocqueville&#8217;in Fransa i\u00e7in yapt\u0131\u011f\u0131n\u0131, \u0130ran i\u00e7in ger\u00e7ekle\u015ftirmi\u015f. Edward Mortimer, Salzburg K\u00fcresel Semineri Ba\u015fkan Yard\u0131mc\u0131s\u0131 \u0130ran 20. y\u00fczy\u0131la \u00f6k\u00fcz ve tahta sabanla girdi. Y\u00fczy\u0131ldan \u00e7\u0131kt\u0131\u011f\u0131nda \u00e7elik fabrikalar\u0131, trafik kazalar\u0131 say\u0131s\u0131nda d\u00fcnyan\u0131n \u00f6nde gelen \u00fclkelerinden biri olma \u00fcn\u00fc ve pek \u00e7oklar\u0131n\u0131 deh\u015fete d\u00fc\u015f\u00fcren bir n\u00fckleer program\u0131 vard\u0131. Modern \u0130ran Tarihi, do\u011fu kom\u015fumuzda 20. y\u00fczy\u0131lda ya\u015fanan ve \u00fclkemizle hem ilgin\u00e7 farkl\u0131l\u0131klar, hem de d\u00fc\u015f\u00fcnd\u00fcr\u00fcc\u00fc benzerlikler g\u00f6steren bu inan\u0131lmaz de\u011fi\u015fimin \u00f6yk\u00fcs\u00fcn\u00fc anlat\u0131yor. Ervand Abrahamian, esas olarak, 20. y\u00fczy\u0131l \u0130ran&#8217;\u0131n\u0131n siyasal tarihine odaklan\u0131yor: Ka\u00e7arlar d\u00f6neminden R\u0131za \u015eah&#8217;a, Musadd\u0131k&#8217;tan darbelere, CIA ve MI6 komplolar\u0131na, en sonunda da Humeyni&#8217;ye, \u0130slam Devrimi&#8217;ne ve \u0130slam Cumhuriyeti&#8217;ne kadar uzanan s\u00fcreci, bug\u00fcne ba\u011flanan neden-sonu\u00e7 ili\u015fkileri i\u00e7inde g\u00f6zler \u00f6n\u00fcne seriyor. \u00dcstelik bunu, ancak konuyu \u00e7ok iyi bilen bir uzman\u0131n sahip olabilece\u011fi \u00f6zl\u00fc bir anlat\u0131mla, okuyucuyu hi\u00e7 s\u0131kmadan yapmay\u0131 ba\u015far\u0131yor. \u0130ran yak\u0131n tarihi ve \u0130ran siyaset sahnesinin 20. y\u00fczy\u0131ldaki en \u00f6nemli akt\u00f6rleri hakk\u0131nda arad\u0131\u011f\u0131n\u0131z temel bilgilere \u0130ngilizcesi Cambridge University Press taraf\u0131ndan yay\u0131mlanm\u0131\u015f bu kitap arac\u0131l\u0131\u011f\u0131yla kolayca ula\u015facaks\u0131n\u0131z. Ervand Abrahamian, City University of New York b\u00fcnyesindeki Baruch College and Graduate Center&#8217;da tarih profes\u00f6r\u00fcd\u00fcr. Yay\u0131mlanm\u0131\u015f baz\u0131 eserleri: The Iranian Mojahedin (1989), Khomeinism (1993), Tortured Confessions (1999) \ufffcTan\u0131t\u0131m Metni<\/p>\n","protected":false},"excerpt":{"rendered":"<p>Ervand Abrahamian, Tocqueville&#8217;in Fransa i\u00e7in yapt\u0131\u011f\u0131n\u0131, \u0130ran i\u00e7in ger\u00e7ekle\u015ftirmi\u015f. Edward Mortimer, Salzburg K\u00fcresel Semineri Ba\u015fkan Yard\u0131mc\u0131s\u0131 \u0130ran 20. y\u00fczy\u0131la \u00f6k\u00fcz ve tahta sabanla girdi. Y\u00fczy\u0131ldan \u00e7\u0131kt\u0131\u011f\u0131nda<span class=\"excerpt-hellip\"> [\u2026]<\/span><\/p>\n","protected":false},"featured_media":0,"template":"","meta":{"_monsterinsights_skip_tracking":false,"_monsterinsights_sitenote_active":false,"_monsterinsights_sitenote_note":"","_monsterinsights_sitenote_category":0},"product_brand":[],"product_cat":[12370,12304],"product_tag":[],"class_list":{"0":"post-785480","1":"product","2":"type-product","3":"status-publish","5":"product_cat-arastirma-inceleme","6":"product_cat-tarih","7":"pa_cilt-ciltsiz","8":"pa_tur-kitap","9":"pa_yayinevi-is-bankasi-kultur-yayinlari","10":"pa_yazar-ervand-abrahamian","12":"first","13":"instock","14":"sale","15":"shipping-taxable","16":"purchasable","17":"product-type-simple"},"_links":{"self":[{"href":"https:\/\/roveyayinevi.com.tr\/index.php\/wp-json\/wp\/v2\/product\/785480","targetHints":{"allow":["GET"]}}],"collection":[{"href":"https:\/\/roveyayinevi.com.tr\/index.php\/wp-json\/wp\/v2\/product"}],"about":[{"href":"https:\/\/roveyayinevi.com.tr\/index.php\/wp-json\/wp\/v2\/types\/product"}],"wp:attachment":[{"href":"https:\/\/roveyayinevi.com.tr\/index.php\/wp-json\/wp\/v2\/media?parent=785480"}],"wp:term":[{"taxonomy":"product_brand","embeddable":true,"href":"https:\/\/roveyayinevi.com.tr\/index.php\/wp-json\/wp\/v2\/product_brand?post=785480"},{"taxonomy":"product_cat","embeddable":true,"href":"https:\/\/roveyayinevi.com.tr\/index.php\/wp-json\/wp\/v2\/product_cat?post=785480"},{"taxonomy":"product_tag","embeddable":true,"href":"https:\/\/roveyayinevi.com.tr\/index.php\/wp-json\/wp\/v2\/product_tag?post=785480"}],"curies":[{"name":"wp","href":"https:\/\/api.w.org\/{rel}","templated":true}]}}