{"id":785479,"date":"2026-04-05T01:58:25","date_gmt":"2026-04-04T22:58:25","guid":{"rendered":"https:\/\/roveyayinevi.com.tr\/index.php\/urun\/biraz-kuantumdan-zarar-gelmez\/"},"modified":"2026-04-16T01:58:35","modified_gmt":"2026-04-15T22:58:35","slug":"biraz-kuantumdan-zarar-gelmez","status":"publish","type":"product","link":"https:\/\/roveyayinevi.com.tr\/index.php\/urun\/biraz-kuantumdan-zarar-gelmez\/","title":{"rendered":"Biraz Kuantum\u2019dan Zarar Gelmez"},"content":{"rendered":"<p>T\u00fcm insan \u0131rk\u0131, bir k\u00fcp \u015fekerin sahip oldu\u011fu hacme s\u0131\u011fd\u0131r\u0131labilir. Zamanda yolculuk fizik kurallar\u0131na ayk\u0131r\u0131 de\u011fildir. Bir atom ayn\u0131 anda bir\u00e7ok farkl\u0131 yerde bulunabilir. T\u0131pk\u0131 sizin ayn\u0131 anda hem New York hem de Londra\u2019da bulunman\u0131z gibi&#8230; Bu c\u00fcmlelerin bir bilimkurgu filminden al\u0131nd\u0131\u011f\u0131n\u0131 d\u00fc\u015f\u00fcn\u00fcyorsan\u0131z, yan\u0131l\u0131yorsunuz. Bilimin kendisi, bilimkurgudan \u00e7ok daha \u00e7arp\u0131c\u0131 bilgiler i\u00e7eriyor. Evren, bug\u00fcne kadar icat edilmi\u015f her \u015feyden \u00e7ok daha etkileyici. Modern fizi\u011fin iki b\u00fcy\u00fck teorisi bizlere bu harikulade g\u00f6sterinin kap\u0131lar\u0131n\u0131 a\u00e7\u0131yor: Kuantum Teorisi ve \u0130zafiyet Teorisi. Mikroskobik d\u00fcnyadan zaman makinelerine, \u015fizofren atomlardan kuantum bilgisayarlar\u0131na, kara deliklerden Evren\u2019in ilk salisesine uzanan Marcus Chown, kulland\u0131\u011f\u0131 basit dil ve verdi\u011fi pratik \u00f6rneklerle, modern fizi\u011fin temel fikirlerini sarm\u0131\u015f olan sisi da\u011f\u0131tarak, ba\u015fka bir ill\u00fczyona inanmaya gerek duymayaca\u011f\u0131m\u0131z \u00f6l\u00e7\u00fcde b\u00fcy\u00fcleyici bir Evren\u2019de bulundu\u011fumuzu g\u00f6steriyor. Biraz kuantum teorisi \u00f6\u011frenmekten kimseye zarar gelmeyece\u011fi gibi, bu sayede ya\u015fad\u0131\u011f\u0131m\u0131z d\u00fcnya ve kendimize dair \u00e7ok daha geni\u015f \u00f6l\u00e7ekli bir bak\u0131\u015f a\u00e7\u0131s\u0131na da sahip olabiliriz. Yakla\u015f\u0131n, yakla\u015f\u0131n. Kuantum teorisi sizi \u0131s\u0131rmaz! \ufffcTan\u0131t\u0131m Metni<\/p>\n","protected":false},"excerpt":{"rendered":"<p>T\u00fcm insan \u0131rk\u0131, bir k\u00fcp \u015fekerin sahip oldu\u011fu hacme s\u0131\u011fd\u0131r\u0131labilir. Zamanda yolculuk fizik kurallar\u0131na ayk\u0131r\u0131 de\u011fildir. Bir atom ayn\u0131 anda bir\u00e7ok farkl\u0131 yerde bulunabilir. T\u0131pk\u0131 sizin<span class=\"excerpt-hellip\"> [\u2026]<\/span><\/p>\n","protected":false},"featured_media":0,"template":"","meta":{"_monsterinsights_skip_tracking":false,"_monsterinsights_sitenote_active":false,"_monsterinsights_sitenote_note":"","_monsterinsights_sitenote_category":0},"product_brand":[],"product_cat":[13005,13006],"product_tag":[],"class_list":{"0":"post-785479","1":"product","2":"type-product","3":"status-publish","5":"product_cat-bilim-muhendislik","6":"product_cat-populer-bilim","7":"pa_cilt-ciltsiz","8":"pa_tur-kitap","9":"pa_yayinevi-alfa-yayinlari","10":"pa_yazar-marcus-chown","12":"first","13":"instock","14":"sale","15":"shipping-taxable","16":"purchasable","17":"product-type-simple"},"_links":{"self":[{"href":"https:\/\/roveyayinevi.com.tr\/index.php\/wp-json\/wp\/v2\/product\/785479","targetHints":{"allow":["GET"]}}],"collection":[{"href":"https:\/\/roveyayinevi.com.tr\/index.php\/wp-json\/wp\/v2\/product"}],"about":[{"href":"https:\/\/roveyayinevi.com.tr\/index.php\/wp-json\/wp\/v2\/types\/product"}],"wp:attachment":[{"href":"https:\/\/roveyayinevi.com.tr\/index.php\/wp-json\/wp\/v2\/media?parent=785479"}],"wp:term":[{"taxonomy":"product_brand","embeddable":true,"href":"https:\/\/roveyayinevi.com.tr\/index.php\/wp-json\/wp\/v2\/product_brand?post=785479"},{"taxonomy":"product_cat","embeddable":true,"href":"https:\/\/roveyayinevi.com.tr\/index.php\/wp-json\/wp\/v2\/product_cat?post=785479"},{"taxonomy":"product_tag","embeddable":true,"href":"https:\/\/roveyayinevi.com.tr\/index.php\/wp-json\/wp\/v2\/product_tag?post=785479"}],"curies":[{"name":"wp","href":"https:\/\/api.w.org\/{rel}","templated":true}]}}