{"id":785478,"date":"2026-04-05T01:58:23","date_gmt":"2026-04-04T22:58:23","guid":{"rendered":"https:\/\/roveyayinevi.com.tr\/index.php\/urun\/atomlarin-dansi\/"},"modified":"2026-04-16T01:58:35","modified_gmt":"2026-04-15T22:58:35","slug":"atomlarin-dansi","status":"publish","type":"product","link":"https:\/\/roveyayinevi.com.tr\/index.php\/urun\/atomlarin-dansi\/","title":{"rendered":"Atomlar\u0131n Dans\u0131"},"content":{"rendered":"<p>\u00d6d\u00fcll\u00fc pop\u00fcler bilim yazar\u0131 Marcus Chown, bu kitab\u0131nda g\u00fcnl\u00fck hayat\u0131n ger\u00e7eklerinin, do\u011fan\u0131n nihai ger\u00e7ekli\u011fini nas\u0131l ortaya \u00e7\u0131kard\u0131\u011f\u0131n\u0131 a\u00e7\u0131kl\u0131yor. \ufffcTan\u0131t\u0131m Metni<\/p>\n","protected":false},"excerpt":{"rendered":"<p>\u00d6d\u00fcll\u00fc pop\u00fcler bilim yazar\u0131 Marcus Chown, bu kitab\u0131nda g\u00fcnl\u00fck hayat\u0131n ger\u00e7eklerinin, do\u011fan\u0131n nihai ger\u00e7ekli\u011fini nas\u0131l ortaya \u00e7\u0131kard\u0131\u011f\u0131n\u0131 a\u00e7\u0131kl\u0131yor. \ufffcTan\u0131t\u0131m Metni<\/p>\n","protected":false},"featured_media":0,"template":"","meta":{"_monsterinsights_skip_tracking":false,"_monsterinsights_sitenote_active":false,"_monsterinsights_sitenote_note":"","_monsterinsights_sitenote_category":0},"product_brand":[],"product_cat":[13005,13006],"product_tag":[],"class_list":{"0":"post-785478","1":"product","2":"type-product","3":"status-publish","5":"product_cat-bilim-muhendislik","6":"product_cat-populer-bilim","7":"pa_tur-kitap","8":"pa_yayinevi-alfa-yayinlari","9":"pa_yazar-marcus-chown","11":"first","12":"instock","13":"sale","14":"shipping-taxable","15":"purchasable","16":"product-type-simple"},"_links":{"self":[{"href":"https:\/\/roveyayinevi.com.tr\/index.php\/wp-json\/wp\/v2\/product\/785478","targetHints":{"allow":["GET"]}}],"collection":[{"href":"https:\/\/roveyayinevi.com.tr\/index.php\/wp-json\/wp\/v2\/product"}],"about":[{"href":"https:\/\/roveyayinevi.com.tr\/index.php\/wp-json\/wp\/v2\/types\/product"}],"wp:attachment":[{"href":"https:\/\/roveyayinevi.com.tr\/index.php\/wp-json\/wp\/v2\/media?parent=785478"}],"wp:term":[{"taxonomy":"product_brand","embeddable":true,"href":"https:\/\/roveyayinevi.com.tr\/index.php\/wp-json\/wp\/v2\/product_brand?post=785478"},{"taxonomy":"product_cat","embeddable":true,"href":"https:\/\/roveyayinevi.com.tr\/index.php\/wp-json\/wp\/v2\/product_cat?post=785478"},{"taxonomy":"product_tag","embeddable":true,"href":"https:\/\/roveyayinevi.com.tr\/index.php\/wp-json\/wp\/v2\/product_tag?post=785478"}],"curies":[{"name":"wp","href":"https:\/\/api.w.org\/{rel}","templated":true}]}}