{"id":785476,"date":"2026-04-03T03:42:10","date_gmt":"2026-04-03T00:42:10","guid":{"rendered":"https:\/\/roveyayinevi.com.tr\/index.php\/urun\/bocekler-igrenc\/"},"modified":"2026-04-15T03:49:25","modified_gmt":"2026-04-15T00:49:25","slug":"bocekler-igrenc","status":"publish","type":"product","link":"https:\/\/roveyayinevi.com.tr\/index.php\/urun\/bocekler-igrenc\/","title":{"rendered":"B\u00f6cekler \u0130\u011fren\u00e7!"},"content":{"rendered":"<p>\u201cHer bir b\u00f6cekten onlar\u0131 mutsuz etti\u011fi i\u00e7in \u00f6z\u00fcrdiledi\u2026B\u00f6ceklerin de ekosisteme faydal\u0131 oldu\u011funubilmiyordu.\u201d\u00d6r\u00fcmcekler, sinekler, t\u0131rt\u0131llar ve \u00e7ekirgeler\u2026Bah\u00e7ede yaz tatilinin tad\u0131n\u0131 \u00e7\u0131karmas\u0131n\u0131 engelliyorlar.K\u0131p\u0131r k\u0131p\u0131r, k\u0131vr\u0131m k\u0131vr\u0131m: Bu b\u00f6cekler i\u011fren\u00e7!\u015eimdi bir hedefi var; bah\u00e7eye \u00e7\u0131kacak, \u00f6n\u00fcne gelenher b\u00f6ce\u011fi toplay\u0131p kavanoza koyacak.B\u00f6cekler olmadan bah\u00e7e daha g\u00fczel, de\u011fil mi?Tolga \u00d6ztorun ekolojik solmay\u0131 ve ortak ya\u015fam\u0131i\u015fledi\u011fi yeni hik\u00e2yesinde; bah\u00e7elerin b\u00f6ceklerolmadan ne kadar renksiz ve yaln\u0131z oldu\u011funuanlat\u0131yor.<\/p>\n","protected":false},"excerpt":{"rendered":"<p>\u201cHer bir b\u00f6cekten onlar\u0131 mutsuz etti\u011fi i\u00e7in \u00f6z\u00fcrdiledi\u2026B\u00f6ceklerin de ekosisteme faydal\u0131 oldu\u011funubilmiyordu.\u201d\u00d6r\u00fcmcekler, sinekler, t\u0131rt\u0131llar ve \u00e7ekirgeler\u2026Bah\u00e7ede yaz tatilinin tad\u0131n\u0131 \u00e7\u0131karmas\u0131n\u0131 engelliyorlar.K\u0131p\u0131r k\u0131p\u0131r, k\u0131vr\u0131m k\u0131vr\u0131m: Bu b\u00f6cekler<span class=\"excerpt-hellip\"> [\u2026]<\/span><\/p>\n","protected":false},"featured_media":0,"template":"","meta":{"_monsterinsights_skip_tracking":false,"_monsterinsights_sitenote_active":false,"_monsterinsights_sitenote_note":"","_monsterinsights_sitenote_category":0},"product_brand":[],"product_cat":[141304],"product_tag":[],"class_list":{"0":"post-785476","1":"product","2":"type-product","3":"status-publish","5":"product_cat-yeni-cikanlar","6":"pa_cilt-ciltsiz","7":"pa_tur-kitap","8":"pa_yayinevi-kirmizi-kedi-yayinevi","9":"pa_yazar-tolga-oztorun","11":"first","12":"instock","13":"sale","14":"shipping-taxable","15":"purchasable","16":"product-type-simple"},"_links":{"self":[{"href":"https:\/\/roveyayinevi.com.tr\/index.php\/wp-json\/wp\/v2\/product\/785476","targetHints":{"allow":["GET"]}}],"collection":[{"href":"https:\/\/roveyayinevi.com.tr\/index.php\/wp-json\/wp\/v2\/product"}],"about":[{"href":"https:\/\/roveyayinevi.com.tr\/index.php\/wp-json\/wp\/v2\/types\/product"}],"wp:attachment":[{"href":"https:\/\/roveyayinevi.com.tr\/index.php\/wp-json\/wp\/v2\/media?parent=785476"}],"wp:term":[{"taxonomy":"product_brand","embeddable":true,"href":"https:\/\/roveyayinevi.com.tr\/index.php\/wp-json\/wp\/v2\/product_brand?post=785476"},{"taxonomy":"product_cat","embeddable":true,"href":"https:\/\/roveyayinevi.com.tr\/index.php\/wp-json\/wp\/v2\/product_cat?post=785476"},{"taxonomy":"product_tag","embeddable":true,"href":"https:\/\/roveyayinevi.com.tr\/index.php\/wp-json\/wp\/v2\/product_tag?post=785476"}],"curies":[{"name":"wp","href":"https:\/\/api.w.org\/{rel}","templated":true}]}}