{"id":785470,"date":"2026-04-03T03:41:46","date_gmt":"2026-04-03T00:41:46","guid":{"rendered":"https:\/\/roveyayinevi.com.tr\/index.php\/urun\/spinozayi-antroposende-okumak\/"},"modified":"2026-04-15T03:48:55","modified_gmt":"2026-04-15T00:48:55","slug":"spinozayi-antroposende-okumak","status":"publish","type":"product","link":"https:\/\/roveyayinevi.com.tr\/index.php\/urun\/spinozayi-antroposende-okumak\/","title":{"rendered":"Spinoza\u2019y\u0131 Antroposen\u2019de Okumak"},"content":{"rendered":"<p>Ak\u0131l \u00f6zu\u0308 gere\u011fi do\u011fa u\u0308zerinde egemenlik kuran bir yeti midir? \u0130nsan\u0131n Do\u011fa i\u00e7indeki yerini yanl\u0131\u015f kavray\u0131\u015f\u0131m\u0131z\u0131n sonu\u00e7lar\u0131ndan biri de a\u015fk\u0131n bir Ak\u0131l yan\u0131lg\u0131s\u0131na b\u00f6ylesine s\u0131k kap\u0131l\u0131yor olmam\u0131z olabilir mi? Genevieve Lloyd, bu etkileyici \u00e7al\u0131\u015fmas\u0131nda Spinoza\u2019n\u0131n Etika\u2019s\u0131n\u0131 iklim de\u011fi\u015fikli\u011fi \u00e7a\u011f\u0131n\u0131n kayg\u0131lar\u0131 \u0131\u015f\u0131\u011f\u0131nda yeniden okumaya davet ediyor. Felsefi du\u0308\u015fu\u0308nceyi gu\u0308nu\u0308mu\u0308zu\u0308n en yak\u0131c\u0131 meselelerinden biriyle bulu\u015fturan Lloyd, yaln\u0131zca bir yorum sunmuyor, gezegen hakk\u0131ndaki du\u0308\u015fu\u0308nme bi\u00e7imimizi de ciddi bir ele\u015ftiriden ge\u00e7iriyor. Lloyd, Spinoza\u2019n\u0131n Descartes\u2019a y\u00f6neltti\u011fi ele\u015ftiriyi \u00e7a\u011f\u0131m\u0131za ta\u015f\u0131yor ve Kartezyen du\u0308\u015fu\u0308nce tarz\u0131n\u0131n kolektif imgelemimizi h\u00e2l\u00e2 nas\u0131l \u015fekillendirdi\u011fini g\u00f6zler \u00f6nu\u0308ne seriyor. B\u00f6ylece, insan\u0131n Do\u011fa u\u0308zerindeki s\u00f6zde u\u0308stu\u0308nlu\u0308\u011fu\u0308 ile Akl\u0131n s\u00f6zde egemenli\u011fi aras\u0131ndaki g\u00f6ru\u0308nmez ba\u011f\u0131 a\u00e7\u0131\u011fa \u00e7\u0131kar\u0131yor. Spinoza\u2019n\u0131n ak\u0131l, hayal gu\u0308cu\u0308, duygu ve duygulan\u0131m aras\u0131ndaki karma\u015f\u0131k ili\u015fkileri ele al\u0131\u015f\u0131n\u0131 yeni bir perspektiften de\u011ferlendiren bu eser, onun kat\u0131 bir rasyonalist olarak etiketlenmesine meydan okuyor ve \u00e7izdi\u011fi Spinoza portresiyle \u00e7a\u011fda\u015f ger\u00e7ekli\u011fi hem anlama hem de d\u00f6nu\u0308\u015ftu\u0308rme kudretimizi besleyen bir temas alan\u0131 yarat\u0131yor. Spinoza\u2019y\u0131 Antroposen\u2019de Okumak, Spinoza\u2019y\u0131 yaln\u0131zca yeniden okumakla yetinmeyip, onu, gezegenin gelece\u011fine dair du\u0308\u015fu\u0308nmenin vazge\u00e7ilmez bir par\u00e7as\u0131 k\u0131lmak isteyenler i\u00e7in bir davet.<\/p>\n","protected":false},"excerpt":{"rendered":"<p>Ak\u0131l \u00f6zu\u0308 gere\u011fi do\u011fa u\u0308zerinde egemenlik kuran bir yeti midir? \u0130nsan\u0131n Do\u011fa i\u00e7indeki yerini yanl\u0131\u015f kavray\u0131\u015f\u0131m\u0131z\u0131n sonu\u00e7lar\u0131ndan biri de a\u015fk\u0131n bir Ak\u0131l yan\u0131lg\u0131s\u0131na b\u00f6ylesine s\u0131k kap\u0131l\u0131yor<span class=\"excerpt-hellip\"> [\u2026]<\/span><\/p>\n","protected":false},"featured_media":0,"template":"","meta":{"_monsterinsights_skip_tracking":false,"_monsterinsights_sitenote_active":false,"_monsterinsights_sitenote_note":"","_monsterinsights_sitenote_category":0},"product_brand":[],"product_cat":[13005,13010],"product_tag":[],"class_list":{"0":"post-785470","1":"product","2":"type-product","3":"status-publish","5":"product_cat-bilim-muhendislik","6":"product_cat-doga-bilimleri","7":"pa_cilt-ciltsiz","8":"pa_tur-kitap","9":"pa_yayinevi-ayrinti-yayinlari","10":"pa_yazar-genevieve-lloyd","12":"first","13":"instock","14":"sale","15":"shipping-taxable","16":"purchasable","17":"product-type-simple"},"_links":{"self":[{"href":"https:\/\/roveyayinevi.com.tr\/index.php\/wp-json\/wp\/v2\/product\/785470","targetHints":{"allow":["GET"]}}],"collection":[{"href":"https:\/\/roveyayinevi.com.tr\/index.php\/wp-json\/wp\/v2\/product"}],"about":[{"href":"https:\/\/roveyayinevi.com.tr\/index.php\/wp-json\/wp\/v2\/types\/product"}],"wp:attachment":[{"href":"https:\/\/roveyayinevi.com.tr\/index.php\/wp-json\/wp\/v2\/media?parent=785470"}],"wp:term":[{"taxonomy":"product_brand","embeddable":true,"href":"https:\/\/roveyayinevi.com.tr\/index.php\/wp-json\/wp\/v2\/product_brand?post=785470"},{"taxonomy":"product_cat","embeddable":true,"href":"https:\/\/roveyayinevi.com.tr\/index.php\/wp-json\/wp\/v2\/product_cat?post=785470"},{"taxonomy":"product_tag","embeddable":true,"href":"https:\/\/roveyayinevi.com.tr\/index.php\/wp-json\/wp\/v2\/product_tag?post=785470"}],"curies":[{"name":"wp","href":"https:\/\/api.w.org\/{rel}","templated":true}]}}