{"id":785469,"date":"2026-04-03T03:41:42","date_gmt":"2026-04-03T00:41:42","guid":{"rendered":"https:\/\/roveyayinevi.com.tr\/index.php\/urun\/mantar\/"},"modified":"2026-04-15T03:48:55","modified_gmt":"2026-04-15T00:48:55","slug":"mantar","status":"publish","type":"product","link":"https:\/\/roveyayinevi.com.tr\/index.php\/urun\/mantar\/","title":{"rendered":"Mantar"},"content":{"rendered":"<p>Varl\u0131k merdiveninde nereye konaca\u011f\u0131 uzun su\u0308re kestirilememi\u015f ve uzun y\u0131llar merdiven alt\u0131 edilmi\u015f, \u015fimdiyse kendinden su\u0308per kahramanl\u0131k yapmas\u0131 beklenen gezegenimizin s\u0131radan ve gizemli bir u\u0308yesidir mantarlar. Sara Rich mantar\u0131 oda\u011f\u0131na alarak, Orta\u00e7a\u011f\u2019dan itibaren bu\u0308yu\u0308nu\u0308n, dinlerin ve bilimin aras\u0131ndaki s\u0131n\u0131rlar\u0131 bulan\u0131kla\u015ft\u0131ran bir anlat\u0131yla, k\u00e2h ekolojik y\u0131k\u0131mlar\u0131n kurtar\u0131c\u0131s\u0131 k\u00e2h modern insan\u0131n aidiyet krizine \u00e7are olarak sunulan mantarlar\u0131, bizi faydac\u0131l\u0131k belas\u0131ndan kurtaracak bir orman patikas\u0131nda aramaya ve anlamaya davet ediyor. Yazar\u0131n ki\u015fisel deneyimleriyle, sanattan ekolojiye metaforik sorgulamalar\u0131yla dolu bu samimi sohbetine ocaktaki tavada pi\u015fen kuzug\u00f6beklerinin kokusu, arka planda \u00e7alan psikodelik \u015fark\u0131lar e\u015flik diyor.<\/p>\n","protected":false},"excerpt":{"rendered":"<p>Varl\u0131k merdiveninde nereye konaca\u011f\u0131 uzun su\u0308re kestirilememi\u015f ve uzun y\u0131llar merdiven alt\u0131 edilmi\u015f, \u015fimdiyse kendinden su\u0308per kahramanl\u0131k yapmas\u0131 beklenen gezegenimizin s\u0131radan ve gizemli bir u\u0308yesidir mantarlar.<span class=\"excerpt-hellip\"> [\u2026]<\/span><\/p>\n","protected":false},"featured_media":0,"template":"","meta":{"_monsterinsights_skip_tracking":false,"_monsterinsights_sitenote_active":false,"_monsterinsights_sitenote_note":"","_monsterinsights_sitenote_category":0},"product_brand":[],"product_cat":[13005,13010],"product_tag":[],"class_list":{"0":"post-785469","1":"product","2":"type-product","3":"status-publish","5":"product_cat-bilim-muhendislik","6":"product_cat-doga-bilimleri","7":"pa_cilt-ciltsiz","8":"pa_tur-kitap","9":"pa_yayinevi-ayrinti-yayinlari","10":"pa_yazar-sara-rich","12":"first","13":"instock","14":"sale","15":"shipping-taxable","16":"purchasable","17":"product-type-simple"},"_links":{"self":[{"href":"https:\/\/roveyayinevi.com.tr\/index.php\/wp-json\/wp\/v2\/product\/785469","targetHints":{"allow":["GET"]}}],"collection":[{"href":"https:\/\/roveyayinevi.com.tr\/index.php\/wp-json\/wp\/v2\/product"}],"about":[{"href":"https:\/\/roveyayinevi.com.tr\/index.php\/wp-json\/wp\/v2\/types\/product"}],"wp:attachment":[{"href":"https:\/\/roveyayinevi.com.tr\/index.php\/wp-json\/wp\/v2\/media?parent=785469"}],"wp:term":[{"taxonomy":"product_brand","embeddable":true,"href":"https:\/\/roveyayinevi.com.tr\/index.php\/wp-json\/wp\/v2\/product_brand?post=785469"},{"taxonomy":"product_cat","embeddable":true,"href":"https:\/\/roveyayinevi.com.tr\/index.php\/wp-json\/wp\/v2\/product_cat?post=785469"},{"taxonomy":"product_tag","embeddable":true,"href":"https:\/\/roveyayinevi.com.tr\/index.php\/wp-json\/wp\/v2\/product_tag?post=785469"}],"curies":[{"name":"wp","href":"https:\/\/api.w.org\/{rel}","templated":true}]}}