{"id":785447,"date":"2026-04-03T03:40:42","date_gmt":"2026-04-03T00:40:42","guid":{"rendered":"https:\/\/roveyayinevi.com.tr\/index.php\/urun\/beden\/"},"modified":"2026-04-11T14:50:03","modified_gmt":"2026-04-11T11:50:03","slug":"beden","status":"publish","type":"product","link":"https:\/\/roveyayinevi.com.tr\/index.php\/urun\/beden\/","title":{"rendered":"Beden"},"content":{"rendered":"<p>2025 BOOKER \u00d6D\u00dcL\u00dc KAZANANI \u201cKaranl\u0131k bir roman ama okumas\u0131 b\u00fcy\u00fck bir keyif. Alt\u0131 \u015fahane finalist aras\u0131ndan d\u00f6n\u00fcp dola\u015f\u0131p her seferinde kendimizi bu kitab\u0131n i\u00e7inde bulduk.\u201d \u20132025 Booker J\u00fcrisi On be\u015f ya\u015f\u0131ndaki Istv\u00e1n, annesiyle birlikte Macaristan\u2019da sakin bir apartman dairesinde ya\u015famaktad\u0131r. Kasabaya yeni ta\u015f\u0131nm\u0131\u015f, i\u00e7ine kapan\u0131k bir gen\u00e7 olarak okulda kabul g\u00f6rm\u00fc\u015f sosyal rit\u00fcellere yabanc\u0131d\u0131r ve k\u0131sa s\u00fcrede yaln\u0131zl\u0131\u011fa s\u00fcr\u00fcklenir; tek dostu, annesine ya\u015f\u00e7a yak\u0131n, evli kom\u015fular\u0131d\u0131r. Kom\u015fusuyla olan g\u00f6r\u00fc\u015fmeleri gizli bir ili\u015fkiye d\u00f6n\u00fc\u015f\u00fcnce Istv\u00e1n\u2019\u0131n hayat\u0131 kontrolden \u00e7\u0131kmaya ba\u015flar. Y\u0131llar i\u00e7inde ordudan ba\u015flay\u0131p Londra\u2019n\u0131n se\u00e7kin \u00e7evrelerine kadar y\u00fckselen Istv\u00e1n, para ve g\u00fcc\u00fc merkezine alan yirmi birinci y\u00fczy\u0131l d\u00fcnyas\u0131nda yolunu bulmaya \u00e7al\u0131\u015f\u0131r. A\u015fk, yak\u0131nl\u0131k, stat\u00fc ve zenginlik aras\u0131nda s\u0131k\u0131\u015f\u0131p kalm\u0131\u015fken eri\u015fti\u011fi servet onu tamamen mahvetmek \u00fczeredir. Beden, de\u011fi\u015fen d\u00fcnyadaki modern erkeklik alg\u0131s\u0131na, varolu\u015fsal problemlere ve ya\u015faman\u0131n tuhafl\u0131\u011f\u0131na dair ac\u0131 verici ama d\u00fcr\u00fcst bir roman. \u201cSzalay unutulmas\u0131 zor bir yitik erkek portresi \u00e7iziyor.\u201d \u2013Rachel Kushner \u201cHer sayfas\u0131 ayr\u0131 ayr\u0131 m\u00fckemmel.\u201d \u2013Samantha Harvey<\/p>\n","protected":false},"excerpt":{"rendered":"<p>2025 BOOKER \u00d6D\u00dcL\u00dc KAZANANI \u201cKaranl\u0131k bir roman ama okumas\u0131 b\u00fcy\u00fck bir keyif. Alt\u0131 \u015fahane finalist aras\u0131ndan d\u00f6n\u00fcp dola\u015f\u0131p her seferinde kendimizi bu kitab\u0131n i\u00e7inde bulduk.\u201d \u20132025<span class=\"excerpt-hellip\"> [\u2026]<\/span><\/p>\n","protected":false},"featured_media":0,"template":"","meta":{"_monsterinsights_skip_tracking":false,"_monsterinsights_sitenote_active":false,"_monsterinsights_sitenote_note":"","_monsterinsights_sitenote_category":0},"product_brand":[],"product_cat":[12803,12291],"product_tag":[],"class_list":{"0":"post-785447","1":"product","2":"type-product","3":"status-publish","5":"product_cat-aksiyon-macera","6":"product_cat-edebiyat","7":"pa_cilt-ciltsiz","8":"pa_tur-kitap","9":"pa_yayinevi-ithaki-yayinlari","10":"pa_yazar-david-szalay","12":"first","13":"instock","14":"sale","15":"shipping-taxable","16":"purchasable","17":"product-type-simple"},"_links":{"self":[{"href":"https:\/\/roveyayinevi.com.tr\/index.php\/wp-json\/wp\/v2\/product\/785447","targetHints":{"allow":["GET"]}}],"collection":[{"href":"https:\/\/roveyayinevi.com.tr\/index.php\/wp-json\/wp\/v2\/product"}],"about":[{"href":"https:\/\/roveyayinevi.com.tr\/index.php\/wp-json\/wp\/v2\/types\/product"}],"wp:attachment":[{"href":"https:\/\/roveyayinevi.com.tr\/index.php\/wp-json\/wp\/v2\/media?parent=785447"}],"wp:term":[{"taxonomy":"product_brand","embeddable":true,"href":"https:\/\/roveyayinevi.com.tr\/index.php\/wp-json\/wp\/v2\/product_brand?post=785447"},{"taxonomy":"product_cat","embeddable":true,"href":"https:\/\/roveyayinevi.com.tr\/index.php\/wp-json\/wp\/v2\/product_cat?post=785447"},{"taxonomy":"product_tag","embeddable":true,"href":"https:\/\/roveyayinevi.com.tr\/index.php\/wp-json\/wp\/v2\/product_tag?post=785447"}],"curies":[{"name":"wp","href":"https:\/\/api.w.org\/{rel}","templated":true}]}}