{"id":785442,"date":"2026-04-03T03:40:32","date_gmt":"2026-04-03T00:40:32","guid":{"rendered":"https:\/\/roveyayinevi.com.tr\/index.php\/urun\/annelik-miti-ebeveynligi-yeniden-tanimlama-ve-benligi-geri-kazanma-rehberi\/"},"modified":"2026-04-15T03:48:49","modified_gmt":"2026-04-15T00:48:49","slug":"annelik-miti-ebeveynligi-yeniden-tanimlama-ve-benligi-geri-kazanma-rehberi","status":"publish","type":"product","link":"https:\/\/roveyayinevi.com.tr\/index.php\/urun\/annelik-miti-ebeveynligi-yeniden-tanimlama-ve-benligi-geri-kazanma-rehberi\/","title":{"rendered":"Annelik Miti &#8211; Ebeveynli\u011fi Yeniden Tan\u0131mlama ve Benli\u011fi Geri Kazanma Rehberi"},"content":{"rendered":"<p>Annelik neden bu kadar zor geliyor? Neden \u201cideal anne\u201d olmaya \u00e7al\u0131\u015f\u0131rken kendimizi unutuyoruz? Neden e\u015flerimizle uyum sa\u011flayam\u0131yor, t\u00fckenmi\u015f hissediyoruz?\u00c7\u00fcnk\u00fc sorun annelikte de\u011fil; etraf\u0131na \u00f6r\u00fclen mitlerde. Annelik yapmay\u0131 bilmemiz gerekti\u011fi, bunun kolay olmas\u0131 gerekti\u011fi, e\u015flerimizle uyumlu bir \u015fekilde ebeveynlik yapaca\u011f\u0131m\u0131z gibi mitlerle ku\u015fat\u0131l\u0131yoruz&#8230; Oysa ger\u00e7ekte durum hi\u00e7 de \u00f6yle de\u011fil.Bir evlilik terapisti ve derinlik psikolo\u011fu olan Vanessa Bennett, patriyarkal bask\u0131lar, toplumsal beklentiler ve kaybolmu\u015f arketiplerin (Kali, Demeter gibi) yaratt\u0131\u011f\u0131 bu yan\u0131lsamay\u0131 ayd\u0131nlat\u0131yor. Anneli\u011fin bir inisiyasyon, radikal bir kimlik d\u00f6n\u00fc\u015f\u00fcm\u00fc oldu\u011funu kabul ediyor ve bu ge\u00e7i\u015fi y\u00f6nlendirecek eski hik\u00e2yeleri ve bilgeli\u011fi kaybetti\u011fimizi s\u00f6yl\u00fcyor.Annelik Miti, derinlik psikolojisi merce\u011finden bakarak neden bu kadar yoruldu\u011fumuzu anlamaktan, s\u0131n\u0131rlar\u0131m\u0131z\u0131 yeniden kurmaya; \u00f6z benli\u011fimizi geri almaktan, e\u015flerimizle samimiyeti yeniden canland\u0131rmaya kadar uzanan bir yol haritas\u0131 \u00e7iziyor.Ki\u015fisel hik\u00e2yeler, beden odakl\u0131 fark\u0131ndal\u0131k \u00e7al\u0131\u015fmalar\u0131, arketip ke\u015fifleri ve pratik ara\u00e7larla dolu olan bu kitap, bir \u00e7ocuk yeti\u015ftirme k\u0131lavuzu de\u011fil; anneli\u011fin seni t\u00fcketmek yerine d\u00f6n\u00fc\u015ft\u00fcrmesi, sana g\u00fc\u00e7 ve \u00f6zg\u00fcrl\u00fck vermesi i\u00e7in yaz\u0131lm\u0131\u015f bir uyan\u0131\u015f rehberi<\/p>\n","protected":false},"excerpt":{"rendered":"<p>Annelik neden bu kadar zor geliyor? Neden \u201cideal anne\u201d olmaya \u00e7al\u0131\u015f\u0131rken kendimizi unutuyoruz? Neden e\u015flerimizle uyum sa\u011flayam\u0131yor, t\u00fckenmi\u015f hissediyoruz?\u00c7\u00fcnk\u00fc sorun annelikte de\u011fil; etraf\u0131na \u00f6r\u00fclen mitlerde. Annelik<span class=\"excerpt-hellip\"> [\u2026]<\/span><\/p>\n","protected":false},"featured_media":0,"template":"","meta":{"_monsterinsights_skip_tracking":false,"_monsterinsights_sitenote_active":false,"_monsterinsights_sitenote_note":"","_monsterinsights_sitenote_category":0},"product_brand":[],"product_cat":[17996,12364],"product_tag":[],"class_list":{"0":"post-785442","1":"product","2":"type-product","3":"status-publish","5":"product_cat-ebeveyn-kitaplari","6":"product_cat-genel-konular","7":"pa_cilt-ciltsiz","8":"pa_tur-kitap","9":"pa_yayinevi-irene-kitap","10":"pa_yazar-vanessa-bennett","12":"first","13":"instock","14":"sale","15":"shipping-taxable","16":"purchasable","17":"product-type-simple"},"_links":{"self":[{"href":"https:\/\/roveyayinevi.com.tr\/index.php\/wp-json\/wp\/v2\/product\/785442","targetHints":{"allow":["GET"]}}],"collection":[{"href":"https:\/\/roveyayinevi.com.tr\/index.php\/wp-json\/wp\/v2\/product"}],"about":[{"href":"https:\/\/roveyayinevi.com.tr\/index.php\/wp-json\/wp\/v2\/types\/product"}],"wp:attachment":[{"href":"https:\/\/roveyayinevi.com.tr\/index.php\/wp-json\/wp\/v2\/media?parent=785442"}],"wp:term":[{"taxonomy":"product_brand","embeddable":true,"href":"https:\/\/roveyayinevi.com.tr\/index.php\/wp-json\/wp\/v2\/product_brand?post=785442"},{"taxonomy":"product_cat","embeddable":true,"href":"https:\/\/roveyayinevi.com.tr\/index.php\/wp-json\/wp\/v2\/product_cat?post=785442"},{"taxonomy":"product_tag","embeddable":true,"href":"https:\/\/roveyayinevi.com.tr\/index.php\/wp-json\/wp\/v2\/product_tag?post=785442"}],"curies":[{"name":"wp","href":"https:\/\/api.w.org\/{rel}","templated":true}]}}