{"id":785440,"date":"2026-04-03T03:40:28","date_gmt":"2026-04-03T00:40:28","guid":{"rendered":"https:\/\/roveyayinevi.com.tr\/index.php\/urun\/ay-kalbimi-anlatir\/"},"modified":"2026-04-15T03:48:49","modified_gmt":"2026-04-15T00:48:49","slug":"ay-kalbimi-anlatir","status":"publish","type":"product","link":"https:\/\/roveyayinevi.com.tr\/index.php\/urun\/ay-kalbimi-anlatir\/","title":{"rendered":"Ay Kalbimi Anlat\u0131r"},"content":{"rendered":"<p>SINIRLARIN, ZAMANIN VE A\u0130D\u0130YET\u0130N \u00d6TESINE UZANAN CO\u015eKULU BIR YOLCULUK.Wang ailesinin herkesten saklad\u0131\u011f\u0131 b\u00fcy\u00fck bir s\u0131rr\u0131 vard\u0131r: Onlar zaman\u0131n i\u00e7inde \u00f6zg\u00fcrce hareket edebilen nadir insanlardand\u0131r. Ancak bu s\u0131ra d\u0131\u015f\u0131 yetenek, beraberinde a\u011f\u0131r bir yaln\u0131zl\u0131\u011f\u0131 da getirir. Anne ve babalar\u0131 Joshua ile Lily bir g\u00fcn ge\u00e7mi\u015fe gider ve bir daha asla geri d\u00f6nmezler. Arkalar\u0131nda b\u0131rakt\u0131klar\u0131 \u00e7ocuklar\u0131 Tommy ve Eva, bu devasa yasla tek ba\u015flar\u0131na y\u00fczle\u015fmek zorunda kal\u0131rlar.Eva, bug\u00fcn\u00fcn d\u00fcnyas\u0131nda kendine bir yer edinmeye \u00e7al\u0131\u015f\u0131rken; Tommy, ailesinin kaybolu\u015fundaki ger\u00e7e\u011fi arad\u0131\u011f\u0131 ge\u00e7mi\u015fin derinliklerine her ge\u00e7en g\u00fcn daha fazla \u00e7ekilir. 1930\u2019lar\u0131n Londra \u00c7in Mahallesi\u2019nde bir kad\u0131na \u00e2\u015f\u0131k oldu\u011funda, kendi tarihiyle y\u00fczle\u015fememesinin bedeli, ona as\u0131l mutlulu\u011fu getirebilecek insanlar i\u00e7in a\u011f\u0131r olacakt\u0131r.K\u0131talar ve on y\u0131llar aras\u0131nda s\u00fcz\u00fclen, b\u00fcy\u00fcleyici bir dille anlat\u0131lan bu i\u00e7ten ve umut dolu hik\u00e2ye; s\u0131ra d\u0131\u015f\u0131 bir ailenin kopmaz ba\u011flar\u0131na ve kay\u0131plara ra\u011fmen ileriye do\u011fru ad\u0131m atabilmek i\u00e7in gereken o b\u00fcy\u00fck cesarete dair unutulmaz bir ilk roman.<\/p>\n","protected":false},"excerpt":{"rendered":"<p>SINIRLARIN, ZAMANIN VE A\u0130D\u0130YET\u0130N \u00d6TESINE UZANAN CO\u015eKULU BIR YOLCULUK.Wang ailesinin herkesten saklad\u0131\u011f\u0131 b\u00fcy\u00fck bir s\u0131rr\u0131 vard\u0131r: Onlar zaman\u0131n i\u00e7inde \u00f6zg\u00fcrce hareket edebilen nadir insanlardand\u0131r. Ancak bu<span class=\"excerpt-hellip\"> [\u2026]<\/span><\/p>\n","protected":false},"featured_media":0,"template":"","meta":{"_monsterinsights_skip_tracking":false,"_monsterinsights_sitenote_active":false,"_monsterinsights_sitenote_note":"","_monsterinsights_sitenote_category":0},"product_brand":[],"product_cat":[12291,14777],"product_tag":[],"class_list":{"0":"post-785440","1":"product","2":"type-product","3":"status-publish","5":"product_cat-edebiyat","6":"product_cat-fantastik","7":"pa_cilt-ciltsiz","8":"pa_tur-kitap","9":"pa_yayinevi-eksik-parca-yayinlari","10":"pa_yazar-pim-wangtechwat","12":"first","13":"instock","14":"sale","15":"shipping-taxable","16":"purchasable","17":"product-type-simple"},"_links":{"self":[{"href":"https:\/\/roveyayinevi.com.tr\/index.php\/wp-json\/wp\/v2\/product\/785440","targetHints":{"allow":["GET"]}}],"collection":[{"href":"https:\/\/roveyayinevi.com.tr\/index.php\/wp-json\/wp\/v2\/product"}],"about":[{"href":"https:\/\/roveyayinevi.com.tr\/index.php\/wp-json\/wp\/v2\/types\/product"}],"wp:attachment":[{"href":"https:\/\/roveyayinevi.com.tr\/index.php\/wp-json\/wp\/v2\/media?parent=785440"}],"wp:term":[{"taxonomy":"product_brand","embeddable":true,"href":"https:\/\/roveyayinevi.com.tr\/index.php\/wp-json\/wp\/v2\/product_brand?post=785440"},{"taxonomy":"product_cat","embeddable":true,"href":"https:\/\/roveyayinevi.com.tr\/index.php\/wp-json\/wp\/v2\/product_cat?post=785440"},{"taxonomy":"product_tag","embeddable":true,"href":"https:\/\/roveyayinevi.com.tr\/index.php\/wp-json\/wp\/v2\/product_tag?post=785440"}],"curies":[{"name":"wp","href":"https:\/\/api.w.org\/{rel}","templated":true}]}}