{"id":785421,"date":"2026-04-02T03:47:19","date_gmt":"2026-04-02T00:47:19","guid":{"rendered":"https:\/\/roveyayinevi.com.tr\/index.php\/urun\/hit-hizli-iyilesme-teknikleri\/"},"modified":"2026-04-15T03:49:20","modified_gmt":"2026-04-15T00:49:20","slug":"hit-hizli-iyilesme-teknikleri","status":"publish","type":"product","link":"https:\/\/roveyayinevi.com.tr\/index.php\/urun\/hit-hizli-iyilesme-teknikleri\/","title":{"rendered":"Hit H\u0131zl\u0131 \u0130yile\u015fme Teknikleri"},"content":{"rendered":"<p>H\u0130T H\u0131zl\u0131 \u0130yile\u015fme TeknikleriDR.  M. T\u00fcrker PabuccuBedeniniz sizinle konu\u015fuyor, onu duyuyor musunuz?Ge\u00e7meyen yorgunluklar, anlam verilemeyen a\u011fr\u0131lar, ciltte d\u00f6k\u00fcnt\u00fcler, uykusuz geceler ya da dalgalanan ruh halleri basit birer tesad\u00fcf de\u011fil, bedeninizin g\u00f6nderdi\u011fi yard\u0131m sinyalleridir. H\u0130T, hastal\u0131klarla sava\u015fmaktan ziyade sa\u011fl\u0131\u011f\u0131 temelden in\u015fa etmeye odaklanan, ba\u015fucunuzdan ay\u0131ramayaca\u011f\u0131n\u0131z b\u00fct\u00fcnc\u00fcl bir rehberdir. Dr. M. T\u00fcrker Pabuccu, 15 Ad\u0131mda H\u0131zl\u0131 \u0130yile\u015fme Teknikleri (H\u0130T) ile modern t\u0131bb\u0131n bilimsel verilerini, kadim \u015fifa y\u00f6ntemlerinin bilgeli\u011fiyle harmanlayarak sa\u011fl\u0131\u011f\u0131n\u0131z\u0131n sorumlulu\u011funu almak i\u00e7in yol haritas\u0131 sunmay\u0131 hedefliyor. Ger\u00e7ek iyile\u015fme hik\u00e2yeleriyle zenginle\u015ftirilen bu eser, i\u00e7inizdeki uyuyan \u015fifa g\u00fcc\u00fcn\u00fc uyand\u0131rmak i\u00e7in size 15 ad\u0131ml\u0131k bir harita sunuyor:\u2022    KALPTEN BA\u015eLAYARAK \u0130Y\u0130LE\u015eEL\u0130M   \u2022    BA\u011eIRSAKLARIMIZI DE\u011e\u0130\u015eT\u0130REL\u0130M \u2022    BEYN\u0130M\u0130Z\u0130 ONARALIM\u2022     BA\u011eI\u015eIKLIK S\u0130STEM\u0130M\u0130Z\u0130 G\u00dc\u00c7LEND\u0130REL\u0130M \u2022    \u0130LT\u0130HABI YENEL\u0130M \u2022    ENERJ\u0130M\u0130Z\u0130 Y\u00dcKSELTEL\u0130M \u2022    HORMONLARIMIZI DENGELEYEL\u0130M \u2022    OMURGAMIZI D\u0130KLE\u015eT\u0130REL\u0130M \u2022    DUYULARIMIZI VE DUYGULARIMIZI \u015e\u0130FALANDIRALIM \u2022    KARAC\u0130\u011eER\u0130M\u0130Z\u0130 TAZELEYEL\u0130M \u2022    B\u00d6BREKLER\u0130M\u0130Z\u0130 UYANDIRALIM \u2022    C\u0130LD\u0130M\u0130Z\u0130 CANLANDIRALIM \u2022    \u00dcREME SA\u011eLI\u011eIMIZI DESTEKLEYEL\u0130M \u2022    METABOL\u0130ZMAMIZI HIZLANDIRALIM \u2022    V\u0130TAM\u0130N VE M\u0130NERALLERLE G\u00dc\u00c7LENEL\u0130M<\/p>\n","protected":false},"excerpt":{"rendered":"<p>H\u0130T H\u0131zl\u0131 \u0130yile\u015fme TeknikleriDR. M. T\u00fcrker PabuccuBedeniniz sizinle konu\u015fuyor, onu duyuyor musunuz?Ge\u00e7meyen yorgunluklar, anlam verilemeyen a\u011fr\u0131lar, ciltte d\u00f6k\u00fcnt\u00fcler, uykusuz geceler ya da dalgalanan ruh halleri basit<span class=\"excerpt-hellip\"> [\u2026]<\/span><\/p>\n","protected":false},"featured_media":0,"template":"","meta":{"_monsterinsights_skip_tracking":false,"_monsterinsights_sitenote_active":false,"_monsterinsights_sitenote_note":"","_monsterinsights_sitenote_category":0},"product_brand":[],"product_cat":[16965,13365],"product_tag":[],"class_list":{"0":"post-785421","1":"product","2":"type-product","3":"status-publish","5":"product_cat-genel-saglik-kitaplari","6":"product_cat-saglik","7":"pa_cilt-ciltsiz","8":"pa_tur-kitap","9":"pa_yayinevi-nemesis-kitap","10":"pa_yazar-turker-pabuccu","12":"first","13":"instock","14":"sale","15":"shipping-taxable","16":"purchasable","17":"product-type-simple"},"_links":{"self":[{"href":"https:\/\/roveyayinevi.com.tr\/index.php\/wp-json\/wp\/v2\/product\/785421","targetHints":{"allow":["GET"]}}],"collection":[{"href":"https:\/\/roveyayinevi.com.tr\/index.php\/wp-json\/wp\/v2\/product"}],"about":[{"href":"https:\/\/roveyayinevi.com.tr\/index.php\/wp-json\/wp\/v2\/types\/product"}],"wp:attachment":[{"href":"https:\/\/roveyayinevi.com.tr\/index.php\/wp-json\/wp\/v2\/media?parent=785421"}],"wp:term":[{"taxonomy":"product_brand","embeddable":true,"href":"https:\/\/roveyayinevi.com.tr\/index.php\/wp-json\/wp\/v2\/product_brand?post=785421"},{"taxonomy":"product_cat","embeddable":true,"href":"https:\/\/roveyayinevi.com.tr\/index.php\/wp-json\/wp\/v2\/product_cat?post=785421"},{"taxonomy":"product_tag","embeddable":true,"href":"https:\/\/roveyayinevi.com.tr\/index.php\/wp-json\/wp\/v2\/product_tag?post=785421"}],"curies":[{"name":"wp","href":"https:\/\/api.w.org\/{rel}","templated":true}]}}