{"id":785360,"date":"2026-04-01T03:00:30","date_gmt":"2026-04-01T00:00:30","guid":{"rendered":"https:\/\/roveyayinevi.com.tr\/index.php\/urun\/ateizm-agnostisizm-ve-deizme-yonelme\/"},"modified":"2026-04-16T02:55:37","modified_gmt":"2026-04-15T23:55:37","slug":"ateizm-agnostisizm-ve-deizme-yonelme","status":"publish","type":"product","link":"https:\/\/roveyayinevi.com.tr\/index.php\/urun\/ateizm-agnostisizm-ve-deizme-yonelme\/","title":{"rendered":"Ateizm, Agnostisizm ve Deizme Y\u00f6nelme"},"content":{"rendered":"<p>\u201cKitap var ama katip yok, bina var ama usta yok, resim var ressam yok, saat var ama saat\u00e7i yok, bilgisayar var ama m\u00fchendis yok\u201d Bir ki\u015finin bir bilgisayar yapt\u0131\u011f\u0131n\u0131 g\u00f6r\u00fcyorsunuz. Bunu g\u00f6rmek size bilgisayar\u0131 birinin yapt\u0131\u011f\u0131n\u0131 ispatl\u0131yor. Ama bilgisayar\u0131 yapan\u0131 g\u00f6rmeden bilgisayar\u0131 g\u00f6rmek, bilgisayar\u0131n bir yap\u0131c\u0131s\u0131 oldu\u011funu, aklen ispatlamaz m\u0131? Bilgisayardaki plan, proje, \u015fekil, tercih, donan\u0131mlar, yaz\u0131l\u0131mlar, programlar, (canl\u0131lardaki DNA, RNA, el-ayak, g\u00f6z-kulak, dil-dudak\u2026) yap\u0131l\u0131rken, g\u00f6rmeseniz de bir m\u00fchendisli\u011fi ve m\u00fchendisi ispat etmez mi? Her bir varl\u0131kta bir plan, bir proje, bir irade, bir tasar\u0131m yok mu? \u0130\u015fte bu, ak\u0131lla, mant\u0131kla g\u00f6rmek ve bilmek demektir. Aksi ak\u0131ls\u0131zl\u0131k ve mant\u0131ks\u0131zl\u0131k de\u011fil midir? *** Kur&#8217;an, daha sonra ger\u00e7ekle\u015fecek hadiseleri ve ispatlanacak ilmi tespitleri nas\u0131l bilebiliyor, hadiseler ve ilmi geli\u015fmeler aynen Kur&#8217;an&#8217;\u0131n anlatt\u0131\u011f\u0131 gibi nas\u0131l ger\u00e7ekle\u015fiyor? Ve Hz. Muhammed (s.a.v.) bunlar\u0131 nas\u0131l haber veriyor? *** T\u0131bb\u0131n yasaklamas\u0131na ra\u011fmen, bir doktor, sigara i\u00e7iyor diye t\u0131bba k\u00fcs\u00fcl\u00fcr, s\u0131rt d\u00f6n\u00fcl\u00fcr m\u00fc? O durumda zarar\u0131 siz g\u00f6rmez misiniz? Dinin yasaklam\u0131\u015f olmas\u0131na ra\u011fmen, M\u00fcsl\u00fcman g\u00f6r\u00fclen baz\u0131lar\u0131 yasaklanan o \u015feyleri yap\u0131yor diye \u0130slam\u2019a s\u0131rt d\u00f6nmek, pireye k\u0131z\u0131p yorgan\u0131 de\u011fil, kendini yakmakt\u0131r. <\/p>\n","protected":false},"excerpt":{"rendered":"<p>\u201cKitap var ama katip yok, bina var ama usta yok, resim var ressam yok, saat var ama saat\u00e7i yok, bilgisayar var ama m\u00fchendis yok\u201d Bir ki\u015finin<span class=\"excerpt-hellip\"> [\u2026]<\/span><\/p>\n","protected":false},"featured_media":0,"template":"","meta":{"_monsterinsights_skip_tracking":false,"_monsterinsights_sitenote_active":false,"_monsterinsights_sitenote_note":"","_monsterinsights_sitenote_category":0},"product_brand":[],"product_cat":[13036,12718,12719],"product_tag":[],"class_list":{"0":"post-785360","1":"product","2":"type-product","3":"status-publish","5":"product_cat-arastirma-inceleme-islam","6":"product_cat-din","7":"product_cat-islam","8":"pa_cilt-ciltsiz","9":"pa_tur-kitap","10":"pa_yayinevi-gulnar-yayinlari","11":"pa_yazar-mehmet-bahadir","13":"first","14":"instock","15":"sale","16":"shipping-taxable","17":"purchasable","18":"product-type-simple"},"_links":{"self":[{"href":"https:\/\/roveyayinevi.com.tr\/index.php\/wp-json\/wp\/v2\/product\/785360","targetHints":{"allow":["GET"]}}],"collection":[{"href":"https:\/\/roveyayinevi.com.tr\/index.php\/wp-json\/wp\/v2\/product"}],"about":[{"href":"https:\/\/roveyayinevi.com.tr\/index.php\/wp-json\/wp\/v2\/types\/product"}],"wp:attachment":[{"href":"https:\/\/roveyayinevi.com.tr\/index.php\/wp-json\/wp\/v2\/media?parent=785360"}],"wp:term":[{"taxonomy":"product_brand","embeddable":true,"href":"https:\/\/roveyayinevi.com.tr\/index.php\/wp-json\/wp\/v2\/product_brand?post=785360"},{"taxonomy":"product_cat","embeddable":true,"href":"https:\/\/roveyayinevi.com.tr\/index.php\/wp-json\/wp\/v2\/product_cat?post=785360"},{"taxonomy":"product_tag","embeddable":true,"href":"https:\/\/roveyayinevi.com.tr\/index.php\/wp-json\/wp\/v2\/product_tag?post=785360"}],"curies":[{"name":"wp","href":"https:\/\/api.w.org\/{rel}","templated":true}]}}