{"id":785359,"date":"2026-04-01T02:28:34","date_gmt":"2026-03-31T23:28:34","guid":{"rendered":"https:\/\/roveyayinevi.com.tr\/index.php\/urun\/gozlerini-kacirma\/"},"modified":"2026-04-16T02:21:39","modified_gmt":"2026-04-15T23:21:39","slug":"gozlerini-kacirma","status":"publish","type":"product","link":"https:\/\/roveyayinevi.com.tr\/index.php\/urun\/gozlerini-kacirma\/","title":{"rendered":"G\u00f6zlerini Ka\u00e7\u0131rma"},"content":{"rendered":"<p>\u201cHer-kad\u0131n-anne-do\u011far. Her-kad\u0131n-anne-do\u011far. Her-kad\u0131n-anne-do\u011far. Bunu da s\u00f6ylediler. Asl\u0131nda kimsenin k\u0131z \u00e7ocu\u011fu do\u011furdu\u011fu yoktu. Do\u011furulan yeni bir anneydi. Anneannen K\u00e2mile Han\u0131m, senin anneni do\u011furmu\u015ftu. Kendi k\u0131z\u0131n\u0131 de\u011fil. Annen Hicran, R\u00fcya\u2019n\u0131n annesini do\u011furmu\u015ftu. G\u00f6z\u00fc gibi sevmek i\u00e7in ad\u0131n\u0131 Didem koydu\u011fu bebe\u011fi de\u011fil. Sen \u015fimdi bu d\u00f6ng\u00fcy\u00fc k\u0131rd\u0131n.\u201d      Muz\u0131r ve itaatsiz k\u0131z \u00e7ocuklar\u0131n\u0131n bile b\u00fcy\u00fcd\u00fck\u00e7e  \u201co \u00e7ok ele\u015ftirdikleri\u201d annelerine d\u00f6n\u00fc\u015ft\u00fc\u011f\u00fcn\u00fc g\u00f6steren, \u201csistemi yeniden yaratan\u201d o bak\u0131\u015flar\u2026    G\u00f6zlerini Ka\u00e7\u0131rma, bir ailenin \u00fc\u00e7 ku\u015fak kad\u0131nlar\u0131n\u0131n k\u0131zlar\u0131yla kurdu\u011fu ili\u015fkiler \u00fczerinden; kad\u0131nl\u0131\u011f\u0131, \u201ckutsal\u201d anneli\u011fi, \u201ciyi evlat\u201d olmay\u0131 ve ataerkilli\u011fi kad\u0131n eliyle \u00fcreten d\u00f6ng\u00fcy\u00fc sorguluyor. <\/p>\n","protected":false},"excerpt":{"rendered":"<p>\u201cHer-kad\u0131n-anne-do\u011far. Her-kad\u0131n-anne-do\u011far. Her-kad\u0131n-anne-do\u011far. Bunu da s\u00f6ylediler. Asl\u0131nda kimsenin k\u0131z \u00e7ocu\u011fu do\u011furdu\u011fu yoktu. Do\u011furulan yeni bir anneydi. Anneannen K\u00e2mile Han\u0131m, senin anneni do\u011furmu\u015ftu. Kendi k\u0131z\u0131n\u0131 de\u011fil. Annen<span class=\"excerpt-hellip\"> [\u2026]<\/span><\/p>\n","protected":false},"featured_media":0,"template":"","meta":{"_monsterinsights_skip_tracking":false,"_monsterinsights_sitenote_active":false,"_monsterinsights_sitenote_note":"","_monsterinsights_sitenote_category":0},"product_brand":[],"product_cat":[12291,12711],"product_tag":[],"class_list":{"0":"post-785359","1":"product","2":"type-product","3":"status-publish","5":"product_cat-edebiyat","6":"product_cat-roman-oyku","7":"pa_cilt-ciltsiz","8":"pa_tur-kitap","9":"pa_yayinevi-everest-yayinlari","10":"pa_yazar-irmak-zileli","12":"first","13":"instock","14":"sale","15":"shipping-taxable","16":"purchasable","17":"product-type-simple"},"_links":{"self":[{"href":"https:\/\/roveyayinevi.com.tr\/index.php\/wp-json\/wp\/v2\/product\/785359","targetHints":{"allow":["GET"]}}],"collection":[{"href":"https:\/\/roveyayinevi.com.tr\/index.php\/wp-json\/wp\/v2\/product"}],"about":[{"href":"https:\/\/roveyayinevi.com.tr\/index.php\/wp-json\/wp\/v2\/types\/product"}],"wp:attachment":[{"href":"https:\/\/roveyayinevi.com.tr\/index.php\/wp-json\/wp\/v2\/media?parent=785359"}],"wp:term":[{"taxonomy":"product_brand","embeddable":true,"href":"https:\/\/roveyayinevi.com.tr\/index.php\/wp-json\/wp\/v2\/product_brand?post=785359"},{"taxonomy":"product_cat","embeddable":true,"href":"https:\/\/roveyayinevi.com.tr\/index.php\/wp-json\/wp\/v2\/product_cat?post=785359"},{"taxonomy":"product_tag","embeddable":true,"href":"https:\/\/roveyayinevi.com.tr\/index.php\/wp-json\/wp\/v2\/product_tag?post=785359"}],"curies":[{"name":"wp","href":"https:\/\/api.w.org\/{rel}","templated":true}]}}