{"id":785342,"date":"2026-03-31T03:37:26","date_gmt":"2026-03-31T00:37:26","guid":{"rendered":"https:\/\/roveyayinevi.com.tr\/index.php\/urun\/sabir-ve-sukur\/"},"modified":"2026-04-15T03:46:47","modified_gmt":"2026-04-15T00:46:47","slug":"sabir-ve-sukur","status":"publish","type":"product","link":"https:\/\/roveyayinevi.com.tr\/index.php\/urun\/sabir-ve-sukur\/","title":{"rendered":"Sab\u0131r ve \u015e\u00fck\u00fcr"},"content":{"rendered":"<p>Sevgili arkada\u015f\u0131m! \u0130mam-\u0131 Gaz\u00e2l\u00ee\u2019nin en b\u00fcy\u00fck eseri olan \u0130hy\u00e2u Ul\u00fbmi\u2019d-Din, M\u00fcsl\u00fcmanlar i\u00e7in her d\u00f6nem ilk akla gelen ba\u015fvuru kayna\u011f\u0131 olmu\u015f ve bu esere b\u00fcy\u00fck g\u00fcven duyulmu\u015ftur. Y\u00fczy\u0131llar boyunca M\u00fcsl\u00fcmanlar\u0131n ellerinden d\u00fc\u015fmeyen ve kitapl\u0131klar\u0131nda ba\u015f k\u00f6\u015fede duran bu rehber nitelikli b\u00fcy\u00fck eseri \u015fimdi yepyeni bir formatla sizlere sunuyoruz. Eserin i\u00e7inde yer alan konular\u0131n her biri, orijinal anlat\u0131m\u0131 asla bozulmadan, ak\u0131c\u0131 ve duru bir dil kullan\u0131larak \u00e7evirisi yap\u0131ld\u0131 ve ba\u015fl\u0131 ba\u015f\u0131na birer kitap haline getirildi. \u0130hy\u00e2u Ul\u00fbmi\u2019d-Din, d\u00f6rt ana b\u00f6l\u00fcmden ve her b\u00f6l\u00fcm de onar konudan olu\u015fmaktad\u0131r. D\u00f6rd\u00fcnc\u00fc b\u00f6l\u00fcm\u00fc olan Kurtar\u0131c\u0131 \u015eeyler\u2019in ikinci konusu \u201csab\u0131r ve \u015f\u00fck\u00fcr\u201d hakk\u0131ndad\u0131r. \u0130mam-\u0131 Gaz\u00e2l\u00ee \u015f\u00f6yle der: \u201c\u0130man\u0131n iki par\u00e7as\u0131 vard\u0131r. Bir par\u00e7as\u0131 sab\u0131r, di\u011fer par\u00e7as\u0131 da \u015f\u00fck\u00fcrd\u00fcr. Nitekim bu hususla ilgili rivayetler gelmi\u015f, haberler buna \u015fahit olmu\u015ftur. Sab\u0131r ile \u015f\u00fck\u00fcr, Allah\u2019\u0131n s\u0131fatlar\u0131ndan iki ve en g\u00fczel isimlerinden iki tanesidir. Nitekim Allah (cc) kendi zat\u0131na Sab\u00fbr ve \u015eek\u00fbr ismini vermi\u015ftir&#8230; Sab\u0131r ve \u015f\u00fckr\u00fc bilmekten uzak kalmak demek, kimin imanl\u0131 oldu\u011funu bilmekten ve iman\u0131n ne oldu\u011funu idrak etmekten uzak kalmak demektir. Bu itibarla sab\u0131r ve \u015f\u00fckr\u00fc izah etmeye ne kadar da ihtiya\u00e7 vard\u0131r! Allah\u2019\u0131n izniyle biz, sab\u0131r ve \u015f\u00fckr\u00fc birbirlerine olan ba\u011flar\u0131 sebebiyle tek kitapta izah edece\u011fiz.\u201d<\/p>\n","protected":false},"excerpt":{"rendered":"<p>Sevgili arkada\u015f\u0131m! \u0130mam-\u0131 Gaz\u00e2l\u00ee\u2019nin en b\u00fcy\u00fck eseri olan \u0130hy\u00e2u Ul\u00fbmi\u2019d-Din, M\u00fcsl\u00fcmanlar i\u00e7in her d\u00f6nem ilk akla gelen ba\u015fvuru kayna\u011f\u0131 olmu\u015f ve bu esere b\u00fcy\u00fck g\u00fcven duyulmu\u015ftur.<span class=\"excerpt-hellip\"> [\u2026]<\/span><\/p>\n","protected":false},"featured_media":0,"template":"","meta":{"_monsterinsights_skip_tracking":false,"_monsterinsights_sitenote_active":false,"_monsterinsights_sitenote_note":"","_monsterinsights_sitenote_category":0},"product_brand":[],"product_cat":[16789,12718,12719],"product_tag":[],"class_list":{"0":"post-785342","1":"product","2":"type-product","3":"status-publish","5":"product_cat-diger-islam","6":"product_cat-din","7":"product_cat-islam","8":"pa_cilt-ciltsiz","9":"pa_tur-kitap","10":"pa_yayinevi-celik-yayinevi","11":"pa_yazar-imam-i-gazali","13":"first","14":"instock","15":"sale","16":"shipping-taxable","17":"purchasable","18":"product-type-simple"},"_links":{"self":[{"href":"https:\/\/roveyayinevi.com.tr\/index.php\/wp-json\/wp\/v2\/product\/785342","targetHints":{"allow":["GET"]}}],"collection":[{"href":"https:\/\/roveyayinevi.com.tr\/index.php\/wp-json\/wp\/v2\/product"}],"about":[{"href":"https:\/\/roveyayinevi.com.tr\/index.php\/wp-json\/wp\/v2\/types\/product"}],"wp:attachment":[{"href":"https:\/\/roveyayinevi.com.tr\/index.php\/wp-json\/wp\/v2\/media?parent=785342"}],"wp:term":[{"taxonomy":"product_brand","embeddable":true,"href":"https:\/\/roveyayinevi.com.tr\/index.php\/wp-json\/wp\/v2\/product_brand?post=785342"},{"taxonomy":"product_cat","embeddable":true,"href":"https:\/\/roveyayinevi.com.tr\/index.php\/wp-json\/wp\/v2\/product_cat?post=785342"},{"taxonomy":"product_tag","embeddable":true,"href":"https:\/\/roveyayinevi.com.tr\/index.php\/wp-json\/wp\/v2\/product_tag?post=785342"}],"curies":[{"name":"wp","href":"https:\/\/api.w.org\/{rel}","templated":true}]}}