{"id":785310,"date":"2026-03-28T03:42:29","date_gmt":"2026-03-28T00:42:29","guid":{"rendered":"https:\/\/roveyayinevi.com.tr\/index.php\/urun\/masa-mikrofonu\/"},"modified":"2026-04-15T03:48:47","modified_gmt":"2026-04-15T00:48:47","slug":"masa-mikrofonu","status":"publish","type":"product","link":"https:\/\/roveyayinevi.com.tr\/index.php\/urun\/masa-mikrofonu\/","title":{"rendered":"Masa Mikrofonu"},"content":{"rendered":"<p>Murathan Mungan\u2019\u0131n d\u00fczyaz\u0131 ve s\u00f6yle\u015filerini bir araya getirdi\u011fi Devam A\u011fac\u0131 ve G\u00fcne S\u00f6ylediklerim kitaplar\u0131n\u0131n izinden giden Masa Mikrofonu\u2019nun i\u00e7eri\u011fini yazar\u0131n yak\u0131n tarihli baz\u0131 s\u00f6yle\u015fileri olu\u015fturuyor. Kendisinden dinleyelim: &#8220;Farkl\u0131 kentlerde, dinleyicisi k\u0131s\u0131tl\u0131 mek\u00e2nlarda yap\u0131lan s\u00f6yle\u015filerin daha geni\u015f kitlelere ula\u015fmas\u0131 i\u00e7in bunlar\u0131 bir kitapta toplamay\u0131, b\u00f6ylelikle yaz\u0131l\u0131 tarihin belle\u011fine emanet etmeyi her zaman \u00f6nemsemi\u015f, kendi a\u00e7\u0131mdan daha g\u00fcvenilir bulmu\u015fumdur. \u00d6nceden haz\u0131rlanm\u0131\u015f yaz\u0131l\u0131 metne dayanan konu\u015fmalarla, daha serbest d\u00fczen kotar\u0131lm\u0131\u015f olan s\u00f6yle\u015fileri ayn\u0131 dalga boyunda bulu\u015fturmaya \u00e7al\u0131\u015ft\u0131m. Bu ikinci t\u00fcrdeki s\u00f6yle\u015filerin do\u011fa\u00e7lamal\u0131 ritmini, t\u0131n\u0131s\u0131n\u0131, tonunu, yerine g\u00f6re al\u00e7al\u0131p y\u00fckselen tansiyonunu koruyarak yaz\u0131ya aktarmaya \u00e7al\u0131\u015ft\u0131m.\u201d<\/p>\n","protected":false},"excerpt":{"rendered":"<p>Murathan Mungan\u2019\u0131n d\u00fczyaz\u0131 ve s\u00f6yle\u015filerini bir araya getirdi\u011fi Devam A\u011fac\u0131 ve G\u00fcne S\u00f6ylediklerim kitaplar\u0131n\u0131n izinden giden Masa Mikrofonu\u2019nun i\u00e7eri\u011fini yazar\u0131n yak\u0131n tarihli baz\u0131 s\u00f6yle\u015fileri olu\u015fturuyor. Kendisinden<span class=\"excerpt-hellip\"> [\u2026]<\/span><\/p>\n","protected":false},"featured_media":0,"template":"","meta":{"_monsterinsights_skip_tracking":false,"_monsterinsights_sitenote_active":false,"_monsterinsights_sitenote_note":"","_monsterinsights_sitenote_category":0},"product_brand":[],"product_cat":[12777,12291],"product_tag":[],"class_list":{"0":"post-785310","1":"product","2":"type-product","3":"status-publish","5":"product_cat-deneme","6":"product_cat-edebiyat","7":"pa_cilt-ciltsiz","8":"pa_tur-kitap","9":"pa_yayinevi-metis-yayinlari","10":"pa_yazar-murathan-mungan","12":"first","13":"instock","14":"sale","15":"shipping-taxable","16":"purchasable","17":"product-type-simple"},"_links":{"self":[{"href":"https:\/\/roveyayinevi.com.tr\/index.php\/wp-json\/wp\/v2\/product\/785310","targetHints":{"allow":["GET"]}}],"collection":[{"href":"https:\/\/roveyayinevi.com.tr\/index.php\/wp-json\/wp\/v2\/product"}],"about":[{"href":"https:\/\/roveyayinevi.com.tr\/index.php\/wp-json\/wp\/v2\/types\/product"}],"wp:attachment":[{"href":"https:\/\/roveyayinevi.com.tr\/index.php\/wp-json\/wp\/v2\/media?parent=785310"}],"wp:term":[{"taxonomy":"product_brand","embeddable":true,"href":"https:\/\/roveyayinevi.com.tr\/index.php\/wp-json\/wp\/v2\/product_brand?post=785310"},{"taxonomy":"product_cat","embeddable":true,"href":"https:\/\/roveyayinevi.com.tr\/index.php\/wp-json\/wp\/v2\/product_cat?post=785310"},{"taxonomy":"product_tag","embeddable":true,"href":"https:\/\/roveyayinevi.com.tr\/index.php\/wp-json\/wp\/v2\/product_tag?post=785310"}],"curies":[{"name":"wp","href":"https:\/\/api.w.org\/{rel}","templated":true}]}}