{"id":785306,"date":"2026-03-28T03:42:18","date_gmt":"2026-03-28T00:42:18","guid":{"rendered":"https:\/\/roveyayinevi.com.tr\/index.php\/urun\/babam-hakkinda-bir-yalan\/"},"modified":"2026-04-03T03:40:17","modified_gmt":"2026-04-03T00:40:17","slug":"babam-hakkinda-bir-yalan","status":"publish","type":"product","link":"https:\/\/roveyayinevi.com.tr\/index.php\/urun\/babam-hakkinda-bir-yalan\/","title":{"rendered":"Babam Hakk\u0131nda Bir Yalan"},"content":{"rendered":"<p>Bir adam\u0131n kendi efsanesini yaratmak i\u00e7in s\u00f6yledi\u011fi yalanlar, bir o\u011fulun ger\u00e7e\u011fi bulmak i\u00e7in kazd\u0131\u011f\u0131 mezara d\u00f6n\u00fc\u015febilir mi?  \u0130sko\u00e7ya&#8217;n\u0131n puslu end\u00fcstri kasabalar\u0131nda ge\u00e7en sert bir \u00e7ocukluk: John Burnside, bol \u00f6d\u00fcll\u00fc kitab\u0131 Babam Hakk\u0131nda Bir Yalan&#8217;da sadece bir aile tarihinin de\u011fil, bir &#8220;yoklu\u011fun&#8221; anatomisini \u00e7\u0131kar\u0131yor.   \u015eair kimli\u011finin verdi\u011fi o keskin ve lirik dille yoksullu\u011fun, alkolizmin ve sanayi kasabalar\u0131n\u0131n isli g\u00f6\u011f\u00fc alt\u0131nda ezilen \u00e7ocuklu\u011funun izini s\u00fcr\u00fcyor. Babas\u0131n\u0131n \u00f6rd\u00fc\u011f\u00fc yalanlar a\u011f\u0131ndan s\u0131yr\u0131l\u0131p kendi hakikatini in\u015fa etmeye \u00e7al\u0131\u015fan yazar, modern edebiyat\u0131n bu en sars\u0131c\u0131 baba-o\u011ful hesapla\u015fmas\u0131nda okuru \u015fu soruyla ba\u015f ba\u015fa b\u0131rak\u0131yor: Bizi var eden, ailemizden y\u00fcklendi\u011fimiz miras m\u0131d\u0131r, yoksa buna kar\u015f\u0131 verdi\u011fimiz sava\u015f m\u0131?   Kimi babalar miras olarak yaln\u0131zca karanl\u0131k b\u0131rak\u0131r.Ve bo\u015fluk bazen kaplad\u0131\u011f\u0131 yerden daha a\u011f\u0131rd\u0131r.   &#8220;Son y\u0131llarda okudu\u011fum en d\u00fcr\u00fcst, en can yak\u0131c\u0131 y\u00fczle\u015fme. Babalar ve o\u011fullar aras\u0131ndaki o u\u00e7uruma dair yaz\u0131lm\u0131\u015f bir a\u011f\u0131t.&#8221; Jonathan Franzen  &#8220;Burnside kelimelerle simya yap\u0131yor. Travmay\u0131 ve sefaleti al\u0131p onlardan \u0131\u015f\u0131k sa\u00e7an bir sanat eseri yarat\u0131yor.&#8221; The Guardian  &#8220;Burnside, ger\u00e7e\u011fin pe\u015finde ko\u015farken tek bir c\u00fcmleyi bile heba etmiyor.&#8221; The Times<\/p>\n","protected":false},"excerpt":{"rendered":"<p>Bir adam\u0131n kendi efsanesini yaratmak i\u00e7in s\u00f6yledi\u011fi yalanlar, bir o\u011fulun ger\u00e7e\u011fi bulmak i\u00e7in kazd\u0131\u011f\u0131 mezara d\u00f6n\u00fc\u015febilir mi? \u0130sko\u00e7ya&#8217;n\u0131n puslu end\u00fcstri kasabalar\u0131nda ge\u00e7en sert bir \u00e7ocukluk: John<span class=\"excerpt-hellip\"> [\u2026]<\/span><\/p>\n","protected":false},"featured_media":0,"template":"","meta":{"_monsterinsights_skip_tracking":false,"_monsterinsights_sitenote_active":false,"_monsterinsights_sitenote_note":"","_monsterinsights_sitenote_category":0},"product_brand":[],"product_cat":[12291,12711],"product_tag":[],"class_list":{"0":"post-785306","1":"product","2":"type-product","3":"status-publish","5":"product_cat-edebiyat","6":"product_cat-roman-oyku","7":"pa_cilt-ciltsiz","8":"pa_tur-kitap","9":"pa_yayinevi-sel-yayincilik","10":"pa_yazar-john-burnside","12":"first","13":"instock","14":"sale","15":"shipping-taxable","16":"purchasable","17":"product-type-simple"},"_links":{"self":[{"href":"https:\/\/roveyayinevi.com.tr\/index.php\/wp-json\/wp\/v2\/product\/785306","targetHints":{"allow":["GET"]}}],"collection":[{"href":"https:\/\/roveyayinevi.com.tr\/index.php\/wp-json\/wp\/v2\/product"}],"about":[{"href":"https:\/\/roveyayinevi.com.tr\/index.php\/wp-json\/wp\/v2\/types\/product"}],"wp:attachment":[{"href":"https:\/\/roveyayinevi.com.tr\/index.php\/wp-json\/wp\/v2\/media?parent=785306"}],"wp:term":[{"taxonomy":"product_brand","embeddable":true,"href":"https:\/\/roveyayinevi.com.tr\/index.php\/wp-json\/wp\/v2\/product_brand?post=785306"},{"taxonomy":"product_cat","embeddable":true,"href":"https:\/\/roveyayinevi.com.tr\/index.php\/wp-json\/wp\/v2\/product_cat?post=785306"},{"taxonomy":"product_tag","embeddable":true,"href":"https:\/\/roveyayinevi.com.tr\/index.php\/wp-json\/wp\/v2\/product_tag?post=785306"}],"curies":[{"name":"wp","href":"https:\/\/api.w.org\/{rel}","templated":true}]}}