{"id":785283,"date":"2026-03-26T20:18:33","date_gmt":"2026-03-26T17:18:33","guid":{"rendered":"https:\/\/roveyayinevi.com.tr\/index.php\/urun\/ofke-artik-yonetim-bende\/"},"modified":"2026-04-15T03:48:47","modified_gmt":"2026-04-15T00:48:47","slug":"ofke-artik-yonetim-bende","status":"publish","type":"product","link":"https:\/\/roveyayinevi.com.tr\/index.php\/urun\/ofke-artik-yonetim-bende\/","title":{"rendered":"\u00d6fke Art\u0131k Y\u00f6netim Bende!"},"content":{"rendered":"<p>Bu kitap, \u00e7ocuk ve ergenlerde g\u00f6r\u00fclen \u00f6fke sorunlar\u0131n\u0131n anla\u015f\u0131lmas\u0131 ve y\u00f6netilmesine destek olmak amac\u0131yla haz\u0131rlanm\u0131\u015ft\u0131r. Bilimsel kan\u0131tlara dayanan bili\u015fsel davran\u0131\u015f\u00e7\u0131 terapi (BDT) ilkeleri temel al\u0131nm\u0131\u015f olup, profesyonel ruh sa\u011fl\u0131\u011f\u0131 tedavisinin tamamlay\u0131c\u0131s\u0131 niteli\u011findedir.   \u201c\u00d6fke Art\u0131k Y\u00f6netim Bende\u201d, \u00f6fkenin anla\u015f\u0131lmas\u0131 ve d\u00fczenlenmesi s\u00fcrecinde \u00e7ocuklara rehberlik ederken; anne-babalar, bak\u0131m verenler ve \u00f6\u011fretmenler i\u00e7in de yol g\u00f6sterici bir kaynak sunar. Kitapta yer alan a\u00e7\u0131klamalar ve etkinlikler, \u00e7ocu\u011fun duygular\u0131n\u0131 tan\u0131mas\u0131na, bedenindeki sinyalleri fark etmesine ve zorlay\u0131c\u0131 durumlarla daha etkili ba\u015fa \u00e7\u0131kmas\u0131na yard\u0131mc\u0131 olmay\u0131 ama\u00e7lar.   Bu rehber, \u00f6fkeyle \u201csava\u015fmak\u201d yerine onu daha iyi anlamay\u0131 ve y\u00f6netmeyi destekler; kriz anlar\u0131nda daha sakin, tutarl\u0131 ve \u015fefkatli bir yakla\u015f\u0131m geli\u015ftirmeyi kolayla\u015ft\u0131r\u0131r. Sonu\u00e7 olarak bu kitap, profesyonel tedaviyi destekleyen ve g\u00fcnl\u00fck ya\u015famda pratik bir rehber sunan b\u00fct\u00fcnleyici bir ara\u00e7t\u0131r.<\/p>\n","protected":false},"excerpt":{"rendered":"<p>Bu kitap, \u00e7ocuk ve ergenlerde g\u00f6r\u00fclen \u00f6fke sorunlar\u0131n\u0131n anla\u015f\u0131lmas\u0131 ve y\u00f6netilmesine destek olmak amac\u0131yla haz\u0131rlanm\u0131\u015ft\u0131r. Bilimsel kan\u0131tlara dayanan bili\u015fsel davran\u0131\u015f\u00e7\u0131 terapi (BDT) ilkeleri temel al\u0131nm\u0131\u015f olup,<span class=\"excerpt-hellip\"> [\u2026]<\/span><\/p>\n","protected":false},"featured_media":0,"template":"","meta":{"_monsterinsights_skip_tracking":false,"_monsterinsights_sitenote_active":false,"_monsterinsights_sitenote_note":"","_monsterinsights_sitenote_category":0},"product_brand":[],"product_cat":[20502,12357],"product_tag":[],"class_list":{"0":"post-785283","1":"product","2":"type-product","3":"status-publish","5":"product_cat-basvuru-kitaplari-psikoloji","6":"product_cat-psikoloji","7":"pa_cilt-ciltsiz","8":"pa_tur-kitap","9":"pa_yayinevi-efil-yayinevi","10":"pa_yazar-gokce-yagmur-efendi","11":"pa_yazar-nursu-cakin-memik","13":"first","14":"instock","15":"sale","16":"shipping-taxable","17":"purchasable","18":"product-type-simple"},"_links":{"self":[{"href":"https:\/\/roveyayinevi.com.tr\/index.php\/wp-json\/wp\/v2\/product\/785283","targetHints":{"allow":["GET"]}}],"collection":[{"href":"https:\/\/roveyayinevi.com.tr\/index.php\/wp-json\/wp\/v2\/product"}],"about":[{"href":"https:\/\/roveyayinevi.com.tr\/index.php\/wp-json\/wp\/v2\/types\/product"}],"wp:attachment":[{"href":"https:\/\/roveyayinevi.com.tr\/index.php\/wp-json\/wp\/v2\/media?parent=785283"}],"wp:term":[{"taxonomy":"product_brand","embeddable":true,"href":"https:\/\/roveyayinevi.com.tr\/index.php\/wp-json\/wp\/v2\/product_brand?post=785283"},{"taxonomy":"product_cat","embeddable":true,"href":"https:\/\/roveyayinevi.com.tr\/index.php\/wp-json\/wp\/v2\/product_cat?post=785283"},{"taxonomy":"product_tag","embeddable":true,"href":"https:\/\/roveyayinevi.com.tr\/index.php\/wp-json\/wp\/v2\/product_tag?post=785283"}],"curies":[{"name":"wp","href":"https:\/\/api.w.org\/{rel}","templated":true}]}}