{"id":785268,"date":"2026-03-26T17:30:49","date_gmt":"2026-03-26T14:30:49","guid":{"rendered":"https:\/\/roveyayinevi.com.tr\/index.php\/urun\/iran-tarihi-2\/"},"modified":"2026-04-16T01:59:15","modified_gmt":"2026-04-15T22:59:15","slug":"iran-tarihi-2","status":"publish","type":"product","link":"https:\/\/roveyayinevi.com.tr\/index.php\/urun\/iran-tarihi-2\/","title":{"rendered":"\u0130ran Tarihi"},"content":{"rendered":"<p>Tarihte belki de hi\u00e7bir \u00fclke \u0130ran kadar radikal de\u011fi\u015fimler ya\u015famam\u0131\u015ft\u0131r. \u0130ran Tarihi, bu k\u00f6kl\u00fc medeniyetin ge\u00e7irdi\u011fi s\u0131ra d\u0131\u015f\u0131 s\u00fcre\u00e7leri, her d\u00f6nem i\u00e7in en yenileri de dahil olmak \u00fczere b\u00fct\u00fcn \u00f6nemli kaynaklar\u0131 kullanarak analitik bir y\u00f6ntemle ele al\u0131yor. Profes\u00f6r Garthwaite, M\u00d6 6. y\u00fczy\u0131lda ilk Pers \u0130mparatorlu\u011fu\u2019nu kuran B\u00fcy\u00fck Kiros\u2019tan ba\u015flayarak imparatorlu\u011fun y\u00fckseli\u015fine ve Roma\u2019yla \u00e7eki\u015fmesine, Araplar\u0131n fethine, 16. y\u00fczy\u0131lda tekrar bir Pers devletinin kurulmas\u0131na ve 1979\u2019daki \u0130slam Devrimi\u2019nin ard\u0131ndan \u0130slam Cumhuriyeti\u2019nin kurulu\u015funa kadar b\u00fct\u00fcn olaylar\u0131 titiz ara\u015ft\u0131rmalar ve geni\u015f kaynaklar \u0131\u015f\u0131\u011f\u0131nda de\u011ferlendiriyor. \u0130ran Tarihi kitab\u0131, \u0130ranl\u0131 kimli\u011finin temelinde yer alan h\u00fck\u00fcmdarl\u0131k kurumunun ekseninde \u00fclkenin siyasi, toplumsal ve k\u00fclt\u00fcrel tarihinin zengin bir \u00f6zeti&#8230; \ufffcTan\u0131t\u0131m Metni<\/p>\n","protected":false},"excerpt":{"rendered":"<p>Tarihte belki de hi\u00e7bir \u00fclke \u0130ran kadar radikal de\u011fi\u015fimler ya\u015famam\u0131\u015ft\u0131r. \u0130ran Tarihi, bu k\u00f6kl\u00fc medeniyetin ge\u00e7irdi\u011fi s\u0131ra d\u0131\u015f\u0131 s\u00fcre\u00e7leri, her d\u00f6nem i\u00e7in en yenileri de dahil<span class=\"excerpt-hellip\"> [\u2026]<\/span><\/p>\n","protected":false},"featured_media":0,"template":"","meta":{"_monsterinsights_skip_tracking":false,"_monsterinsights_sitenote_active":false,"_monsterinsights_sitenote_note":"","_monsterinsights_sitenote_category":0},"product_brand":[],"product_cat":[12305,12304],"product_tag":[],"class_list":{"0":"post-785268","1":"product","2":"type-product","3":"status-publish","5":"product_cat-dunya-tarihi","6":"product_cat-tarih","7":"pa_cilt-ciltsiz","8":"pa_tur-kitap","9":"pa_yayinevi-inkilap-kitabevi","10":"pa_yazar-gene-r-garthwaite","12":"first","13":"instock","14":"sale","15":"shipping-taxable","16":"purchasable","17":"product-type-simple"},"_links":{"self":[{"href":"https:\/\/roveyayinevi.com.tr\/index.php\/wp-json\/wp\/v2\/product\/785268","targetHints":{"allow":["GET"]}}],"collection":[{"href":"https:\/\/roveyayinevi.com.tr\/index.php\/wp-json\/wp\/v2\/product"}],"about":[{"href":"https:\/\/roveyayinevi.com.tr\/index.php\/wp-json\/wp\/v2\/types\/product"}],"wp:attachment":[{"href":"https:\/\/roveyayinevi.com.tr\/index.php\/wp-json\/wp\/v2\/media?parent=785268"}],"wp:term":[{"taxonomy":"product_brand","embeddable":true,"href":"https:\/\/roveyayinevi.com.tr\/index.php\/wp-json\/wp\/v2\/product_brand?post=785268"},{"taxonomy":"product_cat","embeddable":true,"href":"https:\/\/roveyayinevi.com.tr\/index.php\/wp-json\/wp\/v2\/product_cat?post=785268"},{"taxonomy":"product_tag","embeddable":true,"href":"https:\/\/roveyayinevi.com.tr\/index.php\/wp-json\/wp\/v2\/product_tag?post=785268"}],"curies":[{"name":"wp","href":"https:\/\/api.w.org\/{rel}","templated":true}]}}