{"id":785218,"date":"2026-03-25T20:27:45","date_gmt":"2026-03-25T17:27:45","guid":{"rendered":"https:\/\/roveyayinevi.com.tr\/index.php\/urun\/gunesten-sonra\/"},"modified":"2026-04-16T02:53:46","modified_gmt":"2026-04-15T23:53:46","slug":"gunesten-sonra","status":"publish","type":"product","link":"https:\/\/roveyayinevi.com.tr\/index.php\/urun\/gunesten-sonra\/","title":{"rendered":"G\u00fcne\u015ften Sonra"},"content":{"rendered":"<p>On alt\u0131 ya\u015f\u0131ndaki Dario&#8217;nun ba\u015fa \u00e7\u0131kmas\u0131 \u00e7ok zor bir insan oldu\u011fu konusunda \u00f6\u011fretmenleri hemfikirdirler. Dario, kendisiyle k\u0131s\u0131tl\u0131 ileti\u015fim kuran annesiyle ya\u015far ve  babas\u0131n\u0131n o daha \u00e7ocukken aileyi terk etmesinin nedenin de kendisi oldu\u011funu d\u00fc\u015f\u00fcn\u00fcr. Okulda, yine bir olaydan sonra, dekan ona \u00f6rnek bir ceza vermeye karar verir ve onu engelli bir \u00f6\u011frenciye yard\u0131m etmekle g\u00f6revlendirir. Dario, tekerlekli sandalyede hareketsiz olan ve d\u0131\u015f d\u00fcnyayla ileti\u015fim kuramayan Andy ile b\u00f6yle tan\u0131\u015f\u0131r. Dario ve Andy. Daha farkl\u0131 olamazlard\u0131. Ancak \u201cyolda\u201d ola\u011fan\u00fcst\u00fc bir macera t\u00fcm planlar\u0131 tersine \u00e7evirecektir.<\/p>\n","protected":false},"excerpt":{"rendered":"<p>On alt\u0131 ya\u015f\u0131ndaki Dario&#8217;nun ba\u015fa \u00e7\u0131kmas\u0131 \u00e7ok zor bir insan oldu\u011fu konusunda \u00f6\u011fretmenleri hemfikirdirler. Dario, kendisiyle k\u0131s\u0131tl\u0131 ileti\u015fim kuran annesiyle ya\u015far ve babas\u0131n\u0131n o daha \u00e7ocukken<span class=\"excerpt-hellip\"> [\u2026]<\/span><\/p>\n","protected":false},"featured_media":0,"template":"","meta":{"_monsterinsights_skip_tracking":false,"_monsterinsights_sitenote_active":false,"_monsterinsights_sitenote_note":"","_monsterinsights_sitenote_category":0},"product_brand":[],"product_cat":[12275,12274],"product_tag":[],"class_list":{"0":"post-785218","1":"product","2":"type-product","3":"status-publish","5":"product_cat-6-12-yas-kitaplari","6":"product_cat-cocuk-ve-genclik-kitaplari","7":"pa_cilt-ciltsiz","8":"pa_tur-kitap","9":"pa_yayinevi-genc-timas","10":"pa_yazar-gabriel-clima","12":"first","13":"instock","14":"sale","15":"shipping-taxable","16":"purchasable","17":"product-type-simple"},"_links":{"self":[{"href":"https:\/\/roveyayinevi.com.tr\/index.php\/wp-json\/wp\/v2\/product\/785218","targetHints":{"allow":["GET"]}}],"collection":[{"href":"https:\/\/roveyayinevi.com.tr\/index.php\/wp-json\/wp\/v2\/product"}],"about":[{"href":"https:\/\/roveyayinevi.com.tr\/index.php\/wp-json\/wp\/v2\/types\/product"}],"wp:attachment":[{"href":"https:\/\/roveyayinevi.com.tr\/index.php\/wp-json\/wp\/v2\/media?parent=785218"}],"wp:term":[{"taxonomy":"product_brand","embeddable":true,"href":"https:\/\/roveyayinevi.com.tr\/index.php\/wp-json\/wp\/v2\/product_brand?post=785218"},{"taxonomy":"product_cat","embeddable":true,"href":"https:\/\/roveyayinevi.com.tr\/index.php\/wp-json\/wp\/v2\/product_cat?post=785218"},{"taxonomy":"product_tag","embeddable":true,"href":"https:\/\/roveyayinevi.com.tr\/index.php\/wp-json\/wp\/v2\/product_tag?post=785218"}],"curies":[{"name":"wp","href":"https:\/\/api.w.org\/{rel}","templated":true}]}}