{"id":785211,"date":"2026-03-25T19:42:03","date_gmt":"2026-03-25T16:42:03","guid":{"rendered":"https:\/\/roveyayinevi.com.tr\/index.php\/urun\/canakkale-tufani\/"},"modified":"2026-04-16T02:08:44","modified_gmt":"2026-04-15T23:08:44","slug":"canakkale-tufani","status":"publish","type":"product","link":"https:\/\/roveyayinevi.com.tr\/index.php\/urun\/canakkale-tufani\/","title":{"rendered":"\u00c7anakkale Tufan\u0131"},"content":{"rendered":"<p>\u00c7anakkale Sava\u015f\u0131\u2019n\u0131n 100. y\u0131l\u0131nda, \u00c7anakkale Zaferi\u2019nin az bilinen detaylar\u0131, bilinmeyen s\u0131rlar\u0131 ve do\u011fru bilinen yanl\u0131\u015flar\u0131 \u00fczerine ezber bozan bir \u00e7al\u0131\u015fma\u2026 \ufffc<\/p>\n","protected":false},"excerpt":{"rendered":"<p>\u00c7anakkale Sava\u015f\u0131\u2019n\u0131n 100. y\u0131l\u0131nda, \u00c7anakkale Zaferi\u2019nin az bilinen detaylar\u0131, bilinmeyen s\u0131rlar\u0131 ve do\u011fru bilinen yanl\u0131\u015flar\u0131 \u00fczerine ezber bozan bir \u00e7al\u0131\u015fma\u2026 \ufffc<\/p>\n","protected":false},"featured_media":0,"template":"","meta":{"_monsterinsights_skip_tracking":false,"_monsterinsights_sitenote_active":false,"_monsterinsights_sitenote_note":"","_monsterinsights_sitenote_category":0},"product_brand":[],"product_cat":[12370,12304],"product_tag":[],"class_list":{"0":"post-785211","1":"product","2":"type-product","3":"status-publish","5":"product_cat-arastirma-inceleme","6":"product_cat-tarih","7":"pa_cilt-ciltsiz","8":"pa_tur-kitap","9":"pa_yayinevi-timas-yayinlari","10":"pa_yazar-ismail-bilgin","12":"first","13":"instock","14":"sale","15":"shipping-taxable","16":"purchasable","17":"product-type-simple"},"_links":{"self":[{"href":"https:\/\/roveyayinevi.com.tr\/index.php\/wp-json\/wp\/v2\/product\/785211","targetHints":{"allow":["GET"]}}],"collection":[{"href":"https:\/\/roveyayinevi.com.tr\/index.php\/wp-json\/wp\/v2\/product"}],"about":[{"href":"https:\/\/roveyayinevi.com.tr\/index.php\/wp-json\/wp\/v2\/types\/product"}],"wp:attachment":[{"href":"https:\/\/roveyayinevi.com.tr\/index.php\/wp-json\/wp\/v2\/media?parent=785211"}],"wp:term":[{"taxonomy":"product_brand","embeddable":true,"href":"https:\/\/roveyayinevi.com.tr\/index.php\/wp-json\/wp\/v2\/product_brand?post=785211"},{"taxonomy":"product_cat","embeddable":true,"href":"https:\/\/roveyayinevi.com.tr\/index.php\/wp-json\/wp\/v2\/product_cat?post=785211"},{"taxonomy":"product_tag","embeddable":true,"href":"https:\/\/roveyayinevi.com.tr\/index.php\/wp-json\/wp\/v2\/product_tag?post=785211"}],"curies":[{"name":"wp","href":"https:\/\/api.w.org\/{rel}","templated":true}]}}