{"id":785199,"date":"2026-03-25T14:55:52","date_gmt":"2026-03-25T11:55:52","guid":{"rendered":"https:\/\/roveyayinevi.com.tr\/index.php\/urun\/ciftlikte-ne-yapilir-ciltli\/"},"modified":"2026-04-15T03:48:42","modified_gmt":"2026-04-15T00:48:42","slug":"ciftlikte-ne-yapilir-ciltli","status":"publish","type":"product","link":"https:\/\/roveyayinevi.com.tr\/index.php\/urun\/ciftlikte-ne-yapilir-ciltli\/","title":{"rendered":"\u00c7iftlikte Ne Yap\u0131l\u0131r? (Ciltli)"},"content":{"rendered":"<p>&#8220;\u00c7iftlikte g\u00fcnler \u00e7ok ne\u015feli ge\u00e7er. K\u0131rlara \u00e7\u0131kar, birlikte oyunlar oynar\u0131z. Sen de bize kat\u0131lmak ister misin? \u00c7iftlik sesleriyle dolu bu kitapla \u00e7ok e\u011flenece\u011fiz!\u00c7iftlikte Ne Yap\u0131l\u0131r, k\u00fc\u00e7\u00fck okuyucular\u0131 renkli ve sesli bir \u00e7iftlik maceras\u0131na davet ediyor. \u00c7iftlik hayvanlar\u0131n\u0131n seslerini ve k\u0131r ya\u015fam\u0131n\u0131n ne\u015fesini \u00e7ocuklara e\u011flenceli bir \u015fekilde tan\u0131t\u0131yor.Kitab\u0131n sesli mekanizmas\u0131 sayesinde \u00e7ocuklar ger\u00e7ek \u00e7iftlik seslerini duyarak sayfalar\u0131 ke\u015ffediyor; birlikte oynama ve kat\u0131l\u0131m duygusunu geli\u015ftiriyor.<\/p>\n","protected":false},"excerpt":{"rendered":"<p>&#8220;\u00c7iftlikte g\u00fcnler \u00e7ok ne\u015feli ge\u00e7er. K\u0131rlara \u00e7\u0131kar, birlikte oyunlar oynar\u0131z. Sen de bize kat\u0131lmak ister misin? \u00c7iftlik sesleriyle dolu bu kitapla \u00e7ok e\u011flenece\u011fiz!\u00c7iftlikte Ne Yap\u0131l\u0131r, k\u00fc\u00e7\u00fck<span class=\"excerpt-hellip\"> [\u2026]<\/span><\/p>\n","protected":false},"featured_media":0,"template":"","meta":{"_monsterinsights_skip_tracking":false,"_monsterinsights_sitenote_active":false,"_monsterinsights_sitenote_note":"","_monsterinsights_sitenote_category":0},"product_brand":[],"product_cat":[12274,12284],"product_tag":[],"class_list":{"0":"post-785199","1":"product","2":"type-product","3":"status-publish","5":"product_cat-cocuk-ve-genclik-kitaplari","6":"product_cat-hikayeler","7":"pa_cilt-ciltsiz","8":"pa_tur-kitap","9":"pa_yayinevi-masalperest","10":"pa_yazar-kolektif","12":"first","13":"instock","14":"sale","15":"shipping-taxable","16":"purchasable","17":"product-type-simple"},"_links":{"self":[{"href":"https:\/\/roveyayinevi.com.tr\/index.php\/wp-json\/wp\/v2\/product\/785199","targetHints":{"allow":["GET"]}}],"collection":[{"href":"https:\/\/roveyayinevi.com.tr\/index.php\/wp-json\/wp\/v2\/product"}],"about":[{"href":"https:\/\/roveyayinevi.com.tr\/index.php\/wp-json\/wp\/v2\/types\/product"}],"wp:attachment":[{"href":"https:\/\/roveyayinevi.com.tr\/index.php\/wp-json\/wp\/v2\/media?parent=785199"}],"wp:term":[{"taxonomy":"product_brand","embeddable":true,"href":"https:\/\/roveyayinevi.com.tr\/index.php\/wp-json\/wp\/v2\/product_brand?post=785199"},{"taxonomy":"product_cat","embeddable":true,"href":"https:\/\/roveyayinevi.com.tr\/index.php\/wp-json\/wp\/v2\/product_cat?post=785199"},{"taxonomy":"product_tag","embeddable":true,"href":"https:\/\/roveyayinevi.com.tr\/index.php\/wp-json\/wp\/v2\/product_tag?post=785199"}],"curies":[{"name":"wp","href":"https:\/\/api.w.org\/{rel}","templated":true}]}}