{"id":785191,"date":"2026-03-25T01:06:14","date_gmt":"2026-03-24T22:06:14","guid":{"rendered":"https:\/\/roveyayinevi.com.tr\/index.php\/urun\/arkadasin-ve-sen\/"},"modified":"2026-04-15T03:48:49","modified_gmt":"2026-04-15T00:48:49","slug":"arkadasin-ve-sen","status":"publish","type":"product","link":"https:\/\/roveyayinevi.com.tr\/index.php\/urun\/arkadasin-ve-sen\/","title":{"rendered":"Arkada\u015f\u0131n ve Sen"},"content":{"rendered":"<p>Bu sabah \u00e7ekinerek k\u00fc\u00e7\u00fck kirpinin yan\u0131na gittin.Birlikte k\u00fc\u00e7\u00fck bir dereyi a\u015fmak i\u00e7in kirpi elini tuttu.Sen ona duygular\u0131n\u0131 g\u00f6sterip kalbini a\u00e7t\u0131n;o da sana kalbini a\u00e7t\u0131\u2026O g\u00fcnden sonra bir fareyle bir kirpi,birbirlerinin en iyi arkada\u015f\u0131 oldular.Arkada\u015fl\u0131\u011f\u0131n s\u0131cakl\u0131\u011f\u0131n\u0131 ve de\u011ferini, payla\u015fman\u0131n mutlulu\u011funuanlatan keyifli bir \u00f6yk\u00fc.<\/p>\n","protected":false},"excerpt":{"rendered":"<p>Bu sabah \u00e7ekinerek k\u00fc\u00e7\u00fck kirpinin yan\u0131na gittin.Birlikte k\u00fc\u00e7\u00fck bir dereyi a\u015fmak i\u00e7in kirpi elini tuttu.Sen ona duygular\u0131n\u0131 g\u00f6sterip kalbini a\u00e7t\u0131n;o da sana kalbini a\u00e7t\u0131\u2026O g\u00fcnden sonra<span class=\"excerpt-hellip\"> [\u2026]<\/span><\/p>\n","protected":false},"featured_media":0,"template":"","meta":{"_monsterinsights_skip_tracking":false,"_monsterinsights_sitenote_active":false,"_monsterinsights_sitenote_note":"","_monsterinsights_sitenote_category":0},"product_brand":[],"product_cat":[12274,12284],"product_tag":[],"class_list":{"0":"post-785191","1":"product","2":"type-product","3":"status-publish","5":"product_cat-cocuk-ve-genclik-kitaplari","6":"product_cat-hikayeler","7":"pa_cilt-ciltsiz","8":"pa_tur-kitap","9":"pa_yayinevi-1001-cicek-kitaplar","10":"pa_yazar-sylvain-zorzin","12":"first","13":"instock","14":"sale","15":"shipping-taxable","16":"purchasable","17":"product-type-simple"},"_links":{"self":[{"href":"https:\/\/roveyayinevi.com.tr\/index.php\/wp-json\/wp\/v2\/product\/785191","targetHints":{"allow":["GET"]}}],"collection":[{"href":"https:\/\/roveyayinevi.com.tr\/index.php\/wp-json\/wp\/v2\/product"}],"about":[{"href":"https:\/\/roveyayinevi.com.tr\/index.php\/wp-json\/wp\/v2\/types\/product"}],"wp:attachment":[{"href":"https:\/\/roveyayinevi.com.tr\/index.php\/wp-json\/wp\/v2\/media?parent=785191"}],"wp:term":[{"taxonomy":"product_brand","embeddable":true,"href":"https:\/\/roveyayinevi.com.tr\/index.php\/wp-json\/wp\/v2\/product_brand?post=785191"},{"taxonomy":"product_cat","embeddable":true,"href":"https:\/\/roveyayinevi.com.tr\/index.php\/wp-json\/wp\/v2\/product_cat?post=785191"},{"taxonomy":"product_tag","embeddable":true,"href":"https:\/\/roveyayinevi.com.tr\/index.php\/wp-json\/wp\/v2\/product_tag?post=785191"}],"curies":[{"name":"wp","href":"https:\/\/api.w.org\/{rel}","templated":true}]}}