{"id":785189,"date":"2026-03-25T01:06:11","date_gmt":"2026-03-24T22:06:11","guid":{"rendered":"https:\/\/roveyayinevi.com.tr\/index.php\/urun\/annen-her-zaman-seninle\/"},"modified":"2026-04-15T03:48:48","modified_gmt":"2026-04-15T00:48:48","slug":"annen-her-zaman-seninle","status":"publish","type":"product","link":"https:\/\/roveyayinevi.com.tr\/index.php\/urun\/annen-her-zaman-seninle\/","title":{"rendered":"Annen Her Zaman Seninle"},"content":{"rendered":"<p>Anne ay\u0131n\u0131n yavrusuna olan s\u0131n\u0131rs\u0131z ve ko\u015fulsuz sevgisi\u2026  Anne her ad\u0131m\u0131nda yavrusunu cesaretlendirir, korur ve ona yol g\u00f6sterir. Bir anne ile yavrusu aras\u0131ndaki o benzersiz ve b\u00fcy\u00fcl\u00fc ba\u011f\u0131 anlatan bu s\u0131cac\u0131k \u00f6yk\u00fc, \u00e7ocu\u011funuza \u201cSeni seviyorum\u201d demenin en g\u00fczel yolu!<\/p>\n","protected":false},"excerpt":{"rendered":"<p>Anne ay\u0131n\u0131n yavrusuna olan s\u0131n\u0131rs\u0131z ve ko\u015fulsuz sevgisi\u2026 Anne her ad\u0131m\u0131nda yavrusunu cesaretlendirir, korur ve ona yol g\u00f6sterir. Bir anne ile yavrusu aras\u0131ndaki o benzersiz ve<span class=\"excerpt-hellip\"> [\u2026]<\/span><\/p>\n","protected":false},"featured_media":0,"template":"","meta":{"_monsterinsights_skip_tracking":false,"_monsterinsights_sitenote_active":false,"_monsterinsights_sitenote_note":"","_monsterinsights_sitenote_category":0},"product_brand":[],"product_cat":[141304],"product_tag":[],"class_list":{"0":"post-785189","1":"product","2":"type-product","3":"status-publish","5":"product_cat-yeni-cikanlar","6":"pa_cilt-ciltsiz","7":"pa_tur-kitap","8":"pa_yayinevi-1001-cicek-kitaplar","9":"pa_yazar-sylvain-zorzin","11":"first","12":"instock","13":"sale","14":"shipping-taxable","15":"purchasable","16":"product-type-simple"},"_links":{"self":[{"href":"https:\/\/roveyayinevi.com.tr\/index.php\/wp-json\/wp\/v2\/product\/785189","targetHints":{"allow":["GET"]}}],"collection":[{"href":"https:\/\/roveyayinevi.com.tr\/index.php\/wp-json\/wp\/v2\/product"}],"about":[{"href":"https:\/\/roveyayinevi.com.tr\/index.php\/wp-json\/wp\/v2\/types\/product"}],"wp:attachment":[{"href":"https:\/\/roveyayinevi.com.tr\/index.php\/wp-json\/wp\/v2\/media?parent=785189"}],"wp:term":[{"taxonomy":"product_brand","embeddable":true,"href":"https:\/\/roveyayinevi.com.tr\/index.php\/wp-json\/wp\/v2\/product_brand?post=785189"},{"taxonomy":"product_cat","embeddable":true,"href":"https:\/\/roveyayinevi.com.tr\/index.php\/wp-json\/wp\/v2\/product_cat?post=785189"},{"taxonomy":"product_tag","embeddable":true,"href":"https:\/\/roveyayinevi.com.tr\/index.php\/wp-json\/wp\/v2\/product_tag?post=785189"}],"curies":[{"name":"wp","href":"https:\/\/api.w.org\/{rel}","templated":true}]}}