{"id":785187,"date":"2026-03-25T01:06:07","date_gmt":"2026-03-24T22:06:07","guid":{"rendered":"https:\/\/roveyayinevi.com.tr\/index.php\/urun\/osmanli-imparatorlugunda-iki-din-tasiyanlar\/"},"modified":"2026-04-15T03:48:44","modified_gmt":"2026-04-15T00:48:44","slug":"osmanli-imparatorlugunda-iki-din-tasiyanlar","status":"publish","type":"product","link":"https:\/\/roveyayinevi.com.tr\/index.php\/urun\/osmanli-imparatorlugunda-iki-din-tasiyanlar\/","title":{"rendered":"Osmanl\u0131 \u0130mparatorlu\u011funda \u0130ki Din Ta\u015f\u0131yanlar"},"content":{"rendered":"<p>Osmanl\u0131 \u0130mparatorlu\u011fu, farkl\u0131 din ve k\u00fclt\u00fcrleri y\u00fczy\u0131llar boyunca bir arada bar\u0131nd\u0131ran benzersiz bir medeniyetti. Ancak bu \u00e7ok dinli yap\u0131n\u0131n g\u00f6lgesinde, ne tam M\u00fcsl\u00fcman ne de tam Hristiyan say\u0131lan, \u201ciki din ta\u015f\u0131yanlar\u201d ad\u0131yla an\u0131lan topluluklar da vard\u0131.Elinizdeki eser, Osmanl\u0131\u2019n\u0131n \u00f6zellikle Trabzon ve G\u00fcm\u00fc\u015fhane \u00e7evresinde ya\u015fayan bu gruplar\u0131, onlar\u0131n g\u00fcndelik hayatlar\u0131n\u0131, dini pratiklerini ve toplumla kurduklar\u0131 hassas ili\u015fkileri ar\u015fiv belgeleri, konsolos raporlar\u0131 ve seyahatnameler \u0131\u015f\u0131\u011f\u0131nda inceliyor. Tanzimat\u2019tan m\u00fcbadeleye uzanan s\u00fcre\u00e7te iki dinli kimli\u011fin nas\u0131l bir sosyal, siyasi ve k\u00fclt\u00fcrel problem haline geldi\u011fini g\u00f6zler \u00f6n\u00fcne seriyor.Osmanl\u0131 \u0130mparatorlu\u011funda \u0130ki Din Ta\u015f\u0131yanlar Osmanl\u0131 toplumunun g\u00f6lgede kalm\u0131\u015f bir y\u00f6n\u00fcn\u00fc ayd\u0131nlatmakla kalm\u0131yor; din de\u011fi\u015ftirme, kimlik, aidiyet ve toplumsal haf\u0131za \u00fczerine de d\u00fc\u015f\u00fcnd\u00fcr\u00fcc\u00fc sorular ortaya koyuyor.<\/p>\n","protected":false},"excerpt":{"rendered":"<p>Osmanl\u0131 \u0130mparatorlu\u011fu, farkl\u0131 din ve k\u00fclt\u00fcrleri y\u00fczy\u0131llar boyunca bir arada bar\u0131nd\u0131ran benzersiz bir medeniyetti. Ancak bu \u00e7ok dinli yap\u0131n\u0131n g\u00f6lgesinde, ne tam M\u00fcsl\u00fcman ne de tam<span class=\"excerpt-hellip\"> [\u2026]<\/span><\/p>\n","protected":false},"featured_media":0,"template":"","meta":{"_monsterinsights_skip_tracking":false,"_monsterinsights_sitenote_active":false,"_monsterinsights_sitenote_note":"","_monsterinsights_sitenote_category":0},"product_brand":[],"product_cat":[13517,12304],"product_tag":[],"class_list":{"0":"post-785187","1":"product","2":"type-product","3":"status-publish","5":"product_cat-osmanli-tarihi","6":"product_cat-tarih","7":"pa_cilt-ciltsiz","8":"pa_tur-kitap","9":"pa_yayinevi-otuken-nesriyat","10":"pa_yazar-mehmet-bilgin","12":"first","13":"instock","14":"sale","15":"shipping-taxable","16":"purchasable","17":"product-type-simple"},"_links":{"self":[{"href":"https:\/\/roveyayinevi.com.tr\/index.php\/wp-json\/wp\/v2\/product\/785187","targetHints":{"allow":["GET"]}}],"collection":[{"href":"https:\/\/roveyayinevi.com.tr\/index.php\/wp-json\/wp\/v2\/product"}],"about":[{"href":"https:\/\/roveyayinevi.com.tr\/index.php\/wp-json\/wp\/v2\/types\/product"}],"wp:attachment":[{"href":"https:\/\/roveyayinevi.com.tr\/index.php\/wp-json\/wp\/v2\/media?parent=785187"}],"wp:term":[{"taxonomy":"product_brand","embeddable":true,"href":"https:\/\/roveyayinevi.com.tr\/index.php\/wp-json\/wp\/v2\/product_brand?post=785187"},{"taxonomy":"product_cat","embeddable":true,"href":"https:\/\/roveyayinevi.com.tr\/index.php\/wp-json\/wp\/v2\/product_cat?post=785187"},{"taxonomy":"product_tag","embeddable":true,"href":"https:\/\/roveyayinevi.com.tr\/index.php\/wp-json\/wp\/v2\/product_tag?post=785187"}],"curies":[{"name":"wp","href":"https:\/\/api.w.org\/{rel}","templated":true}]}}