{"id":785184,"date":"2026-03-25T01:06:02","date_gmt":"2026-03-24T22:06:02","guid":{"rendered":"https:\/\/roveyayinevi.com.tr\/index.php\/urun\/bir-isme-ihtiyacim-yok\/"},"modified":"2026-04-15T03:48:42","modified_gmt":"2026-04-15T00:48:42","slug":"bir-isme-ihtiyacim-yok","status":"publish","type":"product","link":"https:\/\/roveyayinevi.com.tr\/index.php\/urun\/bir-isme-ihtiyacim-yok\/","title":{"rendered":"Bir \u0130sme \u0130htiyac\u0131m Yok"},"content":{"rendered":"<p>Bu kitap, \u015fairini bizzat se\u00e7mi\u015ftir. Eski bir \u0130spanyol \u015fiirinin dizelerinden ilham alan ismi, isimsizli\u011finde gizlidir. \u0130\u00e7indeki \u015fiirler, belki hi\u00e7 ya\u015fanmam\u0131\u015f anlar\u0131n, belki de ad\u0131 konmam\u0131\u015f an\u0131lar\u0131n korunakl\u0131 bir saklanma bi\u00e7imidir. Dolay\u0131s\u0131yla okuru \u00f6nemlidir. Buraya kadar okuduklar\u0131n ilgini \u00e7ektiyse, bu bir tesad\u00fcf de\u011fildir. Tan\u0131\u015ft\u0131\u011f\u0131m\u0131za memnun olmak i\u00e7in, \u201cBir \u0130sme \u0130htiyac\u0131m\u0131z Yok.\u201d<\/p>\n","protected":false},"excerpt":{"rendered":"<p>Bu kitap, \u015fairini bizzat se\u00e7mi\u015ftir. Eski bir \u0130spanyol \u015fiirinin dizelerinden ilham alan ismi, isimsizli\u011finde gizlidir. \u0130\u00e7indeki \u015fiirler, belki hi\u00e7 ya\u015fanmam\u0131\u015f anlar\u0131n, belki de ad\u0131 konmam\u0131\u015f an\u0131lar\u0131n<span class=\"excerpt-hellip\"> [\u2026]<\/span><\/p>\n","protected":false},"featured_media":0,"template":"","meta":{"_monsterinsights_skip_tracking":false,"_monsterinsights_sitenote_active":false,"_monsterinsights_sitenote_note":"","_monsterinsights_sitenote_category":0},"product_brand":[],"product_cat":[141304],"product_tag":[],"class_list":{"0":"post-785184","1":"product","2":"type-product","3":"status-publish","5":"product_cat-yeni-cikanlar","6":"pa_cilt-ciltsiz","7":"pa_tur-kitap","8":"pa_yayinevi-us-yayinlari","9":"pa_yazar-rumeysa-demir","11":"first","12":"instock","13":"sale","14":"shipping-taxable","15":"purchasable","16":"product-type-simple"},"_links":{"self":[{"href":"https:\/\/roveyayinevi.com.tr\/index.php\/wp-json\/wp\/v2\/product\/785184","targetHints":{"allow":["GET"]}}],"collection":[{"href":"https:\/\/roveyayinevi.com.tr\/index.php\/wp-json\/wp\/v2\/product"}],"about":[{"href":"https:\/\/roveyayinevi.com.tr\/index.php\/wp-json\/wp\/v2\/types\/product"}],"wp:attachment":[{"href":"https:\/\/roveyayinevi.com.tr\/index.php\/wp-json\/wp\/v2\/media?parent=785184"}],"wp:term":[{"taxonomy":"product_brand","embeddable":true,"href":"https:\/\/roveyayinevi.com.tr\/index.php\/wp-json\/wp\/v2\/product_brand?post=785184"},{"taxonomy":"product_cat","embeddable":true,"href":"https:\/\/roveyayinevi.com.tr\/index.php\/wp-json\/wp\/v2\/product_cat?post=785184"},{"taxonomy":"product_tag","embeddable":true,"href":"https:\/\/roveyayinevi.com.tr\/index.php\/wp-json\/wp\/v2\/product_tag?post=785184"}],"curies":[{"name":"wp","href":"https:\/\/api.w.org\/{rel}","templated":true}]}}