{"id":785168,"date":"2026-03-23T22:24:08","date_gmt":"2026-03-23T19:24:08","guid":{"rendered":"https:\/\/roveyayinevi.com.tr\/index.php\/urun\/eski-uygurca-bibliyografyasi\/"},"modified":"2026-04-15T03:48:44","modified_gmt":"2026-04-15T00:48:44","slug":"eski-uygurca-bibliyografyasi","status":"publish","type":"product","link":"https:\/\/roveyayinevi.com.tr\/index.php\/urun\/eski-uygurca-bibliyografyasi\/","title":{"rendered":"Eski Uygurca Bibliyografyas\u0131"},"content":{"rendered":"<p>Manihaizm, Budizm ve Hristiyanl\u0131k gibi farkl\u0131 inan\u00e7 geleneklerinin izlerini ta\u015f\u0131yan Eski Uygurca metinler; Orta Asya\u2019n\u0131n k\u00fclt\u00fcrel, entelekt\u00fcel ve toplumsal d\u00fcnyas\u0131n\u0131 ayd\u0131nlatan \u00e7ok y\u00f6nl\u00fc bir kaynak niteli\u011findedir. Turfan ve \u00e7evresinde ger\u00e7ekle\u015ftirilen ke\u015fifler sonucunda ortaya \u00e7\u0131kar\u0131lan binlerce belgenin bulundu\u011fu e\u015fsiz k\u00fclliyat, 19. y\u00fczy\u0131l\u0131n sonlar\u0131ndan itibaren y\u00fcr\u00fct\u00fclen bilimsel \u00e7al\u0131\u015fmalar sayesinde uluslararas\u0131 bir ara\u015ft\u0131rma alan\u0131na d\u00f6n\u00fc\u015fm\u00fc\u015ft\u00fcr. Elinizdeki eser bu geni\u015f ve \u00e7ok dilli literat\u00fcr\u00fc bir araya getirerek hem ara\u015ft\u0131rmac\u0131lara kapsaml\u0131 ve sistemli bir ba\u015fvuru kayna\u011f\u0131 sunmay\u0131 hem de Eski Uygurca ara\u015ft\u0131rmalar\u0131n\u0131n daha sa\u011flam temeller \u00fczerinde ilerlemesine katk\u0131 sa\u011flamay\u0131 ama\u00e7lamaktad\u0131r.<\/p>\n","protected":false},"excerpt":{"rendered":"<p>Manihaizm, Budizm ve Hristiyanl\u0131k gibi farkl\u0131 inan\u00e7 geleneklerinin izlerini ta\u015f\u0131yan Eski Uygurca metinler; Orta Asya\u2019n\u0131n k\u00fclt\u00fcrel, entelekt\u00fcel ve toplumsal d\u00fcnyas\u0131n\u0131 ayd\u0131nlatan \u00e7ok y\u00f6nl\u00fc bir kaynak niteli\u011findedir.<span class=\"excerpt-hellip\"> [\u2026]<\/span><\/p>\n","protected":false},"featured_media":0,"template":"","meta":{"_monsterinsights_skip_tracking":false,"_monsterinsights_sitenote_active":false,"_monsterinsights_sitenote_note":"","_monsterinsights_sitenote_category":0},"product_brand":[],"product_cat":[12370,12304],"product_tag":[],"class_list":{"0":"post-785168","1":"product","2":"type-product","3":"status-publish","5":"product_cat-arastirma-inceleme","6":"product_cat-tarih","7":"pa_cilt-ciltsiz","8":"pa_tur-kitap","9":"pa_yayinevi-soncag-akademik-kitaplar","10":"pa_yazar-oktay-dere","12":"first","13":"instock","14":"sale","15":"shipping-taxable","16":"purchasable","17":"product-type-simple"},"_links":{"self":[{"href":"https:\/\/roveyayinevi.com.tr\/index.php\/wp-json\/wp\/v2\/product\/785168","targetHints":{"allow":["GET"]}}],"collection":[{"href":"https:\/\/roveyayinevi.com.tr\/index.php\/wp-json\/wp\/v2\/product"}],"about":[{"href":"https:\/\/roveyayinevi.com.tr\/index.php\/wp-json\/wp\/v2\/types\/product"}],"wp:attachment":[{"href":"https:\/\/roveyayinevi.com.tr\/index.php\/wp-json\/wp\/v2\/media?parent=785168"}],"wp:term":[{"taxonomy":"product_brand","embeddable":true,"href":"https:\/\/roveyayinevi.com.tr\/index.php\/wp-json\/wp\/v2\/product_brand?post=785168"},{"taxonomy":"product_cat","embeddable":true,"href":"https:\/\/roveyayinevi.com.tr\/index.php\/wp-json\/wp\/v2\/product_cat?post=785168"},{"taxonomy":"product_tag","embeddable":true,"href":"https:\/\/roveyayinevi.com.tr\/index.php\/wp-json\/wp\/v2\/product_tag?post=785168"}],"curies":[{"name":"wp","href":"https:\/\/api.w.org\/{rel}","templated":true}]}}