{"id":785155,"date":"2026-03-23T22:23:40","date_gmt":"2026-03-23T19:23:40","guid":{"rendered":"https:\/\/roveyayinevi.com.tr\/index.php\/urun\/kirik-baloncuk\/"},"modified":"2026-04-15T03:48:41","modified_gmt":"2026-04-15T00:48:41","slug":"kirik-baloncuk","status":"publish","type":"product","link":"https:\/\/roveyayinevi.com.tr\/index.php\/urun\/kirik-baloncuk\/","title":{"rendered":"K\u0131r\u0131k Baloncuk"},"content":{"rendered":"<p>Amerikan r\u00fcyas\u0131n\u0131n karanl\u0131k k\u0131y\u0131lar\u0131na dair sars\u0131c\u0131 bir anlat\u0131 niteli\u011findeki K\u0131r\u0131k Baloncuk, ilk kez T\u00fcrk\u00e7ede. Ger\u00e7eklik ile yan\u0131lsama aras\u0131ndaki \u00e7izgiyi s\u00fcrekli sorgulayan, bilimkurgunun en \u00f6nde gelen isimlerinden Philip K. Dick, So\u011fuk Sava\u015f\u2019\u0131n ve toplumsal krizlerin g\u00f6lgesinde insan do\u011fas\u0131n\u0131 mercek alt\u0131na ald\u0131. Bir\u00e7ok roman\u0131 kendisini \u00e7a\u011f\u0131n\u0131n \u00f6tesine ta\u015f\u0131yan sorularla doluydu. En \u00fcnl\u00fc romanlar\u0131ndan Y\u00fcksek \u015eatodaki Adam, alternatif bir tarihte Nazilerin sava\u015f\u0131 kazand\u0131\u011f\u0131 bir d\u00fcnyay\u0131 resmederken, k\u00fclt eseri Androidler Elektrikli Koyun D\u00fc\u015fler mi? insan olman\u0131n \u00f6z\u00fcn\u00fc sorgulayan karanl\u0131k bir gelecek tasvir ediyordu. Dick\u2019in b\u00fct\u00fcn eserlerinde ortak bir tema vard\u0131: ger\u00e7ekli\u011fin k\u0131r\u0131lganl\u0131\u011f\u0131, otoritelerin manip\u00fclasyonu ve bireyin kimli\u011fini koruma m\u00fccadelesi.  1950\u2019lerin San Francisco\u2019sunda yollar\u0131 kesi\u015fen d\u00f6rt insan, hayatlar\u0131n\u0131n asl\u0131nda ne denli k\u0131r\u0131lgan oldu\u011funu fark etmeye ba\u015flar. Yay\u0131n s\u0131ras\u0131nda bir reklam metnini okumak istemedi\u011fi i\u00e7in i\u015finden uzakla\u015ft\u0131r\u0131lan radyo sunucusu Jim, onun eski e\u015fi Pat ve gen\u00e7 evli \u00e7ift Art ile Rachael\u2026 Her biri kendi k\u00fc\u00e7\u00fck hayal k\u0131r\u0131kl\u0131klar\u0131yla, yanl\u0131\u015f kararlarla ve yar\u0131m kalm\u0131\u015f umutlarla bo\u011fu\u015fmaktad\u0131r. Jim\u2019in kariyeri tehlikeye girerken, Art ise kendini tuhaf bir devrimci grubun i\u00e7inde bulur. \u0130li\u015fkiler karma\u015f\u0131kla\u015ft\u0131k\u00e7a herkesin asl\u0131nda ayn\u0131 \u015feye tutundu\u011fu anla\u015f\u0131l\u0131r: K\u0131sa bir s\u00fcreli\u011fine bile olsa huzurlu ve anlaml\u0131 bir hayat kurma umudu. Oysa bu m\u00fctevaz\u0131 arzu, \u00e7o\u011fu zaman ula\u015f\u0131lmas\u0131 en zor hedeftir. &#8220;Dick\u2019in bilimkurgu d\u0131\u015f\u0131 romanlar\u0131 aras\u0131nda en i\u00e7ten, en dokunakl\u0131 ve ger\u00e7ekli\u011fe en sad\u0131k olan\u0131. Yazar\u0131n karakterlerine duydu\u011fu \u015fefkatin zirve noktas\u0131.&#8221; \u2014 Lawrence Sutin<\/p>\n","protected":false},"excerpt":{"rendered":"<p>Amerikan r\u00fcyas\u0131n\u0131n karanl\u0131k k\u0131y\u0131lar\u0131na dair sars\u0131c\u0131 bir anlat\u0131 niteli\u011findeki K\u0131r\u0131k Baloncuk, ilk kez T\u00fcrk\u00e7ede. Ger\u00e7eklik ile yan\u0131lsama aras\u0131ndaki \u00e7izgiyi s\u00fcrekli sorgulayan, bilimkurgunun en \u00f6nde gelen isimlerinden<span class=\"excerpt-hellip\"> [\u2026]<\/span><\/p>\n","protected":false},"featured_media":0,"template":"","meta":{"_monsterinsights_skip_tracking":false,"_monsterinsights_sitenote_active":false,"_monsterinsights_sitenote_note":"","_monsterinsights_sitenote_category":0},"product_brand":[],"product_cat":[12291,12711],"product_tag":[],"class_list":{"0":"post-785155","1":"product","2":"type-product","3":"status-publish","5":"product_cat-edebiyat","6":"product_cat-roman-oyku","7":"pa_cilt-ciltsiz","8":"pa_tur-kitap","9":"pa_yayinevi-ithaki-yayinlari","10":"pa_yazar-philip-k-dick","12":"first","13":"instock","14":"sale","15":"shipping-taxable","16":"purchasable","17":"product-type-simple"},"_links":{"self":[{"href":"https:\/\/roveyayinevi.com.tr\/index.php\/wp-json\/wp\/v2\/product\/785155","targetHints":{"allow":["GET"]}}],"collection":[{"href":"https:\/\/roveyayinevi.com.tr\/index.php\/wp-json\/wp\/v2\/product"}],"about":[{"href":"https:\/\/roveyayinevi.com.tr\/index.php\/wp-json\/wp\/v2\/types\/product"}],"wp:attachment":[{"href":"https:\/\/roveyayinevi.com.tr\/index.php\/wp-json\/wp\/v2\/media?parent=785155"}],"wp:term":[{"taxonomy":"product_brand","embeddable":true,"href":"https:\/\/roveyayinevi.com.tr\/index.php\/wp-json\/wp\/v2\/product_brand?post=785155"},{"taxonomy":"product_cat","embeddable":true,"href":"https:\/\/roveyayinevi.com.tr\/index.php\/wp-json\/wp\/v2\/product_cat?post=785155"},{"taxonomy":"product_tag","embeddable":true,"href":"https:\/\/roveyayinevi.com.tr\/index.php\/wp-json\/wp\/v2\/product_tag?post=785155"}],"curies":[{"name":"wp","href":"https:\/\/api.w.org\/{rel}","templated":true}]}}