{"id":785151,"date":"2026-03-23T22:20:52","date_gmt":"2026-03-23T19:20:52","guid":{"rendered":"https:\/\/roveyayinevi.com.tr\/index.php\/urun\/kucuk-cizgiler-buyuk-mesajlar\/"},"modified":"2026-04-15T03:44:46","modified_gmt":"2026-04-15T00:44:46","slug":"kucuk-cizgiler-buyuk-mesajlar","status":"publish","type":"product","link":"https:\/\/roveyayinevi.com.tr\/index.php\/urun\/kucuk-cizgiler-buyuk-mesajlar\/","title":{"rendered":"K\u00fc\u00e7\u00fck \u00c7izgiler B\u00fcy\u00fck Mesajlar"},"content":{"rendered":"<p>\u00c7ocuklar duygular\u0131n\u0131 \u00e7o\u011fu zaman \u00e7izgilerle, renklerle ve basit fig\u00fcrlerle ifade eder. Bu sessiz dili do\u011fru okumak ise dikkat ve bilgi gerektirir. \u201cK\u00fc\u00e7\u00fck \u00c7izgiler, B\u00fcy\u00fck Mesajlar: \u00c7ocuk Resimlerini Anlama Sanat\u0131\u201d, \u00e7ocuklar\u0131n \u00e7izimlerini bir de\u011ferlendirme arac\u0131 de\u011fil, onlar\u0131n i\u00e7 d\u00fcnyas\u0131na a\u00e7\u0131lan bir ileti\u015fim k\u00f6pr\u00fcs\u00fc olarak ele alan kapsaml\u0131 ve bilimsel temelli bir rehberdir. Kitap, renklerin ve sembollerin ta\u015f\u0131d\u0131\u011f\u0131 duygusal anlamlar\u0131 a\u00e7\u0131klarken, tek bir resimden h\u00fck\u00fcm vermenin risklerine ve s\u00fcre\u00e7 boyunca g\u00f6r\u00fclen tekrarlar\u0131n \u00f6nemine dikkat \u00e7eker. Ebeveynler, \u00f6\u011fretmenler ve \u00e7ocuklarla \u00e7al\u0131\u015fan uzmanlar i\u00e7in haz\u0131rlanan bu eser; do\u011fru sorular\u0131 sormay\u0131, resimlere etik bir bak\u0131\u015f a\u00e7\u0131s\u0131yla yakla\u015fmay\u0131 ve gerekti\u011finde profesyonel destek alman\u0131n gereklili\u011fini anla\u015f\u0131l\u0131r bir dille sunar. Bu kitap, \u00e7ocuklar\u0131n \u00e7izimlerinde sakl\u0131 duygusal ipu\u00e7lar\u0131n\u0131 fark etmek ve onlara daha bilin\u00e7li, daha duyarl\u0131 bir \u015fekilde e\u015flik etmek isteyen herkes i\u00e7in de\u011ferli bir rehber niteli\u011findedir. Unutmay\u0131n: Bir \u00e7ocu\u011fun resmi, \u00e7o\u011fu zaman kelimelerin s\u00f6yleyemediklerini f\u0131s\u0131ldar.<\/p>\n","protected":false},"excerpt":{"rendered":"<p>\u00c7ocuklar duygular\u0131n\u0131 \u00e7o\u011fu zaman \u00e7izgilerle, renklerle ve basit fig\u00fcrlerle ifade eder. Bu sessiz dili do\u011fru okumak ise dikkat ve bilgi gerektirir. \u201cK\u00fc\u00e7\u00fck \u00c7izgiler, B\u00fcy\u00fck Mesajlar: \u00c7ocuk<span class=\"excerpt-hellip\"> [\u2026]<\/span><\/p>\n","protected":false},"featured_media":0,"template":"","meta":{"_monsterinsights_skip_tracking":false,"_monsterinsights_sitenote_active":false,"_monsterinsights_sitenote_note":"","_monsterinsights_sitenote_category":0},"product_brand":[],"product_cat":[12679,12357],"product_tag":[],"class_list":{"0":"post-785151","1":"product","2":"type-product","3":"status-publish","5":"product_cat-cocuk-psikolojisi","6":"product_cat-psikoloji","7":"pa_cilt-ciltsiz","8":"pa_tur-kitap","9":"pa_yayinevi-luna-yayinlari","10":"pa_yazar-deniz-buyukbalya","12":"first","13":"instock","14":"sale","15":"shipping-taxable","16":"purchasable","17":"product-type-simple"},"_links":{"self":[{"href":"https:\/\/roveyayinevi.com.tr\/index.php\/wp-json\/wp\/v2\/product\/785151","targetHints":{"allow":["GET"]}}],"collection":[{"href":"https:\/\/roveyayinevi.com.tr\/index.php\/wp-json\/wp\/v2\/product"}],"about":[{"href":"https:\/\/roveyayinevi.com.tr\/index.php\/wp-json\/wp\/v2\/types\/product"}],"wp:attachment":[{"href":"https:\/\/roveyayinevi.com.tr\/index.php\/wp-json\/wp\/v2\/media?parent=785151"}],"wp:term":[{"taxonomy":"product_brand","embeddable":true,"href":"https:\/\/roveyayinevi.com.tr\/index.php\/wp-json\/wp\/v2\/product_brand?post=785151"},{"taxonomy":"product_cat","embeddable":true,"href":"https:\/\/roveyayinevi.com.tr\/index.php\/wp-json\/wp\/v2\/product_cat?post=785151"},{"taxonomy":"product_tag","embeddable":true,"href":"https:\/\/roveyayinevi.com.tr\/index.php\/wp-json\/wp\/v2\/product_tag?post=785151"}],"curies":[{"name":"wp","href":"https:\/\/api.w.org\/{rel}","templated":true}]}}