{"id":785118,"date":"2026-03-19T03:35:05","date_gmt":"2026-03-19T00:35:05","guid":{"rendered":"https:\/\/roveyayinevi.com.tr\/index.php\/urun\/guclu-bilincalti-mukemmel-zihin\/"},"modified":"2026-04-07T03:40:46","modified_gmt":"2026-04-07T00:40:46","slug":"guclu-bilincalti-mukemmel-zihin","status":"publish","type":"product","link":"https:\/\/roveyayinevi.com.tr\/index.php\/urun\/guclu-bilincalti-mukemmel-zihin\/","title":{"rendered":"G\u00fc\u00e7l\u00fc Bilin\u00e7alt\u0131 M\u00fckemmel Zihin"},"content":{"rendered":"<p>Beyin ba\u015far\u0131n\u0131n alt\u0131n anahtar\u0131d\u0131r.N\u00f6robilim alan\u0131nda \u00e7\u0131\u011f\u0131r a\u00e7an yakla\u015f\u0131mlar\u0131 ki\u015fisel geli\u015fim tad\u0131nda anlatan bu kitap \u015funu s\u00f6yl\u00fcyor:\u2022 K\u00f6t\u00fc d\u00fc\u015f\u00fcncelerinizi nas\u0131l azaltabilir ve daha etkili ileti\u015fim kurabilirsiniz?\u2022 Zorluklar kar\u015f\u0131s\u0131nda zihinsel stratejiler bulman\u0131z, kontrol\u00fc b\u0131rak\u0131p yarat\u0131c\u0131l\u0131\u011f\u0131n\u0131z\u0131 \u00f6zg\u00fcrle\u015ftirmeniz m\u00fcmk\u00fcn m\u00fc?\u2022 Motivasyonunuzu art\u0131rman\u0131n bir yolunu bulsan\u0131z ve kariyerinizde daha pozitif etkile\u015fimler kursan\u0131z hayat\u0131n\u0131z nas\u0131l olurdu?Beynimiz de\u011fi\u015fime do\u011fal olarak direnme e\u011filimindedir, ancak ayn\u0131 zamanda geli\u015fmek ve d\u00f6n\u00fc\u015fmek i\u00e7in ola\u011fan\u00fcst\u00fc bir potansiyel de ta\u015f\u0131r. Onu nas\u0131l y\u00f6netece\u011finizi \u00f6\u011frenerek \u00f6zg\u00fcveninizi g\u00fc\u00e7lendirebilir, ili\u015fkilerinizi iyile\u015ftirebilir ve hem ki\u015fisel hem de profesyonel hayatta kar\u015f\u0131la\u015ft\u0131\u011f\u0131n\u0131z g\u00fcnl\u00fck zorluklar\u0131 daha iyi y\u00f6netebilirsiniz.Bir zamanlar ileri seviye utanga\u00e7 olan ama bug\u00fcn uluslararas\u0131 bir konu\u015fmac\u0131ya d\u00f6n\u00fc\u015fen yazar Biliana Todorova, n\u00f6robilim \u0131\u015f\u0131\u011f\u0131nda zihinsel performans\u0131n\u0131z\u0131 geli\u015ftirmek i\u00e7in en iyi y\u00f6ntemleri payla\u015f\u0131yor. G\u00fcnl\u00fck hayatta kolayca uygulanabilecek egzersizlerle zenginle\u015ftirilmi\u015f bu kitap, sizi ba\u015far\u0131n\u0131n merkezinde yer alan zihinsel m\u00fckemmelli\u011fe ula\u015ft\u0131racak!<\/p>\n","protected":false},"excerpt":{"rendered":"<p>Beyin ba\u015far\u0131n\u0131n alt\u0131n anahtar\u0131d\u0131r.N\u00f6robilim alan\u0131nda \u00e7\u0131\u011f\u0131r a\u00e7an yakla\u015f\u0131mlar\u0131 ki\u015fisel geli\u015fim tad\u0131nda anlatan bu kitap \u015funu s\u00f6yl\u00fcyor:\u2022 K\u00f6t\u00fc d\u00fc\u015f\u00fcncelerinizi nas\u0131l azaltabilir ve daha etkili ileti\u015fim kurabilirsiniz?\u2022 Zorluklar<span class=\"excerpt-hellip\"> [\u2026]<\/span><\/p>\n","protected":false},"featured_media":0,"template":"","meta":{"_monsterinsights_skip_tracking":false,"_monsterinsights_sitenote_active":false,"_monsterinsights_sitenote_note":"","_monsterinsights_sitenote_category":0},"product_brand":[],"product_cat":[12364,12376],"product_tag":[],"class_list":{"0":"post-785118","1":"product","2":"type-product","3":"status-publish","5":"product_cat-genel-konular","6":"product_cat-kisisel-gelisim","7":"pa_cilt-ciltsiz","8":"pa_tur-kitap","9":"pa_yayinevi-altin-kitaplar","10":"pa_yazar-biliana-todorova","12":"first","13":"instock","14":"sale","15":"shipping-taxable","16":"purchasable","17":"product-type-simple"},"_links":{"self":[{"href":"https:\/\/roveyayinevi.com.tr\/index.php\/wp-json\/wp\/v2\/product\/785118","targetHints":{"allow":["GET"]}}],"collection":[{"href":"https:\/\/roveyayinevi.com.tr\/index.php\/wp-json\/wp\/v2\/product"}],"about":[{"href":"https:\/\/roveyayinevi.com.tr\/index.php\/wp-json\/wp\/v2\/types\/product"}],"wp:attachment":[{"href":"https:\/\/roveyayinevi.com.tr\/index.php\/wp-json\/wp\/v2\/media?parent=785118"}],"wp:term":[{"taxonomy":"product_brand","embeddable":true,"href":"https:\/\/roveyayinevi.com.tr\/index.php\/wp-json\/wp\/v2\/product_brand?post=785118"},{"taxonomy":"product_cat","embeddable":true,"href":"https:\/\/roveyayinevi.com.tr\/index.php\/wp-json\/wp\/v2\/product_cat?post=785118"},{"taxonomy":"product_tag","embeddable":true,"href":"https:\/\/roveyayinevi.com.tr\/index.php\/wp-json\/wp\/v2\/product_tag?post=785118"}],"curies":[{"name":"wp","href":"https:\/\/api.w.org\/{rel}","templated":true}]}}