{"id":785115,"date":"2026-03-19T03:34:56","date_gmt":"2026-03-19T00:34:56","guid":{"rendered":"https:\/\/roveyayinevi.com.tr\/index.php\/urun\/is-mi-ask-mi\/"},"modified":"2026-04-15T03:48:35","modified_gmt":"2026-04-15T00:48:35","slug":"is-mi-ask-mi","status":"publish","type":"product","link":"https:\/\/roveyayinevi.com.tr\/index.php\/urun\/is-mi-ask-mi\/","title":{"rendered":"\u0130\u015f mi A\u015fk m\u0131?"},"content":{"rendered":"<p>\u201c\u0130ki farkl\u0131 ili\u015fki kurduk ve aralar\u0131na bir \u00e7izgi \u00e7izdik. O \u00e7izgi \u015fimdi bulan\u0131k, her zamankinden daha ince. Bunu istiyorum, \u015fu an \u00f6nemli olan tek \u015fey bu. Belki sonra kalbim ac\u0131yacak ama bu riski g\u00f6ze al\u0131yorum.\u201d Chandler Cohen, hayalet yazar olarak kaleme ald\u0131\u011f\u0131 bir kitab\u0131n imza g\u00fcn\u00fc\u00acne kat\u0131lm\u0131\u015f ve yazar\u0131n onu tan\u0131mad\u0131\u011f\u0131n\u0131 fark etti\u011finde, kendini hi\u00e7 olmad\u0131\u011f\u0131 kadar g\u00f6r\u00fcnmez hissetmi\u015fti. Ancak gecenin ilerleyen saatlerinde tan\u0131\u015ft\u0131\u011f\u0131 \u00e7ekici bir adam, her \u015feyin umut verici bir h\u00e2l almas\u0131n\u0131 sa\u011flam\u0131\u015ft\u0131. Ne var ki bu yo\u011fun \u00e7ekim, fiyaskoyla sonu\u00e7lanan tek gecelik bir ili\u015fkiyle noktalan\u00acm\u0131\u015ft\u0131. Chandler da o geceyi sonsuza dek geride b\u0131rakmaya karar vermi\u015fti.Ne yaz\u0131k ki bunu yapmak, s\u00f6ylemesi kadar kolay de\u011fildi.Chandler\u2019\u0131n yeni projesi, bir zamanlar\u0131n k\u00fclt kurt adam dizisiyle \u00fcnlenen Finn Walsh\u2019un an\u0131lar\u0131n\u0131 yazmakt\u0131. Chandler\u2019sa Finn\u2019i, bu diziden ziyade, talihsizliklerle dolu o tek geceden tan\u0131yordu.Profesyonelli\u011fi her \u015feyin \u00f6n\u00fcnde tutmaya kararl\u0131 olan Chandler, Finn\u2019e o gecenin sand\u0131\u011f\u0131 kadar ba\u015f d\u00f6nd\u00fcr\u00fcc\u00fc olmad\u0131\u011f\u0131n\u0131 s\u00f6yledi\u011finde, gen\u00e7 ada\u00acm\u0131n d\u00fcnyas\u0131 alt\u00fcst olmu\u015ftu. Yine de Finn\u2019in samimiyeti ve \u00f6\u011frenme konu\u00acsundaki iste\u011fi Chandler\u2019\u0131n ilgisini \u00e7ekince ikili, kendilerini olduk\u00e7a s\u0131rad\u0131\u015f\u0131 bir anla\u015fman\u0131n i\u00e7inde bulacaklard\u0131: Kitap \u00fczerinde \u00e7al\u0131\u015fmad\u0131klar\u0131 zaman\u00aclarda Chandler, Finn\u2019e tatmin etme sanat\u0131n\u0131n inceliklerini \u00f6\u011fretecekti.S\u0131n\u0131rlar bulan\u0131kla\u015ft\u0131k\u00e7a ve yak\u0131nl\u0131klar\u0131 yatak odas\u0131n\u0131n d\u0131\u015f\u0131na ta\u015ft\u0131k\u00e7a, ikisi de zor bir soruyla y\u00fczle\u015fmek zorunda kalacakt\u0131: \u0130\u015f mi daha \u00f6nemliydi, yok\u00acsa a\u015fk m\u0131?Ya da ikisini birden elde etmek m\u00fcmk\u00fcn m\u00fcyd\u00fc?\u201cRachel Lynn Solomon, i\u00e7g\u00f6r\u00fcl\u00fc mizah\u0131 c\u00f6mert\u00e7e kulland\u0131\u011f\u0131 duygusall\u0131kla harmanlayarak okurlar\u0131n favori yazarlar\u0131ndan biri haline geldi. Bu kitap da son derece samimi bir dille kaleme al\u0131nm\u0131\u015f.\u201d\u2014THE NEW YORK TIMES\u201cSeksi bir hik\u00e2yeyi bu denli ayaklar\u0131 yere basan ve ger\u00e7ek\u00e7i hissettirebilecek tek ki\u015fi Rachel Lynn Solomon. Chandler ve Finn; hem zeki hem komik, hem d\u00fc\u015f\u00fcnceli hem de sevilesi karakterler. Yazar, kurguyu bu kadar \u00f6zel ve okumas\u0131 bu kadar tatmin edici k\u0131lan o cesur riskleri almaktan hi\u00e7 \u00e7ekinmemi\u015f.\u201d\u2014ROSIE DANAN\u201cRachel Lynn Solomon bu ate\u015fli romantik komediyle b\u00fcy\u00fcl\u00fcyor. Bu kitab\u0131 okumak sizi g\u00fcl\u00fcmsetecek.\u201d\u2014PUBLISHERS WEEKLY\u201cHem esprili hem de e\u011flenceli bir dille kaleme al\u0131nm\u0131\u015f \u0130\u015f mi A\u015fk m\u0131, romantizmi harika k\u0131lan her unsuru ustal\u0131kla dengeliyor. Bu kitab\u0131 elinizden b\u0131rakamayacaks\u0131n\u0131z.\u201d\u2014CHRISTINA LAUREN\u201cYazar, seksi, zeki ve inan\u0131lmaz e\u011flenceli bir kurgu kaleme alm\u0131\u015f ve karakterlerini her zamanki gibi b\u00fcy\u00fck bir sevgi ve \u00f6zenle olu\u015fturmu\u015f. Chandler ve Finn\u2019in hik\u00e2yesine bay\u0131lacaks\u0131n\u0131z!\u201d\u2014CARLEY FORTUNE<\/p>\n","protected":false},"excerpt":{"rendered":"<p>\u201c\u0130ki farkl\u0131 ili\u015fki kurduk ve aralar\u0131na bir \u00e7izgi \u00e7izdik. O \u00e7izgi \u015fimdi bulan\u0131k, her zamankinden daha ince. Bunu istiyorum, \u015fu an \u00f6nemli olan tek \u015fey bu.<span class=\"excerpt-hellip\"> [\u2026]<\/span><\/p>\n","protected":false},"featured_media":0,"template":"","meta":{"_monsterinsights_skip_tracking":false,"_monsterinsights_sitenote_active":false,"_monsterinsights_sitenote_note":"","_monsterinsights_sitenote_category":0},"product_brand":[],"product_cat":[12291,12711],"product_tag":[],"class_list":{"0":"post-785115","1":"product","2":"type-product","3":"status-publish","5":"product_cat-edebiyat","6":"product_cat-roman-oyku","7":"pa_cilt-ciltsiz","8":"pa_tur-kitap","9":"pa_yayinevi-yabanci-yayinevi","10":"pa_yazar-rachel-lynn-solomon","12":"first","13":"instock","14":"sale","15":"shipping-taxable","16":"purchasable","17":"product-type-simple"},"_links":{"self":[{"href":"https:\/\/roveyayinevi.com.tr\/index.php\/wp-json\/wp\/v2\/product\/785115","targetHints":{"allow":["GET"]}}],"collection":[{"href":"https:\/\/roveyayinevi.com.tr\/index.php\/wp-json\/wp\/v2\/product"}],"about":[{"href":"https:\/\/roveyayinevi.com.tr\/index.php\/wp-json\/wp\/v2\/types\/product"}],"wp:attachment":[{"href":"https:\/\/roveyayinevi.com.tr\/index.php\/wp-json\/wp\/v2\/media?parent=785115"}],"wp:term":[{"taxonomy":"product_brand","embeddable":true,"href":"https:\/\/roveyayinevi.com.tr\/index.php\/wp-json\/wp\/v2\/product_brand?post=785115"},{"taxonomy":"product_cat","embeddable":true,"href":"https:\/\/roveyayinevi.com.tr\/index.php\/wp-json\/wp\/v2\/product_cat?post=785115"},{"taxonomy":"product_tag","embeddable":true,"href":"https:\/\/roveyayinevi.com.tr\/index.php\/wp-json\/wp\/v2\/product_tag?post=785115"}],"curies":[{"name":"wp","href":"https:\/\/api.w.org\/{rel}","templated":true}]}}