{"id":785109,"date":"2026-03-19T03:33:27","date_gmt":"2026-03-19T00:33:27","guid":{"rendered":"https:\/\/roveyayinevi.com.tr\/index.php\/urun\/guvenligin-bedeli\/"},"modified":"2026-03-19T03:33:27","modified_gmt":"2026-03-19T00:33:27","slug":"guvenligin-bedeli","status":"publish","type":"product","link":"https:\/\/roveyayinevi.com.tr\/index.php\/urun\/guvenligin-bedeli\/","title":{"rendered":"G\u00fcvenli\u011fin Bedeli"},"content":{"rendered":"<p>Uluslararas\u0131 sistem, uzun bir s\u00fcredir al\u0131\u015f\u0131ld\u0131k denge kal\u0131plar\u0131n\u0131n \u00e7\u00f6z\u00fclmeye ba\u015flad\u0131\u011f\u0131, belirsizli\u011fin ve \u00f6ng\u00f6r\u00fclemezli\u011fin kal\u0131c\u0131 h\u00e2le geldi\u011fi bir k\u0131r\u0131lma d\u00f6neminden ge\u00e7mektedir. So\u011fuk Sava\u015f\u2019\u0131n sona ermesiyle birlikte \u201ctarihin sonu\u201d, \u201cliberal bar\u0131\u015f\u201d ya da \u201ck\u00fcresel entegrasyon\u201d gibi kavramlar etraf\u0131nda \u015fekillenen iyimser beklentiler, 21. y\u00fczy\u0131l\u0131n ilk \u00e7eyre\u011fi tamamlanmadan yerini sert g\u00fc\u00e7 rekabetine, jeopolitik blokla\u015fmalara ve g\u00fcvenli\u011fin yeniden merkez\u00ee bir politika alan\u0131 h\u00e2line gelmesine b\u0131rakm\u0131\u015ft\u0131r. Bug\u00fcn art\u0131k k\u00fcresel sistem, tek bir merkezin y\u00f6n verdi\u011fi do\u011frusal bir yap\u0131dan ziyade, \u00e7ok akt\u00f6rl\u00fc, \u00e7ok katmanl\u0131 ve k\u0131r\u0131lgan bir denge d\u00fczeni olarak tan\u0131mlanmal\u0131d\u0131r. So\u011fuk Sava\u015f d\u00f6nemi g\u00fcvenlik anlay\u0131\u015f\u0131, b\u00fcy\u00fck \u00f6l\u00e7\u00fcde devletler aras\u0131 asker\u00ee tehditlere, n\u00fckleer cayd\u0131r\u0131c\u0131l\u0131\u011fa ve iki kutuplu bir g\u00fc\u00e7 mimarisine dayan\u0131yordu. Savunma harcamalar\u0131 da bu \u00e7er\u00e7evede, cephelerin, ordular\u0131n ve silah sistemlerinin niceliksel \u00fcst\u00fcnl\u00fc\u011f\u00fc \u00fczerinden \u015fekillenmekteydi. Ancak 1990\u2019lar\u0131n ba\u015f\u0131ndan itibaren ortaya \u00e7\u0131kan tablo, bu klasik g\u00fcvenlik paradigmalar\u0131n\u0131n giderek yetersiz kald\u0131\u011f\u0131n\u0131 g\u00f6stermi\u015ftir. Devlet d\u0131\u015f\u0131 akt\u00f6rlerin y\u00fckseli\u015fi, asimetrik tehditler, ter\u00f6rizm, siber sald\u0131r\u0131lar, hibrit sava\u015f y\u00f6ntemleri, enerji ve g\u0131da g\u00fcvenli\u011fi sorunlar\u0131, iklim de\u011fi\u015fikli\u011fi ve teknolojik rekabet gibi unsurlar g\u00fcvenli\u011fi yaln\u0131zca asker\u00ee kapasiteyle a\u00e7\u0131klanamayacak kadar karma\u015f\u0131k bir zemine ta\u015f\u0131m\u0131\u015ft\u0131r.<\/p>\n","protected":false},"excerpt":{"rendered":"<p>Uluslararas\u0131 sistem, uzun bir s\u00fcredir al\u0131\u015f\u0131ld\u0131k denge kal\u0131plar\u0131n\u0131n \u00e7\u00f6z\u00fclmeye ba\u015flad\u0131\u011f\u0131, belirsizli\u011fin ve \u00f6ng\u00f6r\u00fclemezli\u011fin kal\u0131c\u0131 h\u00e2le geldi\u011fi bir k\u0131r\u0131lma d\u00f6neminden ge\u00e7mektedir. So\u011fuk Sava\u015f\u2019\u0131n sona ermesiyle birlikte \u201ctarihin<span class=\"excerpt-hellip\"> [\u2026]<\/span><\/p>\n","protected":false},"featured_media":0,"template":"","meta":{"_monsterinsights_skip_tracking":false,"_monsterinsights_sitenote_active":false,"_monsterinsights_sitenote_note":"","_monsterinsights_sitenote_category":0},"product_brand":[],"product_cat":[13059,12337],"product_tag":[],"class_list":{"0":"post-785109","1":"product","2":"type-product","3":"status-publish","5":"product_cat-diger-politika-siyaset","6":"product_cat-politika-siyaset","7":"pa_cilt-ciltsiz","8":"pa_tur-kitap","9":"pa_yayinevi-berikan-yayinlari","10":"pa_yazar-ufuk-akay","12":"first","13":"instock","14":"sale","15":"shipping-taxable","16":"purchasable","17":"product-type-simple"},"_links":{"self":[{"href":"https:\/\/roveyayinevi.com.tr\/index.php\/wp-json\/wp\/v2\/product\/785109","targetHints":{"allow":["GET"]}}],"collection":[{"href":"https:\/\/roveyayinevi.com.tr\/index.php\/wp-json\/wp\/v2\/product"}],"about":[{"href":"https:\/\/roveyayinevi.com.tr\/index.php\/wp-json\/wp\/v2\/types\/product"}],"wp:attachment":[{"href":"https:\/\/roveyayinevi.com.tr\/index.php\/wp-json\/wp\/v2\/media?parent=785109"}],"wp:term":[{"taxonomy":"product_brand","embeddable":true,"href":"https:\/\/roveyayinevi.com.tr\/index.php\/wp-json\/wp\/v2\/product_brand?post=785109"},{"taxonomy":"product_cat","embeddable":true,"href":"https:\/\/roveyayinevi.com.tr\/index.php\/wp-json\/wp\/v2\/product_cat?post=785109"},{"taxonomy":"product_tag","embeddable":true,"href":"https:\/\/roveyayinevi.com.tr\/index.php\/wp-json\/wp\/v2\/product_tag?post=785109"}],"curies":[{"name":"wp","href":"https:\/\/api.w.org\/{rel}","templated":true}]}}