{"id":785108,"date":"2026-03-19T03:33:21","date_gmt":"2026-03-19T00:33:21","guid":{"rendered":"https:\/\/roveyayinevi.com.tr\/index.php\/urun\/buyuk-kitapligim-ilk-kelimeler\/"},"modified":"2026-04-11T03:46:27","modified_gmt":"2026-04-11T00:46:27","slug":"buyuk-kitapligim-ilk-kelimeler","status":"publish","type":"product","link":"https:\/\/roveyayinevi.com.tr\/index.php\/urun\/buyuk-kitapligim-ilk-kelimeler\/","title":{"rendered":"B\u00fcy\u00fck Kitapl\u0131\u011f\u0131m \u2013 \u0130lk Kelimeler"},"content":{"rendered":"<p>Bu tatl\u0131 kitaplar minicik ellerine g\u00f6re tasarland\u0131. B\u00fcy\u00fck kitapl\u0131\u011f\u0131n\u0131 a\u00e7 ve ilk kelimelerini \u00f6\u011frenmeye ba\u015fla. G\u00f6rd\u00fc\u011f\u00fcn ta\u015f\u0131tlar\u0131n nas\u0131l ses \u00e7\u0131kard\u0131\u011f\u0131n\u0131 biliyor musun?Peki hangi meslekleri tan\u0131yorsun?1+ Ya\u015f ve \u00fcst\u00fc i\u00e7in uygundur.D\u00fc\u015f\u00fcnme ve hayal g\u00fcc\u00fcn\u00fc destekler<\/p>\n","protected":false},"excerpt":{"rendered":"<p>Bu tatl\u0131 kitaplar minicik ellerine g\u00f6re tasarland\u0131. B\u00fcy\u00fck kitapl\u0131\u011f\u0131n\u0131 a\u00e7 ve ilk kelimelerini \u00f6\u011frenmeye ba\u015fla. G\u00f6rd\u00fc\u011f\u00fcn ta\u015f\u0131tlar\u0131n nas\u0131l ses \u00e7\u0131kard\u0131\u011f\u0131n\u0131 biliyor musun?Peki hangi meslekleri tan\u0131yorsun?1+ Ya\u015f<span class=\"excerpt-hellip\"> [\u2026]<\/span><\/p>\n","protected":false},"featured_media":0,"template":"","meta":{"_monsterinsights_skip_tracking":false,"_monsterinsights_sitenote_active":false,"_monsterinsights_sitenote_note":"","_monsterinsights_sitenote_category":0},"product_brand":[],"product_cat":[12274,12518],"product_tag":[],"class_list":{"0":"post-785108","1":"product","2":"type-product","3":"status-publish","5":"product_cat-cocuk-ve-genclik-kitaplari","6":"product_cat-okul-oncesi-kitaplar","7":"pa_cilt-ciltsiz","8":"pa_tur-kitap","9":"pa_yayinevi-indigo-cocuk","10":"pa_yazar-kolektif","12":"first","13":"instock","14":"sale","15":"shipping-taxable","16":"purchasable","17":"product-type-simple"},"_links":{"self":[{"href":"https:\/\/roveyayinevi.com.tr\/index.php\/wp-json\/wp\/v2\/product\/785108","targetHints":{"allow":["GET"]}}],"collection":[{"href":"https:\/\/roveyayinevi.com.tr\/index.php\/wp-json\/wp\/v2\/product"}],"about":[{"href":"https:\/\/roveyayinevi.com.tr\/index.php\/wp-json\/wp\/v2\/types\/product"}],"wp:attachment":[{"href":"https:\/\/roveyayinevi.com.tr\/index.php\/wp-json\/wp\/v2\/media?parent=785108"}],"wp:term":[{"taxonomy":"product_brand","embeddable":true,"href":"https:\/\/roveyayinevi.com.tr\/index.php\/wp-json\/wp\/v2\/product_brand?post=785108"},{"taxonomy":"product_cat","embeddable":true,"href":"https:\/\/roveyayinevi.com.tr\/index.php\/wp-json\/wp\/v2\/product_cat?post=785108"},{"taxonomy":"product_tag","embeddable":true,"href":"https:\/\/roveyayinevi.com.tr\/index.php\/wp-json\/wp\/v2\/product_tag?post=785108"}],"curies":[{"name":"wp","href":"https:\/\/api.w.org\/{rel}","templated":true}]}}