{"id":785100,"date":"2026-03-19T02:13:31","date_gmt":"2026-03-18T23:13:31","guid":{"rendered":"https:\/\/roveyayinevi.com.tr\/index.php\/urun\/mustafa-kemal-3\/"},"modified":"2026-04-16T02:08:19","modified_gmt":"2026-04-15T23:08:19","slug":"mustafa-kemal-3","status":"publish","type":"product","link":"https:\/\/roveyayinevi.com.tr\/index.php\/urun\/mustafa-kemal-3\/","title":{"rendered":"Mustafa Kemal"},"content":{"rendered":"<p>\u0130kinci Me\u015frutiyetin hen\u00fcz emekleme \u00e7a\u011f\u0131nda oldu\u011fu bir d\u00f6nemde, \u201charici te\u015fvik ve dahili h\u0131yanetlerin elele vermesiyle ortaya \u00e7\u0131kan 31 Mart isyan\u0131, kanl\u0131 bir ihtilal \u015feklini alarak, yak\u0131n d\u00f6nem T\u00fcrk tarihinin y\u00fcz\u00fcne kapkara bir leke s\u00fcrm\u00fc\u015ft\u00fcr. \ufffcTan\u0131t\u0131m Metni<\/p>\n","protected":false},"excerpt":{"rendered":"<p>\u0130kinci Me\u015frutiyetin hen\u00fcz emekleme \u00e7a\u011f\u0131nda oldu\u011fu bir d\u00f6nemde, \u201charici te\u015fvik ve dahili h\u0131yanetlerin elele vermesiyle ortaya \u00e7\u0131kan 31 Mart isyan\u0131, kanl\u0131 bir ihtilal \u015feklini alarak, yak\u0131n<span class=\"excerpt-hellip\"> [\u2026]<\/span><\/p>\n","protected":false},"featured_media":0,"template":"","meta":{"_monsterinsights_skip_tracking":false,"_monsterinsights_sitenote_active":false,"_monsterinsights_sitenote_note":"","_monsterinsights_sitenote_category":0},"product_brand":[],"product_cat":[12370,12304],"product_tag":[],"class_list":{"0":"post-785100","1":"product","2":"type-product","3":"status-publish","5":"product_cat-arastirma-inceleme","6":"product_cat-tarih","7":"pa_tur-kitap","8":"pa_yayinevi-berikan-yayinlari","9":"pa_yazar-zekeriya-turkmen","11":"first","12":"instock","13":"sale","14":"shipping-taxable","15":"purchasable","16":"product-type-simple"},"_links":{"self":[{"href":"https:\/\/roveyayinevi.com.tr\/index.php\/wp-json\/wp\/v2\/product\/785100","targetHints":{"allow":["GET"]}}],"collection":[{"href":"https:\/\/roveyayinevi.com.tr\/index.php\/wp-json\/wp\/v2\/product"}],"about":[{"href":"https:\/\/roveyayinevi.com.tr\/index.php\/wp-json\/wp\/v2\/types\/product"}],"wp:attachment":[{"href":"https:\/\/roveyayinevi.com.tr\/index.php\/wp-json\/wp\/v2\/media?parent=785100"}],"wp:term":[{"taxonomy":"product_brand","embeddable":true,"href":"https:\/\/roveyayinevi.com.tr\/index.php\/wp-json\/wp\/v2\/product_brand?post=785100"},{"taxonomy":"product_cat","embeddable":true,"href":"https:\/\/roveyayinevi.com.tr\/index.php\/wp-json\/wp\/v2\/product_cat?post=785100"},{"taxonomy":"product_tag","embeddable":true,"href":"https:\/\/roveyayinevi.com.tr\/index.php\/wp-json\/wp\/v2\/product_tag?post=785100"}],"curies":[{"name":"wp","href":"https:\/\/api.w.org\/{rel}","templated":true}]}}