{"id":785076,"date":"2026-03-18T03:42:16","date_gmt":"2026-03-18T00:42:16","guid":{"rendered":"https:\/\/roveyayinevi.com.tr\/index.php\/urun\/gecmisten-dusenler\/"},"modified":"2026-04-15T03:48:43","modified_gmt":"2026-04-15T00:48:43","slug":"gecmisten-dusenler","status":"publish","type":"product","link":"https:\/\/roveyayinevi.com.tr\/index.php\/urun\/gecmisten-dusenler\/","title":{"rendered":"Ge\u00e7mi\u015ften D\u00fc\u015fenler"},"content":{"rendered":"<p>\u201cKorkuyordum, izlerimin silinmesinden ve tek korkan\u0131n ben olmad\u0131\u011f\u0131n\u0131 iyi biliyordum. Ne yapt\u0131\u011f\u0131mda ger\u00e7ek bir izim olacakt\u0131 ya da neleri yapmay\u0131 b\u0131rakt\u0131\u011f\u0131mda hat\u0131rlanacakt\u0131m? \u0130zlerimi ger\u00e7ek k\u0131lacak olan neydi ya da bir yerlerde ger\u00e7ek bir izim olmad\u0131\u011f\u0131n\u0131 kim s\u00f6yleyebilirdi?\u201d\u201cAy\u015fe Han\u0131m&#8217; a neler anlatt\u0131m, par\u00e7a par\u00e7a r\u00fcyalar\u0131m\u0131n aras\u0131ndan s\u0131zan, akl\u0131m\u0131n \u00fccra k\u00f6\u015felerinden \u00e7\u0131kan isimler kimlerindi, hat\u0131rlam\u0131yorum. \u015eu an isimlerini hat\u0131rlama \u015fans\u0131m olsa y\u00fczlerini bulurdum, biliyorum.\u201d<\/p>\n","protected":false},"excerpt":{"rendered":"<p>\u201cKorkuyordum, izlerimin silinmesinden ve tek korkan\u0131n ben olmad\u0131\u011f\u0131n\u0131 iyi biliyordum. Ne yapt\u0131\u011f\u0131mda ger\u00e7ek bir izim olacakt\u0131 ya da neleri yapmay\u0131 b\u0131rakt\u0131\u011f\u0131mda hat\u0131rlanacakt\u0131m? \u0130zlerimi ger\u00e7ek k\u0131lacak olan<span class=\"excerpt-hellip\"> [\u2026]<\/span><\/p>\n","protected":false},"featured_media":0,"template":"","meta":{"_monsterinsights_skip_tracking":false,"_monsterinsights_sitenote_active":false,"_monsterinsights_sitenote_note":"","_monsterinsights_sitenote_category":0},"product_brand":[],"product_cat":[12291,12711],"product_tag":[],"class_list":{"0":"post-785076","1":"product","2":"type-product","3":"status-publish","5":"product_cat-edebiyat","6":"product_cat-roman-oyku","7":"pa_cilt-ciltsiz","8":"pa_tur-kitap","9":"pa_yayinevi-perseus","10":"pa_yazar-gulcan-ince","12":"first","13":"instock","14":"sale","15":"shipping-taxable","16":"purchasable","17":"product-type-simple"},"_links":{"self":[{"href":"https:\/\/roveyayinevi.com.tr\/index.php\/wp-json\/wp\/v2\/product\/785076","targetHints":{"allow":["GET"]}}],"collection":[{"href":"https:\/\/roveyayinevi.com.tr\/index.php\/wp-json\/wp\/v2\/product"}],"about":[{"href":"https:\/\/roveyayinevi.com.tr\/index.php\/wp-json\/wp\/v2\/types\/product"}],"wp:attachment":[{"href":"https:\/\/roveyayinevi.com.tr\/index.php\/wp-json\/wp\/v2\/media?parent=785076"}],"wp:term":[{"taxonomy":"product_brand","embeddable":true,"href":"https:\/\/roveyayinevi.com.tr\/index.php\/wp-json\/wp\/v2\/product_brand?post=785076"},{"taxonomy":"product_cat","embeddable":true,"href":"https:\/\/roveyayinevi.com.tr\/index.php\/wp-json\/wp\/v2\/product_cat?post=785076"},{"taxonomy":"product_tag","embeddable":true,"href":"https:\/\/roveyayinevi.com.tr\/index.php\/wp-json\/wp\/v2\/product_tag?post=785076"}],"curies":[{"name":"wp","href":"https:\/\/api.w.org\/{rel}","templated":true}]}}