{"id":785064,"date":"2026-03-18T03:41:54","date_gmt":"2026-03-18T00:41:54","guid":{"rendered":"https:\/\/roveyayinevi.com.tr\/index.php\/urun\/gunesli-gunler-sicak-ve-sakinsevimli-canli-boyamalar\/"},"modified":"2026-04-15T03:48:42","modified_gmt":"2026-04-15T00:48:42","slug":"gunesli-gunler-sicak-ve-sakinsevimli-canli-boyamalar","status":"publish","type":"product","link":"https:\/\/roveyayinevi.com.tr\/index.php\/urun\/gunesli-gunler-sicak-ve-sakinsevimli-canli-boyamalar\/","title":{"rendered":"G\u00fcne\u015fli G\u00fcnler &#8211; S\u0131cak ve Sakin;Sevimli &#8211; Canl\u0131 Boyamalar"},"content":{"rendered":"<p>20 adet kolayca \u00e7\u0131kar\u0131labilen resimle dolu, ne\u015feli bir boyama kitab\u0131! Renkler, g\u00f6lgeler, ayr\u0131nt\u0131lar ekleyerek resimlerini g\u00fczelle\u015ftirmeye haz\u0131r m\u0131s\u0131n?  Mutlu arkada\u015flara kat\u0131l ve onlar\u0131n evde ge\u00e7irdikleri s\u0131cac\u0131k anlara e\u015flik et.<\/p>\n","protected":false},"excerpt":{"rendered":"<p>20 adet kolayca \u00e7\u0131kar\u0131labilen resimle dolu, ne\u015feli bir boyama kitab\u0131! Renkler, g\u00f6lgeler, ayr\u0131nt\u0131lar ekleyerek resimlerini g\u00fczelle\u015ftirmeye haz\u0131r m\u0131s\u0131n? Mutlu arkada\u015flara kat\u0131l ve onlar\u0131n evde ge\u00e7irdikleri s\u0131cac\u0131k<span class=\"excerpt-hellip\"> [\u2026]<\/span><\/p>\n","protected":false},"featured_media":0,"template":"","meta":{"_monsterinsights_skip_tracking":false,"_monsterinsights_sitenote_active":false,"_monsterinsights_sitenote_note":"","_monsterinsights_sitenote_category":0},"product_brand":[],"product_cat":[12644,12274],"product_tag":[],"class_list":{"0":"post-785064","1":"product","2":"type-product","3":"status-publish","5":"product_cat-boyama-kitaplari","6":"product_cat-cocuk-ve-genclik-kitaplari","7":"pa_cilt-ciltsiz","8":"pa_tur-kitap","9":"pa_yayinevi-buyulu-fener-yayinlari","10":"pa_yazar-kolektif","12":"first","13":"instock","14":"sale","15":"shipping-taxable","16":"purchasable","17":"product-type-simple"},"_links":{"self":[{"href":"https:\/\/roveyayinevi.com.tr\/index.php\/wp-json\/wp\/v2\/product\/785064","targetHints":{"allow":["GET"]}}],"collection":[{"href":"https:\/\/roveyayinevi.com.tr\/index.php\/wp-json\/wp\/v2\/product"}],"about":[{"href":"https:\/\/roveyayinevi.com.tr\/index.php\/wp-json\/wp\/v2\/types\/product"}],"wp:attachment":[{"href":"https:\/\/roveyayinevi.com.tr\/index.php\/wp-json\/wp\/v2\/media?parent=785064"}],"wp:term":[{"taxonomy":"product_brand","embeddable":true,"href":"https:\/\/roveyayinevi.com.tr\/index.php\/wp-json\/wp\/v2\/product_brand?post=785064"},{"taxonomy":"product_cat","embeddable":true,"href":"https:\/\/roveyayinevi.com.tr\/index.php\/wp-json\/wp\/v2\/product_cat?post=785064"},{"taxonomy":"product_tag","embeddable":true,"href":"https:\/\/roveyayinevi.com.tr\/index.php\/wp-json\/wp\/v2\/product_tag?post=785064"}],"curies":[{"name":"wp","href":"https:\/\/api.w.org\/{rel}","templated":true}]}}