{"id":785042,"date":"2026-03-18T03:41:11","date_gmt":"2026-03-18T00:41:11","guid":{"rendered":"https:\/\/roveyayinevi.com.tr\/index.php\/urun\/holly-ciltli\/"},"modified":"2026-04-15T03:47:42","modified_gmt":"2026-04-15T00:47:42","slug":"holly-ciltli","status":"publish","type":"product","link":"https:\/\/roveyayinevi.com.tr\/index.php\/urun\/holly-ciltli\/","title":{"rendered":"Holly (Ciltli)"},"content":{"rendered":"<p>New York Times \u00e7ok satan yazar\u0131 Adalyn Grace\u2019ten, Belladonna serisinin romantik ve gotik d\u00fcnyas\u0131nda ge\u00e7en, gizem ve b\u00fcy\u00fcyle \u00f6r\u00fcl\u00fc \u00f6zel bir Noel maceras\u0131\u2026 Blythe ve Aris\u2019in evi olan Wisteria Bah\u00e7eleri\u2019nde bu Noel her zamankinden farkl\u0131d\u0131r. Aileleriyle birlikte huzurlu bir bayram ge\u00e7irmek isteyen kahramanlar\u0131m\u0131z\u0131n planlar\u0131, ortaya \u00e7\u0131kan huzursuz ruhlar taraf\u0131ndan tehdit edilir. Bu davetsiz misafirler, Noel ne\u015fesini g\u00f6lgelemeye kararl\u0131d\u0131r. Yeni ve tehlikeli bir gizemin ortas\u0131nda kalan Signa, \u00d6l\u00fcm, Blythe ve Kader, Wisteria\u2019y\u0131 saran bu esrarengiz olaylar\u0131n ard\u0131ndaki ger\u00e7e\u011fi ortaya \u00e7\u0131karmak zorundad\u0131r. Ruhlar\u0131n neden burada oldu\u011funu \u00e7\u00f6zmeli ve onlar\u0131 \u00f6te d\u00fcnyaya ge\u00e7irmelidirler. Hem de \u00e7ok ge\u00e7 olmadan\u2026 Gotik atmosferi, romantik dokunu\u015flar\u0131 ve karanl\u0131k s\u0131rlar\u0131yla Holly, Belladonna evrenine b\u00fcy\u00fcl\u00fc bir d\u00f6n\u00fc\u015f sunuyor.<\/p>\n","protected":false},"excerpt":{"rendered":"<p>New York Times \u00e7ok satan yazar\u0131 Adalyn Grace\u2019ten, Belladonna serisinin romantik ve gotik d\u00fcnyas\u0131nda ge\u00e7en, gizem ve b\u00fcy\u00fcyle \u00f6r\u00fcl\u00fc \u00f6zel bir Noel maceras\u0131\u2026 Blythe ve Aris\u2019in<span class=\"excerpt-hellip\"> [\u2026]<\/span><\/p>\n","protected":false},"featured_media":0,"template":"","meta":{"_monsterinsights_skip_tracking":false,"_monsterinsights_sitenote_active":false,"_monsterinsights_sitenote_note":"","_monsterinsights_sitenote_category":0},"product_brand":[],"product_cat":[12291,14777],"product_tag":[],"class_list":{"0":"post-785042","1":"product","2":"type-product","3":"status-publish","5":"product_cat-edebiyat","6":"product_cat-fantastik","7":"pa_cilt-ciltsiz","8":"pa_tur-kitap","9":"pa_yayinevi-artemis-yayinlari","10":"pa_yazar-adalyn-grace","12":"first","13":"instock","14":"sale","15":"shipping-taxable","16":"purchasable","17":"product-type-simple"},"_links":{"self":[{"href":"https:\/\/roveyayinevi.com.tr\/index.php\/wp-json\/wp\/v2\/product\/785042","targetHints":{"allow":["GET"]}}],"collection":[{"href":"https:\/\/roveyayinevi.com.tr\/index.php\/wp-json\/wp\/v2\/product"}],"about":[{"href":"https:\/\/roveyayinevi.com.tr\/index.php\/wp-json\/wp\/v2\/types\/product"}],"wp:attachment":[{"href":"https:\/\/roveyayinevi.com.tr\/index.php\/wp-json\/wp\/v2\/media?parent=785042"}],"wp:term":[{"taxonomy":"product_brand","embeddable":true,"href":"https:\/\/roveyayinevi.com.tr\/index.php\/wp-json\/wp\/v2\/product_brand?post=785042"},{"taxonomy":"product_cat","embeddable":true,"href":"https:\/\/roveyayinevi.com.tr\/index.php\/wp-json\/wp\/v2\/product_cat?post=785042"},{"taxonomy":"product_tag","embeddable":true,"href":"https:\/\/roveyayinevi.com.tr\/index.php\/wp-json\/wp\/v2\/product_tag?post=785042"}],"curies":[{"name":"wp","href":"https:\/\/api.w.org\/{rel}","templated":true}]}}