{"id":785037,"date":"2026-03-18T03:40:37","date_gmt":"2026-03-18T00:40:37","guid":{"rendered":"https:\/\/roveyayinevi.com.tr\/index.php\/urun\/chickynin-ciftliginde-badem\/"},"modified":"2026-04-15T03:47:34","modified_gmt":"2026-04-15T00:47:34","slug":"chickynin-ciftliginde-badem","status":"publish","type":"product","link":"https:\/\/roveyayinevi.com.tr\/index.php\/urun\/chickynin-ciftliginde-badem\/","title":{"rendered":"Chicky\u2019nin \u00c7iftli\u011fi\u2019nde Badem"},"content":{"rendered":"<p>Badem, ba\u015fka t\u00fcrl\u00fc bir kedi!Yeni \u00fclkeler g\u00f6rmeye ve ba\u015fka k\u00fclt\u00fcrleri \u00f6\u011frenmeye bay\u0131l\u0131yor.Finlandiya, Estonya, K\u0131z\u0131ldeniz, Paris, Girit, Japonya, Hindistan\u2026Bunlar, Badem\u2019in ziyaret etti\u011fi yerlerden baz\u0131lar\u0131\u2026\u015eimdi de \u0130talya\u2019da sakin bir tatil pe\u015finde\u2026Peki, bu m\u00fcmk\u00fcn m\u00fc!Venedik kanallar\u0131 aras\u0131nda, bir gondolla, kocaman yumurtalar\u0131n pe\u015fine d\u00fc\u015fmeden olur mu?Kay\u0131p yumurtalar, Venedik Aslan\u0131 heykelindeki s\u0131r, leziz bir pizza i\u00e7in bekleyen \u015fef\u2026Pisa sokaklar\u0131, D\u00fckler Saray\u0131, limon \u00e7i\u00e7ekleri\u2026\u0130talyan makarnas\u0131, pizzas\u0131, s\u0131cak \u00e7ikolatas\u0131, limonlu dondurmas\u0131\u2026Bitmeyen bir macera\u2026<\/p>\n","protected":false},"excerpt":{"rendered":"<p>Badem, ba\u015fka t\u00fcrl\u00fc bir kedi!Yeni \u00fclkeler g\u00f6rmeye ve ba\u015fka k\u00fclt\u00fcrleri \u00f6\u011frenmeye bay\u0131l\u0131yor.Finlandiya, Estonya, K\u0131z\u0131ldeniz, Paris, Girit, Japonya, Hindistan\u2026Bunlar, Badem\u2019in ziyaret etti\u011fi yerlerden baz\u0131lar\u0131\u2026\u015eimdi de \u0130talya\u2019da sakin<span class=\"excerpt-hellip\"> [\u2026]<\/span><\/p>\n","protected":false},"featured_media":0,"template":"","meta":{"_monsterinsights_skip_tracking":false,"_monsterinsights_sitenote_active":false,"_monsterinsights_sitenote_note":"","_monsterinsights_sitenote_category":0},"product_brand":[],"product_cat":[12274,12284],"product_tag":[],"class_list":{"0":"post-785037","1":"product","2":"type-product","3":"status-publish","5":"product_cat-cocuk-ve-genclik-kitaplari","6":"product_cat-hikayeler","7":"pa_cilt-ciltsiz","8":"pa_tur-kitap","9":"pa_yayinevi-luna-cocuk-yayinlari","10":"pa_yazar-ozlem-gencer","12":"first","13":"instock","14":"sale","15":"shipping-taxable","16":"purchasable","17":"product-type-simple"},"_links":{"self":[{"href":"https:\/\/roveyayinevi.com.tr\/index.php\/wp-json\/wp\/v2\/product\/785037","targetHints":{"allow":["GET"]}}],"collection":[{"href":"https:\/\/roveyayinevi.com.tr\/index.php\/wp-json\/wp\/v2\/product"}],"about":[{"href":"https:\/\/roveyayinevi.com.tr\/index.php\/wp-json\/wp\/v2\/types\/product"}],"wp:attachment":[{"href":"https:\/\/roveyayinevi.com.tr\/index.php\/wp-json\/wp\/v2\/media?parent=785037"}],"wp:term":[{"taxonomy":"product_brand","embeddable":true,"href":"https:\/\/roveyayinevi.com.tr\/index.php\/wp-json\/wp\/v2\/product_brand?post=785037"},{"taxonomy":"product_cat","embeddable":true,"href":"https:\/\/roveyayinevi.com.tr\/index.php\/wp-json\/wp\/v2\/product_cat?post=785037"},{"taxonomy":"product_tag","embeddable":true,"href":"https:\/\/roveyayinevi.com.tr\/index.php\/wp-json\/wp\/v2\/product_tag?post=785037"}],"curies":[{"name":"wp","href":"https:\/\/api.w.org\/{rel}","templated":true}]}}