{"id":785035,"date":"2026-03-18T03:39:47","date_gmt":"2026-03-18T00:39:47","guid":{"rendered":"https:\/\/roveyayinevi.com.tr\/index.php\/urun\/nasil-bir-oyunun-icine-dustunyasam-sanatinda-ustalik-gerceklik-oyununda-ustalasmaktan-gecer\/"},"modified":"2026-04-13T03:42:37","modified_gmt":"2026-04-13T00:42:37","slug":"nasil-bir-oyunun-icine-dustunyasam-sanatinda-ustalik-gerceklik-oyununda-ustalasmaktan-gecer","status":"publish","type":"product","link":"https:\/\/roveyayinevi.com.tr\/index.php\/urun\/nasil-bir-oyunun-icine-dustunyasam-sanatinda-ustalik-gerceklik-oyununda-ustalasmaktan-gecer\/","title":{"rendered":"Nas\u0131l Bir Oyunun \u0130\u00e7ine D\u00fc\u015ft\u00fcn?;Ya\u015fam Sanat\u0131nda Ustal\u0131k, Ger\u00e7eklik Oyununda Ustala\u015fmaktan Ge\u00e7er."},"content":{"rendered":"<p>Bu hayatta ya\u015famak istemedi\u011fin her t\u00fcrl\u00fc duruma kar\u015f\u0131 a\u00e7\u0131k ve savunmas\u0131z oldu\u011funun fark\u0131nda m\u0131s\u0131n?Korkularla dolu gelecek kayg\u0131s\u0131yla bir hayat s\u00fcrme, hedeflerinde ba\u015far\u0131s\u0131z olma, paras\u0131z kalma, doland\u0131r\u0131lma, iflas etme, aldat\u0131lma, mutsuz ili\u015fkiler ya\u015fama, sevdiklerini kaybetme, hasta olma gibi sayamayaca\u011f\u0131n kadar \u00e7ok olas\u0131l\u0131k var ve sen bu durumlar\u0131n i\u00e7inden nas\u0131l ge\u00e7ece\u011fini bildi\u011fini mi d\u00fc\u015f\u00fcn\u00fcyorsun? E\u011fer t\u00fcm bu durumlardan sava\u015farak veya m\u00fccadele ederek i\u015fin i\u00e7inden \u00e7\u0131kaca\u011f\u0131n\u0131 d\u00fc\u015f\u00fcn\u00fcyorsan; orduda d\u00fcnyadaki en zor e\u011fitimleri tamamlayarak yeti\u015ftirilmi\u015f profesyonel bir sava\u015f\u00e7\u0131 olan ben, bu durumlarla sava\u015farak hi\u00e7bir yere varamayaca\u011f\u0131n\u0131 sana bildirmek isterim. Di\u011fer bir tercihin bu durumlarla sava\u015fmak yerine asla ya\u015famak istemedi\u011fin bu olas\u0131l\u0131klardan ka\u00e7mak veya g\u00f6rmezden gelerek bunlar\u0131 yok saymaksa; yine hi\u00e7bir yere varamayaca\u011f\u0131n\u0131 sana s\u00f6ylemek istiyorum. Bu zamana kadar sava\u015ft\u0131\u011f\u0131n ya da ka\u00e7t\u0131\u011f\u0131n her duruma bakarak bu iki davran\u0131\u015f tercihiyle asl\u0131nda hi\u00e7bir yere varamad\u0131\u011f\u0131n\u0131 hatta ya\u015famak istemedi\u011fin hi\u00e7bir duruma \u00e7\u00f6z\u00fcm \u00fcretemedi\u011fini \u00fcst\u00fcne bir de bu durumlar\u0131 tekrar tekrar durmadan ya\u015fad\u0131\u011f\u0131n\u0131 kolayl\u0131kla g\u00f6rebilirsin! Sava\u015farak veya ka\u00e7arak, bu iki eylemle, hi\u00e7bir yere varam\u0131yorsan o zaman arad\u0131\u011f\u0131n \u00e7\u00f6z\u00fcm nerede? Ya\u015fam sanat\u0131nda usta bir oyuncu olman\u0131n stratejisini \u00f6\u011frenmek ister misin? Cevab\u0131n; \u201cKesinlikle evet!\u201d ise o zaman bu kitap tam olarak sana hitap ediyor!Sak\u0131n unutma! Mezarl\u0131klar bir \u00f6m\u00fcr ya\u015fad\u0131\u011f\u0131n\u0131 zanneden insanlarla doludur!<\/p>\n","protected":false},"excerpt":{"rendered":"<p>Bu hayatta ya\u015famak istemedi\u011fin her t\u00fcrl\u00fc duruma kar\u015f\u0131 a\u00e7\u0131k ve savunmas\u0131z oldu\u011funun fark\u0131nda m\u0131s\u0131n?Korkularla dolu gelecek kayg\u0131s\u0131yla bir hayat s\u00fcrme, hedeflerinde ba\u015far\u0131s\u0131z olma, paras\u0131z kalma, doland\u0131r\u0131lma,<span class=\"excerpt-hellip\"> [\u2026]<\/span><\/p>\n","protected":false},"featured_media":0,"template":"","meta":{"_monsterinsights_skip_tracking":false,"_monsterinsights_sitenote_active":false,"_monsterinsights_sitenote_note":"","_monsterinsights_sitenote_category":0},"product_brand":[],"product_cat":[12364,12376],"product_tag":[],"class_list":{"0":"post-785035","1":"product","2":"type-product","3":"status-publish","5":"product_cat-genel-konular","6":"product_cat-kisisel-gelisim","7":"pa_cilt-ciltsiz","8":"pa_tur-kitap","9":"pa_yayinevi-kitapita-yayinlari","10":"pa_yazar-burak-dalgul","12":"first","13":"instock","14":"sale","15":"shipping-taxable","16":"purchasable","17":"product-type-simple"},"_links":{"self":[{"href":"https:\/\/roveyayinevi.com.tr\/index.php\/wp-json\/wp\/v2\/product\/785035","targetHints":{"allow":["GET"]}}],"collection":[{"href":"https:\/\/roveyayinevi.com.tr\/index.php\/wp-json\/wp\/v2\/product"}],"about":[{"href":"https:\/\/roveyayinevi.com.tr\/index.php\/wp-json\/wp\/v2\/types\/product"}],"wp:attachment":[{"href":"https:\/\/roveyayinevi.com.tr\/index.php\/wp-json\/wp\/v2\/media?parent=785035"}],"wp:term":[{"taxonomy":"product_brand","embeddable":true,"href":"https:\/\/roveyayinevi.com.tr\/index.php\/wp-json\/wp\/v2\/product_brand?post=785035"},{"taxonomy":"product_cat","embeddable":true,"href":"https:\/\/roveyayinevi.com.tr\/index.php\/wp-json\/wp\/v2\/product_cat?post=785035"},{"taxonomy":"product_tag","embeddable":true,"href":"https:\/\/roveyayinevi.com.tr\/index.php\/wp-json\/wp\/v2\/product_tag?post=785035"}],"curies":[{"name":"wp","href":"https:\/\/api.w.org\/{rel}","templated":true}]}}