{"id":785030,"date":"2026-03-18T02:25:50","date_gmt":"2026-03-17T23:25:50","guid":{"rendered":"https:\/\/roveyayinevi.com.tr\/index.php\/urun\/feynman-fizik-dersleri\/"},"modified":"2026-04-16T02:18:05","modified_gmt":"2026-04-15T23:18:05","slug":"feynman-fizik-dersleri","status":"publish","type":"product","link":"https:\/\/roveyayinevi.com.tr\/index.php\/urun\/feynman-fizik-dersleri\/","title":{"rendered":"Feynman Fizik Dersleri"},"content":{"rendered":"<p>Richard Feynman\u2019\u0131n 1961-64 y\u0131llar\u0131 aras\u0131nda, California Teknoloji Enstit\u00fcs\u00fcnde (Caltech) verdi\u011fi lisans fizik dersleri \u00f6nemini ve g\u00fcncelli\u011fini korumaktad\u0131r. Feynman\u2019\u0131n dehas\u0131n\u0131 ve en zor konular\u0131 basite indirme becerisini yans\u0131tan bu dersler fizik birinci ve ikinci s\u0131n\u0131f \u00f6\u011frencilerinin ald\u0131\u011f\u0131 iki y\u0131ll\u0131k giri\u015f dersinin ilk y\u0131l\u0131n\u0131 kapsar. \u00dc\u00e7 cilt olarak yay\u0131mlanan Feynman Fizik Dersleri temel olarak mekanik, \u0131s\u0131, \u0131\u015f\u0131n\u0131m, elektromanyetizma ve kuantum mekani\u011fine giri\u015f konular\u0131ndan meydana gelmektedir. Feynman Fizik Dersleri\u2019nin Al\u0131\u015ft\u0131rmalar kitab\u0131, bu 3 cildin toplam 85 b\u00f6l\u00fcm\u00fcn\u00fc i\u00e7eren \u00e7\u00f6z\u00fcml\u00fc sorulardan olu\u015fmaktad\u0131r. Feynman\u2019\u0131n mekanik, \u0131s\u0131, \u0131\u015f\u0131n\u0131m, elektromanyetizma ve kuantum mekani\u011fi konular\u0131nda en \u00f6zg\u00fcn ve d\u00fc\u015f\u00fcnd\u00fcr\u00fcc\u00fc sorular\u0131n\u0131n topland\u0131\u011f\u0131 bu cilt, \u00f6nceki kitaplar\u0131n tamamlay\u0131c\u0131s\u0131d\u0131r. Richard P. Feynman 1951-1988 y\u0131llar\u0131 aras\u0131nda Caltech\u2019de fizik profes\u00f6r\u00fc olarak \u00e7al\u0131\u015ft\u0131. 1965\u2019te, Sin-Itiro Tomonaga ve Julian Schwinger ile birlikte, kuantum elektrodinami\u011findeki \u00e7al\u0131\u015fmalar\u0131 nedeniyle Nobel Fizik \u00d6d\u00fcl\u00fcn\u00fc kazand\u0131. Feynman ayr\u0131ca dikkate de\u011fer derecede etkin bir e\u011fitimciydi. Caltech\u2019de fizik profes\u00f6r\u00fc olan Robert B. Leighton kat\u0131 hal fizi\u011finde, kozmik \u0131\u015f\u0131n fizi\u011finde, modern par\u00e7ac\u0131k fizi\u011finin ba\u015flang\u0131\u00e7 anlar\u0131nda, g\u00fcne\u015f fizi\u011finde, gezegen foto\u011fraf\u00e7\u0131l\u0131\u011f\u0131nda, milimetre ve milimetre-alt\u0131 dalga astronomisinde hayat\u0131 boyunca \u00e7\u0131\u011f\u0131r a\u00e7an \u00e7al\u0131\u015fmalar yapm\u0131\u015ft\u0131r. Matthew Sands, 1969\u2019dan 1985\u2019e kadar California \u00dcniversitesi, Santa Cruz\u2019da fizik profes\u00f6r\u00fcyd\u00fc ve 1969\u2019dan 1972\u2019ye kadar oran\u0131n Bilimsel Rekt\u00f6r Yard\u0131mc\u0131s\u0131 g\u00f6revinde de bulundu. 1972\u2019de Amerikan Fizik \u00d6\u011fretmenleri Derne\u011finden \u00dcst\u00fcn Hizmet \u00d6d\u00fcl\u00fc ald\u0131. <\/p>\n","protected":false},"excerpt":{"rendered":"<p>Richard Feynman\u2019\u0131n 1961-64 y\u0131llar\u0131 aras\u0131nda, California Teknoloji Enstit\u00fcs\u00fcnde (Caltech) verdi\u011fi lisans fizik dersleri \u00f6nemini ve g\u00fcncelli\u011fini korumaktad\u0131r. Feynman\u2019\u0131n dehas\u0131n\u0131 ve en zor konular\u0131 basite indirme becerisini<span class=\"excerpt-hellip\"> [\u2026]<\/span><\/p>\n","protected":false},"featured_media":0,"template":"","meta":{"_monsterinsights_skip_tracking":false,"_monsterinsights_sitenote_active":false,"_monsterinsights_sitenote_note":"","_monsterinsights_sitenote_category":0},"product_brand":[],"product_cat":[22249,13527],"product_tag":[],"class_list":{"0":"post-785030","1":"product","2":"type-product","3":"status-publish","5":"product_cat-bilim","6":"product_cat-sureli-yayinlar","7":"pa_cilt-ciltsiz","8":"pa_tur-kitap","9":"pa_yayinevi-alfa-yayinlari","10":"pa_yazar-feynman","12":"first","13":"instock","14":"sale","15":"shipping-taxable","16":"purchasable","17":"product-type-simple"},"_links":{"self":[{"href":"https:\/\/roveyayinevi.com.tr\/index.php\/wp-json\/wp\/v2\/product\/785030","targetHints":{"allow":["GET"]}}],"collection":[{"href":"https:\/\/roveyayinevi.com.tr\/index.php\/wp-json\/wp\/v2\/product"}],"about":[{"href":"https:\/\/roveyayinevi.com.tr\/index.php\/wp-json\/wp\/v2\/types\/product"}],"wp:attachment":[{"href":"https:\/\/roveyayinevi.com.tr\/index.php\/wp-json\/wp\/v2\/media?parent=785030"}],"wp:term":[{"taxonomy":"product_brand","embeddable":true,"href":"https:\/\/roveyayinevi.com.tr\/index.php\/wp-json\/wp\/v2\/product_brand?post=785030"},{"taxonomy":"product_cat","embeddable":true,"href":"https:\/\/roveyayinevi.com.tr\/index.php\/wp-json\/wp\/v2\/product_cat?post=785030"},{"taxonomy":"product_tag","embeddable":true,"href":"https:\/\/roveyayinevi.com.tr\/index.php\/wp-json\/wp\/v2\/product_tag?post=785030"}],"curies":[{"name":"wp","href":"https:\/\/api.w.org\/{rel}","templated":true}]}}