{"id":785003,"date":"2026-03-16T22:32:21","date_gmt":"2026-03-16T19:32:21","guid":{"rendered":"https:\/\/roveyayinevi.com.tr\/index.php\/urun\/bes-vakit-bahce\/"},"modified":"2026-04-15T03:46:13","modified_gmt":"2026-04-15T00:46:13","slug":"bes-vakit-bahce","status":"publish","type":"product","link":"https:\/\/roveyayinevi.com.tr\/index.php\/urun\/bes-vakit-bahce\/","title":{"rendered":"Be\u015f Vakit Bah\u00e7e"},"content":{"rendered":"<p>Can i\u00e7in bu yaz hi\u00e7 s\u0131radan olmayacak! \u00c7\u00fcnk\u00fc dedesinin evinde konu\u015fan bir saat, gizli kap\u0131lar ve kaybolan anahtarlar var. Her g\u00fcn yeni bir g\u00f6rev, yeni bir s\u00fcrpriz! Can zamanla sabah\u0131n, g\u00fcn\u00fcn ve gecenin gizemini ke\u015ffederken b\u00fcy\u00fck bir maceran\u0131n i\u00e7ine d\u00fc\u015fer. Merak, e\u011flence ve ke\u015fif dolu bu hik\u00e2ye seni bekliyor!<\/p>\n","protected":false},"excerpt":{"rendered":"<p>Can i\u00e7in bu yaz hi\u00e7 s\u0131radan olmayacak! \u00c7\u00fcnk\u00fc dedesinin evinde konu\u015fan bir saat, gizli kap\u0131lar ve kaybolan anahtarlar var. Her g\u00fcn yeni bir g\u00f6rev, yeni bir<span class=\"excerpt-hellip\"> [\u2026]<\/span><\/p>\n","protected":false},"featured_media":0,"template":"","meta":{"_monsterinsights_skip_tracking":false,"_monsterinsights_sitenote_active":false,"_monsterinsights_sitenote_note":"","_monsterinsights_sitenote_category":0},"product_brand":[],"product_cat":[12274,12284],"product_tag":[],"class_list":{"0":"post-785003","1":"product","2":"type-product","3":"status-publish","5":"product_cat-cocuk-ve-genclik-kitaplari","6":"product_cat-hikayeler","7":"pa_cilt-ciltsiz","8":"pa_tur-kitap","9":"pa_yayinevi-timas-cocuk","10":"pa_yazar-ahmet-bulut","12":"first","13":"instock","14":"sale","15":"shipping-taxable","16":"purchasable","17":"product-type-simple"},"_links":{"self":[{"href":"https:\/\/roveyayinevi.com.tr\/index.php\/wp-json\/wp\/v2\/product\/785003","targetHints":{"allow":["GET"]}}],"collection":[{"href":"https:\/\/roveyayinevi.com.tr\/index.php\/wp-json\/wp\/v2\/product"}],"about":[{"href":"https:\/\/roveyayinevi.com.tr\/index.php\/wp-json\/wp\/v2\/types\/product"}],"wp:attachment":[{"href":"https:\/\/roveyayinevi.com.tr\/index.php\/wp-json\/wp\/v2\/media?parent=785003"}],"wp:term":[{"taxonomy":"product_brand","embeddable":true,"href":"https:\/\/roveyayinevi.com.tr\/index.php\/wp-json\/wp\/v2\/product_brand?post=785003"},{"taxonomy":"product_cat","embeddable":true,"href":"https:\/\/roveyayinevi.com.tr\/index.php\/wp-json\/wp\/v2\/product_cat?post=785003"},{"taxonomy":"product_tag","embeddable":true,"href":"https:\/\/roveyayinevi.com.tr\/index.php\/wp-json\/wp\/v2\/product_tag?post=785003"}],"curies":[{"name":"wp","href":"https:\/\/api.w.org\/{rel}","templated":true}]}}