{"id":784994,"date":"2026-03-16T22:31:57","date_gmt":"2026-03-16T19:31:57","guid":{"rendered":"https:\/\/roveyayinevi.com.tr\/index.php\/urun\/ekran-kackinlari\/"},"modified":"2026-04-15T03:46:13","modified_gmt":"2026-04-15T00:46:13","slug":"ekran-kackinlari","status":"publish","type":"product","link":"https:\/\/roveyayinevi.com.tr\/index.php\/urun\/ekran-kackinlari\/","title":{"rendered":"Ekran Ka\u00e7k\u0131nlar\u0131"},"content":{"rendered":"<p>Arda bir oyun tutkunu, Elif sosyal medyada fenomen olma hayalleri kuran bir i\u00e7erik \u00fcreticisi, Can ise bilgisayar ba\u015f\u0131ndan kalkmayan bir kodlama d\u00e2hisi&#8230; \u00dc\u00e7\u00fc de kendi d\u00fcnyas\u0131nda kahraman. Tabii internet oldu\u011fu s\u00fcrece&#8230; Peki ya internet yoksa? Ultra Teknoloji Kamp\u0131\u2019na do\u011fru yola \u00e7\u0131kan bu \u00fc\u00e7 \u00e7ocuk, kendilerini beklemedikleri bir maceran\u0131n tam ortas\u0131nda bulur. \u015earjlar biter, sinyaller kaybolur, planlar alt\u00fcst olur. Geriye sadece ekip \u00e7al\u0131\u015fmas\u0131, cesaret ve ger\u00e7ek hayat kal\u0131r. Ekranlardan uzakla\u015ft\u0131k\u00e7a, kendilerine yakla\u015f\u0131rlar. Peki, bu ne kadar s\u00fcrebilir? Hadi, kitab\u0131n kapa\u011f\u0131n\u0131 arala ve maceraya ba\u015fla. \u00c7\u00fcnk\u00fc canl\u0131 yay\u0131ndas\u0131n!<\/p>\n","protected":false},"excerpt":{"rendered":"<p>Arda bir oyun tutkunu, Elif sosyal medyada fenomen olma hayalleri kuran bir i\u00e7erik \u00fcreticisi, Can ise bilgisayar ba\u015f\u0131ndan kalkmayan bir kodlama d\u00e2hisi&#8230; \u00dc\u00e7\u00fc de kendi d\u00fcnyas\u0131nda<span class=\"excerpt-hellip\"> [\u2026]<\/span><\/p>\n","protected":false},"featured_media":0,"template":"","meta":{"_monsterinsights_skip_tracking":false,"_monsterinsights_sitenote_active":false,"_monsterinsights_sitenote_note":"","_monsterinsights_sitenote_category":0},"product_brand":[],"product_cat":[12274,12284],"product_tag":[],"class_list":{"0":"post-784994","1":"product","2":"type-product","3":"status-publish","5":"product_cat-cocuk-ve-genclik-kitaplari","6":"product_cat-hikayeler","7":"pa_cilt-ciltsiz","8":"pa_tur-kitap","9":"pa_yayinevi-genc-timas","10":"pa_yazar-oya-dogan","12":"first","13":"instock","14":"sale","15":"shipping-taxable","16":"purchasable","17":"product-type-simple"},"_links":{"self":[{"href":"https:\/\/roveyayinevi.com.tr\/index.php\/wp-json\/wp\/v2\/product\/784994","targetHints":{"allow":["GET"]}}],"collection":[{"href":"https:\/\/roveyayinevi.com.tr\/index.php\/wp-json\/wp\/v2\/product"}],"about":[{"href":"https:\/\/roveyayinevi.com.tr\/index.php\/wp-json\/wp\/v2\/types\/product"}],"wp:attachment":[{"href":"https:\/\/roveyayinevi.com.tr\/index.php\/wp-json\/wp\/v2\/media?parent=784994"}],"wp:term":[{"taxonomy":"product_brand","embeddable":true,"href":"https:\/\/roveyayinevi.com.tr\/index.php\/wp-json\/wp\/v2\/product_brand?post=784994"},{"taxonomy":"product_cat","embeddable":true,"href":"https:\/\/roveyayinevi.com.tr\/index.php\/wp-json\/wp\/v2\/product_cat?post=784994"},{"taxonomy":"product_tag","embeddable":true,"href":"https:\/\/roveyayinevi.com.tr\/index.php\/wp-json\/wp\/v2\/product_tag?post=784994"}],"curies":[{"name":"wp","href":"https:\/\/api.w.org\/{rel}","templated":true}]}}