{"id":784980,"date":"2026-03-16T22:31:16","date_gmt":"2026-03-16T19:31:16","guid":{"rendered":"https:\/\/roveyayinevi.com.tr\/index.php\/urun\/kirklar-meydani-gayb-aleminin-sultanlari\/"},"modified":"2026-04-15T03:46:13","modified_gmt":"2026-04-15T00:46:13","slug":"kirklar-meydani-gayb-aleminin-sultanlari","status":"publish","type":"product","link":"https:\/\/roveyayinevi.com.tr\/index.php\/urun\/kirklar-meydani-gayb-aleminin-sultanlari\/","title":{"rendered":"K\u0131rklar Meydan\u0131 &#8211; Gayb Aleminin Sultanlar\u0131"},"content":{"rendered":"<p>Alev\u00eelik\/Bekta\u015f\u00eelik genel hatlar\u0131yla Hak-Muhammed-Ali yolu olarak tarif edilir. Hak, Allah\u2019\u0131, Allah\u2019\u0131n varl\u0131\u011f\u0131 ve birli\u011fini; Muhammed, Hz. Muhammed\u2019in peygamberli\u011fini ve son peygamber oldu\u011funu; Ali ise Hz. Ali\u2019nin evliyan\u0131n ve vel\u00e2yet makam\u0131n\u0131n piri oldu\u011funu ifade eder. Bu yolun kurucular\u0131 olarak kabul edilen velilerin soyu Hz. Ali\u2019ye ula\u015f\u0131r. Dolay\u0131s\u0131yla onlar\u0131n tamam\u0131 Ali soyludur. Fakat pek \u00e7o\u011funun hayat hik\u00e2yesi menk\u0131beler, destanlar ve efsanelerle \u00f6rt\u00fcl\u00fcd\u00fcr. Alev\u00eelik\/Bekta\u015f\u00eelik \u00e7al\u0131\u015fmalar\u0131yla bilinen Sadullah G\u00fclten, \u00dc\u00e7ler, Yediler, K\u0131rklar isimli kitab\u0131n\u0131n devam\u0131 mahiyetindeki K\u0131rklar Meydan\u0131 isimli eserde bu sefer yol ulular\u0131ndan Ebu\u2019l-Vef\u00e2, Dede Kark\u0131n, Baba \u0130lyas, Baba \u0130shak, Muhlis Pa\u015fa, \u00c2\u015f\u0131k Pa\u015fa, \u015eeyh Edeb\u00e2li, \u00c2\u015f\u0131kpa\u015faz\u00e2de, Seyyid Vel\u00e2yet, \u015eeyh \u00c7oban, \u00dcryan H\u0131z\u0131r, A\u011fu \u0130\u00e7en (A\u011fu\u00e7an), Hubyar Sultan, Dervi\u015f Gevr\/Beyaz (Mahmud\u00fc\u2019l-Kebir), Baba Mansur, Kurey\u015f Baba, Abdal Ata, Etyemez Baba, Samut Baba, Ali Ko\u00e7 Baba, D\u00fczg\u00fcn Baba, Munzur Baba, Garip Musa, H\u0131d\u0131r Abdal ve Dervi\u015f Cemal\u2019in hayat hik\u00e2yelerini sade bir dille okuyucuyla bulu\u015fturmaktad\u0131r.<\/p>\n","protected":false},"excerpt":{"rendered":"<p>Alev\u00eelik\/Bekta\u015f\u00eelik genel hatlar\u0131yla Hak-Muhammed-Ali yolu olarak tarif edilir. Hak, Allah\u2019\u0131, Allah\u2019\u0131n varl\u0131\u011f\u0131 ve birli\u011fini; Muhammed, Hz. Muhammed\u2019in peygamberli\u011fini ve son peygamber oldu\u011funu; Ali ise Hz. Ali\u2019nin<span class=\"excerpt-hellip\"> [\u2026]<\/span><\/p>\n","protected":false},"featured_media":0,"template":"","meta":{"_monsterinsights_skip_tracking":false,"_monsterinsights_sitenote_active":false,"_monsterinsights_sitenote_note":"","_monsterinsights_sitenote_category":0},"product_brand":[],"product_cat":[12370,12304],"product_tag":[],"class_list":{"0":"post-784980","1":"product","2":"type-product","3":"status-publish","5":"product_cat-arastirma-inceleme","6":"product_cat-tarih","7":"pa_cilt-ciltsiz","8":"pa_tur-kitap","9":"pa_yayinevi-timas-yayinlari","10":"pa_yazar-sadullah-gulten","12":"first","13":"instock","14":"sale","15":"shipping-taxable","16":"purchasable","17":"product-type-simple"},"_links":{"self":[{"href":"https:\/\/roveyayinevi.com.tr\/index.php\/wp-json\/wp\/v2\/product\/784980","targetHints":{"allow":["GET"]}}],"collection":[{"href":"https:\/\/roveyayinevi.com.tr\/index.php\/wp-json\/wp\/v2\/product"}],"about":[{"href":"https:\/\/roveyayinevi.com.tr\/index.php\/wp-json\/wp\/v2\/types\/product"}],"wp:attachment":[{"href":"https:\/\/roveyayinevi.com.tr\/index.php\/wp-json\/wp\/v2\/media?parent=784980"}],"wp:term":[{"taxonomy":"product_brand","embeddable":true,"href":"https:\/\/roveyayinevi.com.tr\/index.php\/wp-json\/wp\/v2\/product_brand?post=784980"},{"taxonomy":"product_cat","embeddable":true,"href":"https:\/\/roveyayinevi.com.tr\/index.php\/wp-json\/wp\/v2\/product_cat?post=784980"},{"taxonomy":"product_tag","embeddable":true,"href":"https:\/\/roveyayinevi.com.tr\/index.php\/wp-json\/wp\/v2\/product_tag?post=784980"}],"curies":[{"name":"wp","href":"https:\/\/api.w.org\/{rel}","templated":true}]}}