{"id":784968,"date":"2026-03-16T21:15:10","date_gmt":"2026-03-16T18:15:10","guid":{"rendered":"https:\/\/roveyayinevi.com.tr\/index.php\/urun\/mogollar-tarihin-kara-yazisi\/"},"modified":"2026-04-16T02:14:24","modified_gmt":"2026-04-15T23:14:24","slug":"mogollar-tarihin-kara-yazisi","status":"publish","type":"product","link":"https:\/\/roveyayinevi.com.tr\/index.php\/urun\/mogollar-tarihin-kara-yazisi\/","title":{"rendered":"Mo\u011follar &#8211; Tarihin Kara Yaz\u0131s\u0131"},"content":{"rendered":"<p>13. y\u00fczy\u0131l\u0131n ba\u015flar\u0131nda tarih sahnesine \u00e7\u0131kan Cengiz Han \u00f6nderli\u011findeki Mo\u011follar, yar\u0131m as\u0131r i\u00e7erisinde d\u00fcnyan\u0131n neredeyse yar\u0131ya yak\u0131n\u0131n\u0131 i\u015fgal ettiler. Horasan, Mavera\u00fcnnehir, \u0130ran, Irak, Azerbaycan, Kafkasya, De\u015ft-i K\u0131p\u00e7ak, Do\u011fu Avrupa ve Anadolu\u2019nun tamam\u0131n\u0131 istila etmi\u015f, ya\u015fad\u0131klar\u0131 y\u00fczy\u0131l\u0131 tarihin g\u00f6rd\u00fc\u011f\u00fc en kanl\u0131 ve ac\u0131 dolu kabus d\u00f6nemlerinden birine d\u00f6n\u00fc\u015ft\u00fcrm\u00fc\u015flerdi. \u00d6nlerine \u00e7\u0131kan b\u00fct\u00fcn ordular\u0131 ezip ge\u00e7erken kimse kar\u015f\u0131lar\u0131nda duram\u0131yordu. Haklar\u0131ndaki efsaneler her tarafa yay\u0131lm\u0131\u015f, kendileriyle ilgili s\u00f6ylentiler onlar\u0131 efsane haline getirmi\u015fti. \u00c7a\u011fda\u015f m\u00fcellif \u0130bn\u00fc\u2019l-Esir gibi bir\u00e7ok kimse, onlar\u0131n yapt\u0131klar\u0131na \u015fahit olmaktansa do\u011fmam\u0131\u015f olmay\u0131 diliyordu. <\/p>\n","protected":false},"excerpt":{"rendered":"<p>13. y\u00fczy\u0131l\u0131n ba\u015flar\u0131nda tarih sahnesine \u00e7\u0131kan Cengiz Han \u00f6nderli\u011findeki Mo\u011follar, yar\u0131m as\u0131r i\u00e7erisinde d\u00fcnyan\u0131n neredeyse yar\u0131ya yak\u0131n\u0131n\u0131 i\u015fgal ettiler. Horasan, Mavera\u00fcnnehir, \u0130ran, Irak, Azerbaycan, Kafkasya, De\u015ft-i<span class=\"excerpt-hellip\"> [\u2026]<\/span><\/p>\n","protected":false},"featured_media":0,"template":"","meta":{"_monsterinsights_skip_tracking":false,"_monsterinsights_sitenote_active":false,"_monsterinsights_sitenote_note":"","_monsterinsights_sitenote_category":0},"product_brand":[],"product_cat":[12370,12304],"product_tag":[],"class_list":{"0":"post-784968","1":"product","2":"type-product","3":"status-publish","5":"product_cat-arastirma-inceleme","6":"product_cat-tarih","7":"pa_tur-kitap","8":"pa_yayinevi-timas-yayinlari","9":"pa_yazar-mustafa-alican","11":"first","12":"instock","13":"sale","14":"shipping-taxable","15":"purchasable","16":"product-type-simple"},"_links":{"self":[{"href":"https:\/\/roveyayinevi.com.tr\/index.php\/wp-json\/wp\/v2\/product\/784968","targetHints":{"allow":["GET"]}}],"collection":[{"href":"https:\/\/roveyayinevi.com.tr\/index.php\/wp-json\/wp\/v2\/product"}],"about":[{"href":"https:\/\/roveyayinevi.com.tr\/index.php\/wp-json\/wp\/v2\/types\/product"}],"wp:attachment":[{"href":"https:\/\/roveyayinevi.com.tr\/index.php\/wp-json\/wp\/v2\/media?parent=784968"}],"wp:term":[{"taxonomy":"product_brand","embeddable":true,"href":"https:\/\/roveyayinevi.com.tr\/index.php\/wp-json\/wp\/v2\/product_brand?post=784968"},{"taxonomy":"product_cat","embeddable":true,"href":"https:\/\/roveyayinevi.com.tr\/index.php\/wp-json\/wp\/v2\/product_cat?post=784968"},{"taxonomy":"product_tag","embeddable":true,"href":"https:\/\/roveyayinevi.com.tr\/index.php\/wp-json\/wp\/v2\/product_tag?post=784968"}],"curies":[{"name":"wp","href":"https:\/\/api.w.org\/{rel}","templated":true}]}}