{"id":784956,"date":"2026-03-15T03:32:06","date_gmt":"2026-03-15T00:32:06","guid":{"rendered":"https:\/\/roveyayinevi.com.tr\/index.php\/urun\/gurultulu-canavar\/"},"modified":"2026-04-15T03:48:42","modified_gmt":"2026-04-15T00:48:42","slug":"gurultulu-canavar","status":"publish","type":"product","link":"https:\/\/roveyayinevi.com.tr\/index.php\/urun\/gurultulu-canavar\/","title":{"rendered":"G\u00fcr\u00fclt\u00fcl\u00fc Canavar"},"content":{"rendered":"<p>Osmanl\u0131 \u015fehirlerinde bir g\u00fcn ans\u0131z\u0131n ortaya \u00e7\u0131kan, duman p\u00fcsk\u00fcrten ve g\u00fcr\u00fclt\u00fcs\u00fcyle sokaklar\u0131 titreten tuhaf bir makine&#8230; Kimileri ona hayranl\u0131kla bak\u0131yor, kimileri ise korkuyla geri \u00e7ekiliyordu. \u00c7\u00fcnk\u00fc bu yeni ara\u00e7 yaln\u0131zca bir ula\u015f\u0131m arac\u0131 de\u011fil, modern d\u00fcnyan\u0131n habercisiydi.   Avrupa ve Amerika\u2019da h\u0131zla yay\u0131lan otomobil teknolojisi, 19. y\u00fczy\u0131l\u0131n sonlar\u0131nda Osmanl\u0131 topraklar\u0131na ula\u015ft\u0131\u011f\u0131nda yaln\u0131zca yollar\u0131 de\u011fil, g\u00fcndelik hayat\u0131, \u015fehir d\u00fczenini ve toplumsal al\u0131\u015fkanl\u0131klar\u0131 da sarsmaya ba\u015flad\u0131. Dar sokaklara ve faytonlar\u0131n h\u00e2kim oldu\u011fu ula\u015f\u0131m d\u00fczenine giren bu yeni makine, k\u0131sa s\u00fcrede merak\u0131n ve tart\u0131\u015fman\u0131n oda\u011f\u0131 h\u00e2line geldi.   Hakan Tan, ar\u015fiv belgelerinden gazetelere, yabanc\u0131 bas\u0131ndan edeb\u00ee metinlere uzanan geni\u015f bir kaynak a\u011f\u0131yla otomobilin Osmanl\u0131\u2019daki izini s\u00fcr\u00fcyor. Saray bah\u00e7elerinde yap\u0131lan ilk denemelerden \u0130stanbul sokaklar\u0131nda ya\u015fanan kazalara, g\u00fcmr\u00fckteki b\u00fcrokratik teredd\u00fctlerden ilk otomobil sahiplerine kadar uzanan bu hik\u00e2ye, modernle\u015fmenin g\u00fcndelik hayat \u00fczerindeki etkilerini \u00e7arp\u0131c\u0131 ayr\u0131nt\u0131larla g\u00f6zler \u00f6n\u00fcne seriyor.   G\u00fcr\u00fclt\u00fcl\u00fc Canavar, otomobilin Osmanl\u0131 \u0130mparatorlu\u011fu\u2019ndaki \u015fa\u015f\u0131rt\u0131c\u0131 ve \u00e7o\u011fu zaman bilinmeyen hik\u00e2yesini anlat\u0131yor. Tek bir makinenin izini s\u00fcrerek Osmanl\u0131 toplumunun modernlikle kurdu\u011fu ili\u015fkiye \u0131\u015f\u0131k tutuyor ve okuru de\u011fi\u015fen bir d\u00fcnyan\u0131n e\u015fi\u011fine g\u00f6t\u00fcr\u00fcyor.<\/p>\n","protected":false},"excerpt":{"rendered":"<p>Osmanl\u0131 \u015fehirlerinde bir g\u00fcn ans\u0131z\u0131n ortaya \u00e7\u0131kan, duman p\u00fcsk\u00fcrten ve g\u00fcr\u00fclt\u00fcs\u00fcyle sokaklar\u0131 titreten tuhaf bir makine&#8230; Kimileri ona hayranl\u0131kla bak\u0131yor, kimileri ise korkuyla geri \u00e7ekiliyordu. \u00c7\u00fcnk\u00fc<span class=\"excerpt-hellip\"> [\u2026]<\/span><\/p>\n","protected":false},"featured_media":0,"template":"","meta":{"_monsterinsights_skip_tracking":false,"_monsterinsights_sitenote_active":false,"_monsterinsights_sitenote_note":"","_monsterinsights_sitenote_category":0},"product_brand":[],"product_cat":[12370,12304],"product_tag":[],"class_list":{"0":"post-784956","1":"product","2":"type-product","3":"status-publish","5":"product_cat-arastirma-inceleme","6":"product_cat-tarih","7":"pa_cilt-ciltsiz","8":"pa_tur-kitap","9":"pa_yayinevi-kronik-kitap","10":"pa_yazar-hakan-tan","12":"first","13":"instock","14":"sale","15":"shipping-taxable","16":"purchasable","17":"product-type-simple"},"_links":{"self":[{"href":"https:\/\/roveyayinevi.com.tr\/index.php\/wp-json\/wp\/v2\/product\/784956","targetHints":{"allow":["GET"]}}],"collection":[{"href":"https:\/\/roveyayinevi.com.tr\/index.php\/wp-json\/wp\/v2\/product"}],"about":[{"href":"https:\/\/roveyayinevi.com.tr\/index.php\/wp-json\/wp\/v2\/types\/product"}],"wp:attachment":[{"href":"https:\/\/roveyayinevi.com.tr\/index.php\/wp-json\/wp\/v2\/media?parent=784956"}],"wp:term":[{"taxonomy":"product_brand","embeddable":true,"href":"https:\/\/roveyayinevi.com.tr\/index.php\/wp-json\/wp\/v2\/product_brand?post=784956"},{"taxonomy":"product_cat","embeddable":true,"href":"https:\/\/roveyayinevi.com.tr\/index.php\/wp-json\/wp\/v2\/product_cat?post=784956"},{"taxonomy":"product_tag","embeddable":true,"href":"https:\/\/roveyayinevi.com.tr\/index.php\/wp-json\/wp\/v2\/product_tag?post=784956"}],"curies":[{"name":"wp","href":"https:\/\/api.w.org\/{rel}","templated":true}]}}