{"id":784943,"date":"2026-03-15T03:31:33","date_gmt":"2026-03-15T00:31:33","guid":{"rendered":"https:\/\/roveyayinevi.com.tr\/index.php\/urun\/disney-okuma-adimlarim-2-adim-stic-stic-okullu-oldu\/"},"modified":"2026-04-15T03:48:41","modified_gmt":"2026-04-15T00:48:41","slug":"disney-okuma-adimlarim-2-adim-stic-stic-okullu-oldu","status":"publish","type":"product","link":"https:\/\/roveyayinevi.com.tr\/index.php\/urun\/disney-okuma-adimlarim-2-adim-stic-stic-okullu-oldu\/","title":{"rendered":"Disney Okuma Ad\u0131mlar\u0131m &#8211; 2.Ad\u0131m &#8211; Sti\u00e7 &#8211; Sti\u00e7 Okullu Oldu"},"content":{"rendered":"<p>Disney&#8217;in Lilo ve Sti\u00e7 filminden Sti\u00e7\u2019&#8217;in bir g\u00fcnl\u00fc\u011f\u00fcne okula gitmesini konu alan, 2. Ad\u0131m seviyeli bir okuma kitab\u0131!   Okulda evcil hayvan g\u00fcn\u00fc ve Lilo, Sti\u00e7\u2019&#8217;i s\u0131n\u0131fa yeni evcil hayvan\u0131 olarak tan\u0131tmak i\u00e7in sab\u0131rs\u0131zlan\u0131yor! Ancak Sti\u00e7 yanl\u0131\u015fl\u0131kla s\u0131n\u0131f\u0131n evcil hayvan\u0131n\u0131 serbest b\u0131rakt\u0131\u011f\u0131nda, okul g\u00fcn\u00fc bitmeden onu yakalayabilecek mi? Disney&#8217;in Lilo ve Stitch filminden uyarlanan bu 2. Ad\u0131m &#8220;Okuma Ad\u0131mlar\u0131m&#8221; seviyeli okuma kitab\u0131, okulun ilk g\u00fcn\u00fc heyecan\u0131 ya\u015fayan 3-6 ya\u015f aras\u0131 \u00e7ocuklar i\u00e7in m\u00fckemmeldir.   Ad\u0131m okuma kitaplar\u0131, basit hikayeler anlatmak i\u00e7in temel kelime da\u011farc\u0131\u011f\u0131 ve k\u0131sa c\u00fcmleler kullan\u0131r. Tan\u0131d\u0131k kelimeleri tan\u0131yan ve yeni kelimeleri yard\u0131m alarak heceleyebilen \u00e7ocuklar i\u00e7indir.<\/p>\n","protected":false},"excerpt":{"rendered":"<p>Disney&#8217;in Lilo ve Sti\u00e7 filminden Sti\u00e7\u2019&#8217;in bir g\u00fcnl\u00fc\u011f\u00fcne okula gitmesini konu alan, 2. Ad\u0131m seviyeli bir okuma kitab\u0131! Okulda evcil hayvan g\u00fcn\u00fc ve Lilo, Sti\u00e7\u2019&#8217;i s\u0131n\u0131fa<span class=\"excerpt-hellip\"> [\u2026]<\/span><\/p>\n","protected":false},"featured_media":0,"template":"","meta":{"_monsterinsights_skip_tracking":false,"_monsterinsights_sitenote_active":false,"_monsterinsights_sitenote_note":"","_monsterinsights_sitenote_category":0},"product_brand":[],"product_cat":[12274,12284],"product_tag":[],"class_list":{"0":"post-784943","1":"product","2":"type-product","3":"status-publish","5":"product_cat-cocuk-ve-genclik-kitaplari","6":"product_cat-hikayeler","7":"pa_cilt-ciltsiz","8":"pa_tur-kitap","9":"pa_yayinevi-beta-kids","10":"pa_yazar-john-edwards","12":"first","13":"instock","14":"sale","15":"shipping-taxable","16":"purchasable","17":"product-type-simple"},"_links":{"self":[{"href":"https:\/\/roveyayinevi.com.tr\/index.php\/wp-json\/wp\/v2\/product\/784943","targetHints":{"allow":["GET"]}}],"collection":[{"href":"https:\/\/roveyayinevi.com.tr\/index.php\/wp-json\/wp\/v2\/product"}],"about":[{"href":"https:\/\/roveyayinevi.com.tr\/index.php\/wp-json\/wp\/v2\/types\/product"}],"wp:attachment":[{"href":"https:\/\/roveyayinevi.com.tr\/index.php\/wp-json\/wp\/v2\/media?parent=784943"}],"wp:term":[{"taxonomy":"product_brand","embeddable":true,"href":"https:\/\/roveyayinevi.com.tr\/index.php\/wp-json\/wp\/v2\/product_brand?post=784943"},{"taxonomy":"product_cat","embeddable":true,"href":"https:\/\/roveyayinevi.com.tr\/index.php\/wp-json\/wp\/v2\/product_cat?post=784943"},{"taxonomy":"product_tag","embeddable":true,"href":"https:\/\/roveyayinevi.com.tr\/index.php\/wp-json\/wp\/v2\/product_tag?post=784943"}],"curies":[{"name":"wp","href":"https:\/\/api.w.org\/{rel}","templated":true}]}}