{"id":784912,"date":"2026-03-15T03:28:34","date_gmt":"2026-03-15T00:28:34","guid":{"rendered":"https:\/\/roveyayinevi.com.tr\/index.php\/urun\/milli-mucadele-doneminde-siyaset-ve-savas-siyasi-bir-analiz-cilt-i-1918-1920\/"},"modified":"2026-04-15T03:45:33","modified_gmt":"2026-04-15T00:45:33","slug":"milli-mucadele-doneminde-siyaset-ve-savas-siyasi-bir-analiz-cilt-i-1918-1920","status":"publish","type":"product","link":"https:\/\/roveyayinevi.com.tr\/index.php\/urun\/milli-mucadele-doneminde-siyaset-ve-savas-siyasi-bir-analiz-cilt-i-1918-1920\/","title":{"rendered":"Milli M\u00fccadele D\u00f6neminde S\u0130YASET ve SAVA\u015e Siyasi Bir Analiz C\u0130LT I: 1918-1920"},"content":{"rendered":"<p>S\u0130YASET VE SAVA\u015eCEMAL FEDAY\u0130Bu kitap, Mill\u00ee M\u00fccadele D\u00f6nemini siyaset bilimi ekseninde analiz eden tek \u00e7al\u0131\u015fmad\u0131r.Bu \u00e7al\u0131\u015fmada 1918-1920 d\u00f6neminde, siyaset ve sava\u015f ekseninde geli\u015fen olaylar derinlemesine analiz edilmi\u015ftir:1918\u2019de Mondros ile sava\u015ftan siyasete ge\u00e7ilmesi,\u0130stanbul\u2019da yo\u011funla\u015fan ve t\u0131kanan siyaset,M. Kemal Pa\u015fa\u2019n\u0131n \u0130stanbul\u2019daki siyasi aray\u0131\u015flar\u0131,Vahdeddin\u2019in Mill\u00ee M\u00fccadeleye gizli ve a\u00e7\u0131k katk\u0131s\u0131,\u0130ttihat Terakki\u2019nin D\u00f6n\u00fc\u015f\u00fcm\u00fc ve Mill\u00ee M\u00fccadeleye katk\u0131s\u0131,Anadolu sath\u0131na yay\u0131lan kongreler ve siyasetin Anadolu\u2019ya ta\u015f\u0131nmas\u0131,Ko\u015fu bittikten sonra da ko\u015fan atlar: Kuv\u00e2-y\u0131 Mill\u00eeye ve M\u00fcdafaa-i Hukuk,Amerikan mandas\u0131 ve Bol\u015fevik yard\u0131m\u0131,Hint Hilafet Komitesinin maddi ve manevi yard\u0131m\u0131,Misak-\u0131 Mill\u00ee ve Misak-\u0131 Halife,\u0130syanlar ve ihanetler tart\u0131\u015fmas\u0131,Devletin \u0130stanbul\u2019dan Ankara\u2019ya ta\u015f\u0131nmas\u0131,T\u00fcrkiye ve Yunanistan\u2019da iktidar de\u011fi\u015fimiVe daha fazlas\u0131\u2026<\/p>\n","protected":false},"excerpt":{"rendered":"<p>S\u0130YASET VE SAVA\u015eCEMAL FEDAY\u0130Bu kitap, Mill\u00ee M\u00fccadele D\u00f6nemini siyaset bilimi ekseninde analiz eden tek \u00e7al\u0131\u015fmad\u0131r.Bu \u00e7al\u0131\u015fmada 1918-1920 d\u00f6neminde, siyaset ve sava\u015f ekseninde geli\u015fen olaylar derinlemesine analiz<span class=\"excerpt-hellip\"> [\u2026]<\/span><\/p>\n","protected":false},"featured_media":0,"template":"","meta":{"_monsterinsights_skip_tracking":false,"_monsterinsights_sitenote_active":false,"_monsterinsights_sitenote_note":"","_monsterinsights_sitenote_category":0},"product_brand":[],"product_cat":[12370,12304],"product_tag":[],"class_list":{"0":"post-784912","1":"product","2":"type-product","3":"status-publish","5":"product_cat-arastirma-inceleme","6":"product_cat-tarih","7":"pa_cilt-ciltsiz","8":"pa_tur-kitap","9":"pa_yayinevi-kadim-yayinlari","10":"pa_yazar-cemal-fedayi","12":"first","13":"instock","14":"sale","15":"shipping-taxable","16":"purchasable","17":"product-type-simple"},"_links":{"self":[{"href":"https:\/\/roveyayinevi.com.tr\/index.php\/wp-json\/wp\/v2\/product\/784912","targetHints":{"allow":["GET"]}}],"collection":[{"href":"https:\/\/roveyayinevi.com.tr\/index.php\/wp-json\/wp\/v2\/product"}],"about":[{"href":"https:\/\/roveyayinevi.com.tr\/index.php\/wp-json\/wp\/v2\/types\/product"}],"wp:attachment":[{"href":"https:\/\/roveyayinevi.com.tr\/index.php\/wp-json\/wp\/v2\/media?parent=784912"}],"wp:term":[{"taxonomy":"product_brand","embeddable":true,"href":"https:\/\/roveyayinevi.com.tr\/index.php\/wp-json\/wp\/v2\/product_brand?post=784912"},{"taxonomy":"product_cat","embeddable":true,"href":"https:\/\/roveyayinevi.com.tr\/index.php\/wp-json\/wp\/v2\/product_cat?post=784912"},{"taxonomy":"product_tag","embeddable":true,"href":"https:\/\/roveyayinevi.com.tr\/index.php\/wp-json\/wp\/v2\/product_tag?post=784912"}],"curies":[{"name":"wp","href":"https:\/\/api.w.org\/{rel}","templated":true}]}}