{"id":784907,"date":"2026-03-15T03:27:15","date_gmt":"2026-03-15T00:27:15","guid":{"rendered":"https:\/\/roveyayinevi.com.tr\/index.php\/urun\/yapay-zeka-neler-yapabilir\/"},"modified":"2026-04-15T03:44:15","modified_gmt":"2026-04-15T00:44:15","slug":"yapay-zeka-neler-yapabilir","status":"publish","type":"product","link":"https:\/\/roveyayinevi.com.tr\/index.php\/urun\/yapay-zeka-neler-yapabilir\/","title":{"rendered":"Yapay Zeka Neler Yapabilir?"},"content":{"rendered":"<p>Yapay zek\u00e2n\u0131n \u00f6nc\u00fclerinden Sepp Hochreiter, bu kitapta yapay zek\u00e2n\u0131n nas\u0131l \u00e7al\u0131\u015ft\u0131\u011f\u0131n\u0131, hangi alanlarda insan zek\u00e2s\u0131n\u0131 taklit edebildi\u011fini ve nerelerde onun s\u0131n\u0131rlar\u0131na tak\u0131ld\u0131\u011f\u0131n\u0131 herkesin anlayabilece\u011fi sade bir dille anlat\u0131yor. Bilimin, teknolojinin ve felsefenin kesi\u015fti\u011fi bu \u00e7arp\u0131c\u0131 metin; makinelerin \u00f6\u011frenme kapasitesinden bilincin do\u011fas\u0131na, etik s\u0131n\u0131rlar\u0131ndan gelecekte bizi bekleyen olas\u0131l\u0131klara kadar pek \u00e7ok soruya yan\u0131t ar\u0131yor. Hochreiter\u2019in derin bilgi birikimiyle yazd\u0131\u011f\u0131 bu kitap, 2026 Avusturya Bilim Kitaplar\u0131 K\u0131sa Listesi\u2019ne se\u00e7ilerek b\u00fcy\u00fck yank\u0131 uyand\u0131rd\u0131. Yapay Zek\u00e2 Neler Yapabilir?, yaln\u0131zca teknoloji merakl\u0131lar\u0131 i\u00e7in de\u011fil, insan olman\u0131n anlam\u0131n\u0131 yeniden d\u00fc\u015f\u00fcnmek isteyen herkes i\u00e7in ilham verici bir yolculuk sunuyor. <\/p>\n","protected":false},"excerpt":{"rendered":"<p>Yapay zek\u00e2n\u0131n \u00f6nc\u00fclerinden Sepp Hochreiter, bu kitapta yapay zek\u00e2n\u0131n nas\u0131l \u00e7al\u0131\u015ft\u0131\u011f\u0131n\u0131, hangi alanlarda insan zek\u00e2s\u0131n\u0131 taklit edebildi\u011fini ve nerelerde onun s\u0131n\u0131rlar\u0131na tak\u0131ld\u0131\u011f\u0131n\u0131 herkesin anlayabilece\u011fi sade bir<span class=\"excerpt-hellip\"> [\u2026]<\/span><\/p>\n","protected":false},"featured_media":0,"template":"","meta":{"_monsterinsights_skip_tracking":false,"_monsterinsights_sitenote_active":false,"_monsterinsights_sitenote_note":"","_monsterinsights_sitenote_category":0},"product_brand":[],"product_cat":[13005,13006],"product_tag":[],"class_list":{"0":"post-784907","1":"product","2":"type-product","3":"status-publish","5":"product_cat-bilim-muhendislik","6":"product_cat-populer-bilim","7":"pa_cilt-ciltsiz","8":"pa_tur-kitap","9":"pa_yayinevi-kadim-yayinlari","10":"pa_yazar-kolektif","12":"first","13":"instock","14":"sale","15":"shipping-taxable","16":"purchasable","17":"product-type-simple"},"_links":{"self":[{"href":"https:\/\/roveyayinevi.com.tr\/index.php\/wp-json\/wp\/v2\/product\/784907","targetHints":{"allow":["GET"]}}],"collection":[{"href":"https:\/\/roveyayinevi.com.tr\/index.php\/wp-json\/wp\/v2\/product"}],"about":[{"href":"https:\/\/roveyayinevi.com.tr\/index.php\/wp-json\/wp\/v2\/types\/product"}],"wp:attachment":[{"href":"https:\/\/roveyayinevi.com.tr\/index.php\/wp-json\/wp\/v2\/media?parent=784907"}],"wp:term":[{"taxonomy":"product_brand","embeddable":true,"href":"https:\/\/roveyayinevi.com.tr\/index.php\/wp-json\/wp\/v2\/product_brand?post=784907"},{"taxonomy":"product_cat","embeddable":true,"href":"https:\/\/roveyayinevi.com.tr\/index.php\/wp-json\/wp\/v2\/product_cat?post=784907"},{"taxonomy":"product_tag","embeddable":true,"href":"https:\/\/roveyayinevi.com.tr\/index.php\/wp-json\/wp\/v2\/product_tag?post=784907"}],"curies":[{"name":"wp","href":"https:\/\/api.w.org\/{rel}","templated":true}]}}