{"id":784901,"date":"2026-03-15T03:23:19","date_gmt":"2026-03-15T00:23:19","guid":{"rendered":"https:\/\/roveyayinevi.com.tr\/index.php\/urun\/turkiyede-aile-kurumunun-gelecegi\/"},"modified":"2026-04-15T03:39:22","modified_gmt":"2026-04-15T00:39:22","slug":"turkiyede-aile-kurumunun-gelecegi","status":"publish","type":"product","link":"https:\/\/roveyayinevi.com.tr\/index.php\/urun\/turkiyede-aile-kurumunun-gelecegi\/","title":{"rendered":"T\u00fcrkiye\u2019de Aile Kurumunun Gelece\u011fi"},"content":{"rendered":"<p>Aile, bireyin do\u011fdu\u011fu, geli\u015fti\u011fi ve topluma kat\u0131ld\u0131\u011f\u0131 ilk ve en \u00f6nemli sosyal kurumdur. Ancak g\u00fcn\u00fcm\u00fczde hem d\u00fcnyada hem de \u00fclkemizde aile kurumunun kar\u015f\u0131 kar\u015f\u0131ya kald\u0131\u011f\u0131 tehditler her zamankinden daha \u00e7etin bir h\u00e2l alm\u0131\u015ft\u0131r. Bo\u015fanma oranlar\u0131n\u0131n artmas\u0131, aile i\u00e7i \u015fiddetin g\u00fcndelik hayat\u0131n par\u00e7as\u0131 h\u00e2line gelmesi, dijitalle\u015fmeyle birlikte ili\u015fkilerin samimiyetini yitirmesi, geleneksel aile de\u011ferlerini derinden sarsmaktad\u0131r. Bununla birlikte, son y\u0131llarda d\u00fcnya genelinde ve T\u00fcrkiye\u2019de do\u011fum oranlar\u0131n\u0131n kayda de\u011fer bi\u00e7imde d\u00fc\u015fmesi, gen\u00e7 n\u00fcfus oran\u0131ndaki azalma ve bireylerin evlilik ile \u00e7ocuk sahibi olmaya dair artan kayg\u0131lar\u0131 da aile yap\u0131s\u0131n\u0131 zay\u0131flatan bir di\u011fer \u00f6nemli geli\u015fme olarak kar\u015f\u0131m\u0131za \u00e7\u0131kmaktad\u0131r. Ekonomik belirsizlikler, kariyer kayg\u0131lar\u0131 ve bireysel \u00f6zg\u00fcrl\u00fc\u011f\u00fcn \u00f6ne \u00e7\u0131kmas\u0131 gibi etkenler, gen\u00e7lerin aile kurma konusundaki e\u011filimlerini de\u011fi\u015ftirmekte, bu durum ise hem toplumsal dengeyi hem de demografik yap\u0131y\u0131 tehdit etmektedir.<\/p>\n","protected":false},"excerpt":{"rendered":"<p>Aile, bireyin do\u011fdu\u011fu, geli\u015fti\u011fi ve topluma kat\u0131ld\u0131\u011f\u0131 ilk ve en \u00f6nemli sosyal kurumdur. Ancak g\u00fcn\u00fcm\u00fczde hem d\u00fcnyada hem de \u00fclkemizde aile kurumunun kar\u015f\u0131 kar\u015f\u0131ya kald\u0131\u011f\u0131 tehditler<span class=\"excerpt-hellip\"> [\u2026]<\/span><\/p>\n","protected":false},"featured_media":0,"template":"","meta":{"_monsterinsights_skip_tracking":false,"_monsterinsights_sitenote_active":false,"_monsterinsights_sitenote_note":"","_monsterinsights_sitenote_category":0},"product_brand":[],"product_cat":[12324],"product_tag":[],"class_list":{"0":"post-784901","1":"product","2":"type-product","3":"status-publish","5":"product_cat-sosyoloji","6":"pa_cilt-ciltsiz","7":"pa_tur-kitap","8":"pa_yayinevi-orient-yayin","9":"pa_yazar-recep-dursun-yusuf-kenan-haspolat-ismet-kaya","11":"first","12":"instock","13":"sale","14":"shipping-taxable","15":"purchasable","16":"product-type-simple"},"_links":{"self":[{"href":"https:\/\/roveyayinevi.com.tr\/index.php\/wp-json\/wp\/v2\/product\/784901","targetHints":{"allow":["GET"]}}],"collection":[{"href":"https:\/\/roveyayinevi.com.tr\/index.php\/wp-json\/wp\/v2\/product"}],"about":[{"href":"https:\/\/roveyayinevi.com.tr\/index.php\/wp-json\/wp\/v2\/types\/product"}],"wp:attachment":[{"href":"https:\/\/roveyayinevi.com.tr\/index.php\/wp-json\/wp\/v2\/media?parent=784901"}],"wp:term":[{"taxonomy":"product_brand","embeddable":true,"href":"https:\/\/roveyayinevi.com.tr\/index.php\/wp-json\/wp\/v2\/product_brand?post=784901"},{"taxonomy":"product_cat","embeddable":true,"href":"https:\/\/roveyayinevi.com.tr\/index.php\/wp-json\/wp\/v2\/product_cat?post=784901"},{"taxonomy":"product_tag","embeddable":true,"href":"https:\/\/roveyayinevi.com.tr\/index.php\/wp-json\/wp\/v2\/product_tag?post=784901"}],"curies":[{"name":"wp","href":"https:\/\/api.w.org\/{rel}","templated":true}]}}