{"id":784897,"date":"2026-03-15T03:21:02","date_gmt":"2026-03-15T00:21:02","guid":{"rendered":"https:\/\/roveyayinevi.com.tr\/index.php\/urun\/stratejik-ikna-turkiyenin-yumusak-gucu\/"},"modified":"2026-04-15T03:37:36","modified_gmt":"2026-04-15T00:37:36","slug":"stratejik-ikna-turkiyenin-yumusak-gucu","status":"publish","type":"product","link":"https:\/\/roveyayinevi.com.tr\/index.php\/urun\/stratejik-ikna-turkiyenin-yumusak-gucu\/","title":{"rendered":"Stratejik \u0130kna T\u00fcrkiye\u2019nin Yumu\u015fak G\u00fcc\u00fc"},"content":{"rendered":"<p>Tanklar, t\u00fcfekler ve s\u0131n\u0131rlar&#8230; G\u00fc\u00e7 deyince akla bunlar m\u0131 geliyor h\u00e2l\u00e2? Oysa 21. y\u00fczy\u0131l, g\u00fcc\u00fcn tan\u0131m\u0131n\u0131 k\u00f6kten de\u011fi\u015ftiriyor. K\u00fclt\u00fcrle, sanatla, ekranlardan yay\u0131lan bir dizinin etkisiyle, bir g\u00f6n\u00fcll\u00fcn\u00fcn uzak co\u011frafyalarda uzatt\u0131\u011f\u0131 elle \u015fekillenen bir d\u00fcnyaday\u0131z art\u0131k. Bu kitap, T\u00fcrkiye\u2019nin sahip oldu\u011fu ama yeterince konu\u015fulmayan as\u0131l g\u00fcc\u00fcne\u2014yumu\u015fak g\u00fcc\u00fcne\u2014yak\u0131ndan bak\u0131yor. E\u011fitimden sivil topluma, diasporadan medyaya uzanan geni\u015f bir yelpazede T\u00fcrkiye\u2019nin k\u00fcresel sahnede nas\u0131l daha g\u00f6r\u00fcn\u00fcr ve etkili olabilece\u011fini sorguluyor. Ele\u015ftirel ama yap\u0131c\u0131 bir dille, g\u00fcn\u00fcm\u00fcz\u00fcn en \u00f6nemli diplomasi arac\u0131n\u0131 masaya yat\u0131r\u0131yor. E\u011fer &#8220;T\u00fcrkiye d\u00fcnyada neyle var olacak?&#8221; sorusunu ger\u00e7ek\u00e7i, derinlikli ve vizyoner bir bak\u0131\u015fla sormak istiyorsan\u0131z, elinizdeki bu kitap tam size g\u00f6re.<\/p>\n","protected":false},"excerpt":{"rendered":"<p>Tanklar, t\u00fcfekler ve s\u0131n\u0131rlar&#8230; G\u00fc\u00e7 deyince akla bunlar m\u0131 geliyor h\u00e2l\u00e2? Oysa 21. y\u00fczy\u0131l, g\u00fcc\u00fcn tan\u0131m\u0131n\u0131 k\u00f6kten de\u011fi\u015ftiriyor. K\u00fclt\u00fcrle, sanatla, ekranlardan yay\u0131lan bir dizinin etkisiyle, bir<span class=\"excerpt-hellip\"> [\u2026]<\/span><\/p>\n","protected":false},"featured_media":0,"template":"","meta":{"_monsterinsights_skip_tracking":false,"_monsterinsights_sitenote_active":false,"_monsterinsights_sitenote_note":"","_monsterinsights_sitenote_category":0},"product_brand":[],"product_cat":[12337],"product_tag":[],"class_list":{"0":"post-784897","1":"product","2":"type-product","3":"status-publish","5":"product_cat-politika-siyaset","6":"pa_cilt-ciltsiz","7":"pa_tur-kitap","8":"pa_yayinevi-kadim-yayinlari","9":"pa_yazar-mehmet-fatih-ozerdem","11":"first","12":"instock","13":"sale","14":"shipping-taxable","15":"purchasable","16":"product-type-simple"},"_links":{"self":[{"href":"https:\/\/roveyayinevi.com.tr\/index.php\/wp-json\/wp\/v2\/product\/784897","targetHints":{"allow":["GET"]}}],"collection":[{"href":"https:\/\/roveyayinevi.com.tr\/index.php\/wp-json\/wp\/v2\/product"}],"about":[{"href":"https:\/\/roveyayinevi.com.tr\/index.php\/wp-json\/wp\/v2\/types\/product"}],"wp:attachment":[{"href":"https:\/\/roveyayinevi.com.tr\/index.php\/wp-json\/wp\/v2\/media?parent=784897"}],"wp:term":[{"taxonomy":"product_brand","embeddable":true,"href":"https:\/\/roveyayinevi.com.tr\/index.php\/wp-json\/wp\/v2\/product_brand?post=784897"},{"taxonomy":"product_cat","embeddable":true,"href":"https:\/\/roveyayinevi.com.tr\/index.php\/wp-json\/wp\/v2\/product_cat?post=784897"},{"taxonomy":"product_tag","embeddable":true,"href":"https:\/\/roveyayinevi.com.tr\/index.php\/wp-json\/wp\/v2\/product_tag?post=784897"}],"curies":[{"name":"wp","href":"https:\/\/api.w.org\/{rel}","templated":true}]}}